{"id":39258,"date":"2019-12-12T13:01:58","date_gmt":"2019-12-12T13:01:58","guid":{"rendered":"https:\/\/www.urlaubcornwall.de\/blog\/?page_id=39258"},"modified":"2026-01-04T11:30:19","modified_gmt":"2026-01-04T11:30:19","slug":"legenden-und-mythen-schottlands-10-tage-rundreise","status":"publish","type":"page","link":"https:\/\/www.urlaubcornwall.de\/blog\/legenden-und-mythen-schottlands-10-tage-rundreise\/","title":{"rendered":"Legenden und Mythen Schottlands \u2013 10 Tage Rundreise"},"content":{"rendered":"<p><img loading=\"lazy\" class=\"aligncenter size-full wp-image-38895\" src=\"https:\/\/www.urlaubcornwall.de\/blog\/wp-content\/uploads\/2019\/10\/Eilean-Donan-Castle-Schottland.jpg\" alt=\"Eilean Donan Castle, Schottland\" width=\"746\" height=\"447\"\/><\/p>\n<p>Auf dieser neunt\u00e4gigen <a href=\"https:\/\/www.urlaubcornwall.de\/reiseziel\/schottland.php\">Schottland Selbstfahrertour<\/a> haben Sie die M\u00f6glichkeit dieses Land auf eine sehr ausf\u00fchrliche Art und Weise mit all seinen H\u00f6hepunkten wie Edinburgh, Royal Deeside, die Highlands, Isle of Skye, Loch Lomond und die Trossachs, kennenzulernen. Sie k\u00f6nnen die Kategorie Ihrer Unterkunft selbst w\u00e4hlen (Bronze-Silber-Gold). Selbstverst\u00e4ndlich sind auch individuelle Anfragen und Buchungen m\u00f6glich.<\/p>\n<p><strong>10 Tage \/ 9 N\u00e4chte &#8211;  ab\/bis Edinburgh<\/strong><\/p>\n<p>Highlights: Edinburgh, Royal Deeside, Cairngorms Nationalpark, Culloden, Inverness, Isle of Skye, Fort William, Glencoe<\/p>\n<p style=\"text-align: center;\"><a class=\"tidycta\" href=\"http:\/\/www.urlaubcornwall.de\/anfrage.php?tourcode=Tourcode:EEDHDLM\">Anfrage \/ Buchung<\/a><\/p>\n<p><strong>1. Tag: Edinburgh<\/strong> &#8211; Nachdem Sie am Flughafen angekommen sind, nehmen Sie den Mietwagen entgegen und starten Ihre Autoreise Schottland. Nachmittags k\u00f6nnten Sie die s\u00fcdlich von Edinburgh gelegene Rosslyn Chapel besichtigen, oder Edinburgh, die Hauptstadt Schottlands, erkunden. Um <a href=\"https:\/\/www.urlaubcornwall.de\/ferienhaeuser-fewos\/sco\/zentralschottland\/edinburgh.html\">Edinburgh<\/a>, insbesondere um die Altstadt, ranken sich viele mysteri\u00f6se Geschichten. So lebte zum Beispiel Major Weir, ein Hexer, am Grassmarket und pflegte seinen Spazierstock auf Boteng\u00e4nge zu schicken! Wir w\u00fcrden Ihnen vorschlagen sich einer der Geister Touren anzuschlie\u00dfen, die von dem City Chamber Geb\u00e4uden losgeht. Oder Sie besuchen die \u201eMary Kings Close\u201c, eine unterirdische Stra\u00dfe und einer der am meisten von Geistern heimgesuchter Ort in ganz Gro\u00dfbritannien! \u00dcbernachtung im Raum Edinburgh.<\/p>\n<p><strong>2. Tag: Edinburgh \u2013 Royal Deeside<\/strong> &#8211; Heute verlassen Sie Edinburgh und folgen der Beschilderung nach Perth. Ihre Selsbtfahrertour durch Schottland f\u00fchrt Sie auf der A94 zu Glamis Castle, was wohl als das am h\u00e4ufigsten von Geistern heimgesuchte Schloss Schottlands ist. Weiter geht es nach Norden zu den White Caterthuns und den braunen Caterthuns, zwei Ruinen von H\u00fcgelbefestigungen oder ehemaligen H\u00fcgeld\u00f6rfern, gleich n\u00f6rdlich der Hauptstrasse A90 gelegen. In der n\u00f6rdlichen Befestigungsmauer des White Caterthuns gibt es einen Zauberstein, der einen, bei Mondschein ber\u00fchrt, reich machen soll! In der N\u00e4he liegt auch Edzell Castle, in dem angeblich eine wei\u00dfe Dame spukt! Nun fahren Sie weiter \u00fcber die Cairn-o-Mount Stra\u00dfe B974 nach Royal Deeside. \u00dcbernachtung im Raum Royal Deeside.<\/p>\n<p><img loading=\"lazy\" class=\"aligncenter size-full wp-image-39259\" src=\"https:\/\/www.urlaubcornwall.de\/blog\/wp-content\/uploads\/2019\/12\/Legenden-Mythen-rundreise-10-tage.jpg\" alt=\"Legenden-Mythen-schottland-rundreise-10 tage\" width=\"748\" height=\"430\"\/><\/p>\n<p><strong>3. Tag: Royal Deeside \/ Aberdeenshire<\/strong> &#8211; Dieser Tag steht Ihnen zur freien Verf\u00fcgung. Falls Sie sich f\u00fcr Schl\u00f6sser und Burgen interessieren, so  sind Sie auf dem Castle Trail gut aufgehoben. Dieser verbindet auf einer L\u00e4nge von 400 Kilometern 19 prachtvolle Burgen und Schl\u00f6sser miteinander und l\u00e4dt zu einer spannenden Zeitreise in die Vergangenheit ein. Whiskyliebhabern legen wir die Region Speyside ans Herz, welche f\u00fcr seinen wunderbaren Whisky bekannt ist. Sie ist die Heimat von mehr als der H\u00e4lfte von Schottlands Malt Whiskybrennereien, und somit der ideal Ort, um mehr \u00fcber diese historische Kunst zu erfahren. \u00dcbernachtung wie am Vortag.<\/p>\n<p><strong>4. Tag: Royal Deeside \/ Aberdeenshire \u2013 Inverness<\/strong> &#8211; Bleiben Sie auf der A939 und fahren in n\u00f6rdlicher Richtung \u00fcber Dava Moor. Das Moor ist der Ort wo sich K\u00f6nig Macbeth mit den 3 Hexen getroffen hat, wie beschrieben in dem ber\u00fchmten Theaterst\u00fcck von Shakespeare. Nun folgen Sie der Beschilderung nach Inverness, bis Sie Culloden erreichen. Hier wurde die letzte Schlacht auf britischem Boden ausgetragen, wobei die englische Armee die Streitmacht der schottischen Jakobiner unter der F\u00fchrung von Bonnie Prince Charlie schlug. 2 \u00dcbernachtungen im Raum Inverness<\/p>\n<p><strong>5. Tag: Inverness<\/strong> &#8211; Von Inverness aus fahren Sie nach Norden \u00fcber die Black Isle. Die A832 f\u00fchrt Sie nach Fortrose, wo ein Denkmal des ber\u00fchmtesten schottischen Sehers aus dem 17. Jahrhundert, Braham Seer, steht. Er hat zum Beispiel die Ankunft der Eisenbahn im schottischen Hochland vorhergesagt. Leider erlitt er einen schrecklichen Tod, da er dank einer indiskreten Voraussage, in einem Teerfa\u00df verbrannt wurde. Dann geht es zur\u00fcck nach Inverness. \u00dcbernachtung wie am Vortag.<\/p>\n<p><strong>6. Tag: Inverness \u2013 Isle of Skye\/Kyle of Lochalsh <\/strong>&#8211; Heute fahren Sie auf Ihrer Selbstfahrertour Richtung S\u00fcden und somit automatisch am Loss Ness vorbei, wo Sie die <a href=\"https:\/\/www.urlaubcornwall.de\/blog\/top-10-wunderschoene-schottische-lochs-urlaubstipps-schottland\/\">Loch Ness<\/a> Ausstellung besuchen k\u00f6nnen. Hier k\u00f6nnen Sie das Ph\u00e4nomen von Loch Ness und seinem Monster genauer betrachten. Dann fahren Sie auf der A87 in Richtung Westen nach Invermoriston und weiter nach Skye \u00fcber die Br\u00fccke bei Kyle of Lochalsh. Folgen Sie der Beschilderung nach <a href=\"https:\/\/www.urlaubcornwall.de\/ferienhaeuser-fewos\/sco\/schottische-inseln\/portree.html\">Portree<\/a>. Hier wurde schon des \u00f6fteren auf der Hauptstra\u00dfe bei Sligachan ein Phantom-Auto gesichtet. Das Auto \u2013 ein Austin aus dem Jahre 1934! \u2013 n\u00e4hert sich von hinten, \u00fcberholt und verschwindet! \u00dcbernachtung im Raum <a href=\"https:\/\/www.urlaubcornwall.de\/ferienhaeuser-fewos\/sco\/schottische-inseln\/isle-of-skye.html\">Isle of Skye<\/a> \/ Kyle of Lochalsh.<\/p>\n<p><img loading=\"lazy\" class=\"aligncenter size-full wp-image-27951\" src=\"https:\/\/www.urlaubcornwall.de\/blog\/wp-content\/uploads\/2017\/06\/urlaub-skye.jpg\" alt=\" Isle of Skye schottland\" width=\"748\" height=\"402\"\/><\/p>\n<p><strong>7. Tag: Isle of Skye <\/strong>&#8211; Von Portree aus schlagen Sie einen Bogen in westlicher Richtung zum Dunvegan Castle, dem uralten Stammsitz der Clans MacLeod, der eine wichtige Rolle in der Sage von der Elfenfahne von Dunvegan spielt. Es gibt \u00dcberreste einer seidenen Flagge im Schloss, die aus dem 4. Jahrhundert sein k\u00f6nnte. Die Geschichte erz\u00e4hlt, dass diese Flagge von Elfen gen\u00e4ht wurde und von dem Clan MacLeod nur drei Mal zum Schutze in Anspruch genommen werden darf \u2013 bisher wurde sie zwei Mal benutzt. \u00dcbernachtung wie am Vortag.<\/p>\n<p><strong>8. Tag: Isle of Skye \u2013 Oban\/Fort William<\/strong> &#8211; Nehmen Sie die F\u00e4hre von Armadale nach Mallaig, welche bereits eingeschlossen ist. Auf dem Festland fahren Sie auf der B830 in Richtung S\u00fcden und erreichen Loch Morar, wo \u00e4hnliche unerkl\u00e4rbare Erscheinungen wie im <a href=\"https:\/\/www.urlaubcornwall.de\/ferienhaeuser-fewos\/sco\/nordschottland\/loch-ness.html\">Loch Ness<\/a> gesichtet wurden. Vielleicht sehen Sie ja \u201eMorag\u201c, das Monster das angeblich in diesem Loch lebt. Nun geht es weiter nach Fort William, wo Sie mehr \u00fcber die Geschichte dieser Gegend im Highland Museum entdecken k\u00f6nnen. Das Museum hat auch sein eigenes Gespenst \u2013 ein Kurator, der auf einer Schreibmachine tippt! Weiter geht es nach Oban. \u00dcbernachtung im Raum Oban (Die Gold-Kategorie \u00fcbernachtet in Fort William).<\/p>\n<p><strong>9. Tag Oban\/Fort William \u2013 Trossachs<\/strong> &#8211; Fahren Sie heute nach S\u00fcdwesten durch die unheimliche und sehr eindrucksvolle Gegend von Glencoe, und dann weiter \u00fcber Crianlachin und Lochearnhead nach <a href=\"https:\/\/www.urlaubcornwall.de\/ferienhaeuser-fewos\/sco\/zentralschottland\/callander.html\">Callander<\/a>, wo Sie das Rob Roy &#038; Trossachs Visitor Centre besichtigen k\u00f6nnen. Rob Roy war ein schottischer Volksheld, der in dieser Gegend gelebt hat und um den sich unz\u00e4hlige Geschichten ranken. \u00dcbernachtung im Raum Trossachs\/Loch Lomond.<\/p>\n<p><strong>10. Tag Trossachs \u2013 Edinburgh\/Glasgow<\/strong> &#8211; Erkunden Sie das Land von Rob Roy etwas mehr in dem Sie die A821 nach Loch Katrine und Aberfoyle in Richtung Westen nehmen. Doon Hill und die alte Kirche in Aberfoyle waren mit dem Pfarrer Robert Kirk assoziiert, der ber\u00fcchtigt f\u00fcr seinen Glauben an Elfen war. Da Robert der siebte Sohn war, war er angeblich mit hellseherischen F\u00e4higkeiten bedacht und hat sich \u00f6fters mit Elfen unterhalten. Eines Nachts in 1692 wurde er tot auf Doon Hill aufgefunden und lebt seitdem auf dem Berg als Gespenst. Man sagt, dass er in eine der hohen Fichten, die oben auf dem Berg w\u00e4chst, verwandelt wurde. Ein beschildeter Wanderweg f\u00fchrt bis zum Gipfel. Von hier k\u00f6nnen Sie \u00fcber die Autobahn Edinburgh schnell erreichen. Anschlie\u00dfend R\u00fcckflug und Ende Ihrer <a href=\"https:\/\/www.urlaubcornwall.de\/blog\/rundreisen-schottland\/\">Selbstfahrertour Schottland<\/a>.  <\/p>\n<p><strong>Folgende Unterkunftskategorien stehen zur Auswahl:<\/strong><\/p>\n<p>Bronze = Bed&#038;Breakfast Unterk\u00fcnfte und Inns (mit eigenem Bad)<\/p>\n<p>Silber = Mittelklassehotels<\/p>\n<p>Gold = gehobenere Unterk\u00fcnfte<\/p>\n<p><strong>Eingeschlossene Leistungen:<\/strong><\/p>\n<p>9 \u00dcbernachtungen in der gew\u00e4hlten Kategorie (Bronze, Silber oder Gold)<\/p>\n<p>T\u00e4gliches Fr\u00fchst\u00fcck<\/p>\n<p>F\u00e4hre Armadale &#8211; Mallaig<\/p>\n<p>1 Reisef\u00fchrer \u00fcber Schottland<\/p>\n<p><strong>Nicht eingeschlossene Leistungen:<\/strong><\/p>\n<p>Fl\u00fcge (bieten wir Ihnen gerne passend dazu an)<\/p>\n<p>Mietwagen (bieten wir Ihnen gerne passend an)<\/p>\n<p>Trinkgelder, Benzin, Eintritte<\/p>\n<p>Weitere Mahlzeiten<\/p>\n<p>T\u00e4glich m\u00f6glich!<\/p>\n<p>Preise 2026<\/p>\n<p>Bronze \u20ac 1.170,- pro Person im Doppelzimmer | \u20ac 1.430,- pro Person im Einzelzimmer (soweit verf\u00fcgbar) | \u20ac 270,- Kind (0-14 Jahre) im Zustellbett<\/p>\n<p>Silber &#8211; Preise saisonabh\u00e4ngig ab \u20ac 1.470,- pro Person im Doppelzimmer<\/p>\n<p>Gold-Kategorie, Einzel- &#038; Mehrbettzimmer auf Anfrage!<\/p>\n<p style=\"text-align: center;\"><a class=\"tidycta\" href=\"http:\/\/www.urlaubcornwall.de\/anfrage.php?tourcode=Tourcode:EEDHDLM\">Anfrage \/ Buchung<\/a><\/p>\n","protected":false},"excerpt":{"rendered":"<p>Auf dieser neunt\u00e4gigen Schottland Selbstfahrertour haben Sie die M\u00f6glichkeit dieses Land auf eine sehr ausf\u00fchrliche Art und Weise mit all seinen H\u00f6hepunkten wie Edinburgh, Royal Deeside, die Highlands, Isle of Skye, Loch Lomond und die Trossachs, kennenzulernen. Sie k\u00f6nnen die Kategorie Ihrer Unterkunft selbst w\u00e4hlen (Bronze-Silber-Gold). Selbstverst\u00e4ndlich sind auch individuelle Anfragen und Buchungen m\u00f6glich. 10 [&hellip;]<\/p>\n","protected":false},"author":1,"featured_media":0,"parent":0,"menu_order":0,"comment_status":"closed","ping_status":"closed","template":"single-four.php","meta":[],"acf":[],"yoast_head":"<!-- This site is optimized with the Yoast SEO plugin v19.4 - https:\/\/yoast.com\/wordpress\/plugins\/seo\/ -->\n<title>Legenden und Mythen Schottlands \u2013 10 Tage Rundreise - Urlaub &amp; Reisen<\/title>\n<meta name=\"robots\" content=\"index, follow, max-snippet:-1, max-image-preview:large, max-video-preview:-1\" \/>\n<link rel=\"canonical\" href=\"https:\/\/www.urlaubcornwall.de\/blog\/legenden-und-mythen-schottlands-10-tage-rundreise\/\" \/>\n<meta property=\"og:locale\" content=\"en_US\" \/>\n<meta property=\"og:type\" content=\"article\" \/>\n<meta property=\"og:title\" content=\"Legenden und Mythen Schottlands \u2013 10 Tage Rundreise - Urlaub &amp; Reisen\" \/>\n<meta property=\"og:description\" content=\"Auf dieser neunt\u00e4gigen Schottland Selbstfahrertour haben Sie die M\u00f6glichkeit dieses Land auf eine sehr ausf\u00fchrliche Art und Weise mit all seinen H\u00f6hepunkten wie Edinburgh, Royal Deeside, die Highlands, Isle of Skye, Loch Lomond und die Trossachs, kennenzulernen. Sie k\u00f6nnen die Kategorie Ihrer Unterkunft selbst w\u00e4hlen (Bronze-Silber-Gold). Selbstverst\u00e4ndlich sind auch individuelle Anfragen und Buchungen m\u00f6glich. 10 [&hellip;]\" \/>\n<meta property=\"og:url\" content=\"https:\/\/www.urlaubcornwall.de\/blog\/legenden-und-mythen-schottlands-10-tage-rundreise\/\" \/>\n<meta property=\"og:site_name\" content=\"Urlaub &amp; Reisen\" \/>\n<meta property=\"article:modified_time\" content=\"2026-01-04T11:30:19+00:00\" \/>\n<meta property=\"og:image\" content=\"https:\/\/www.urlaubcornwall.de\/blog\/wp-content\/uploads\/2019\/10\/Eilean-Donan-Castle-Schottland.jpg\" \/>\n<meta name=\"twitter:card\" content=\"summary\" \/>\n<meta name=\"twitter:label1\" content=\"Est. reading time\" \/>\n\t<meta name=\"twitter:data1\" content=\"7 minutes\" \/>\n<script type=\"application\/ld+json\" class=\"yoast-schema-graph\">{\"@context\":\"https:\/\/schema.org\",\"@graph\":[{\"@type\":\"WebSite\",\"@id\":\"https:\/\/www.urlaubcornwall.de\/blog\/#website\",\"url\":\"https:\/\/www.urlaubcornwall.de\/blog\/\",\"name\":\"Urlaub &amp; Reisen\",\"description\":\"Urlaub, Reisen, Cornwall und S\u00fcdengland: eine perfekte Kombination\",\"potentialAction\":[{\"@type\":\"SearchAction\",\"target\":{\"@type\":\"EntryPoint\",\"urlTemplate\":\"https:\/\/www.urlaubcornwall.de\/blog\/?s={search_term_string}\"},\"query-input\":\"required name=search_term_string\"}],\"inLanguage\":\"en-US\"},{\"@type\":\"WebPage\",\"@id\":\"https:\/\/www.urlaubcornwall.de\/blog\/legenden-und-mythen-schottlands-10-tage-rundreise\/\",\"url\":\"https:\/\/www.urlaubcornwall.de\/blog\/legenden-und-mythen-schottlands-10-tage-rundreise\/\",\"name\":\"Legenden und Mythen Schottlands \u2013 10 Tage Rundreise - Urlaub &amp; Reisen\",\"isPartOf\":{\"@id\":\"https:\/\/www.urlaubcornwall.de\/blog\/#website\"},\"datePublished\":\"2019-12-12T13:01:58+00:00\",\"dateModified\":\"2026-01-04T11:30:19+00:00\",\"breadcrumb\":{\"@id\":\"https:\/\/www.urlaubcornwall.de\/blog\/legenden-und-mythen-schottlands-10-tage-rundreise\/#breadcrumb\"},\"inLanguage\":\"en-US\",\"potentialAction\":[{\"@type\":\"ReadAction\",\"target\":[\"https:\/\/www.urlaubcornwall.de\/blog\/legenden-und-mythen-schottlands-10-tage-rundreise\/\"]}]},{\"@type\":\"BreadcrumbList\",\"@id\":\"https:\/\/www.urlaubcornwall.de\/blog\/legenden-und-mythen-schottlands-10-tage-rundreise\/#breadcrumb\",\"itemListElement\":[{\"@type\":\"ListItem\",\"position\":1,\"name\":\"Home\",\"item\":\"https:\/\/www.urlaubcornwall.de\/blog\/\"},{\"@type\":\"ListItem\",\"position\":2,\"name\":\"Legenden und Mythen Schottlands \u2013 10 Tage Rundreise\"}]}]}<\/script>\n<!-- \/ Yoast SEO plugin. -->","yoast_head_json":{"title":"Legenden und Mythen Schottlands \u2013 10 Tage Rundreise - Urlaub &amp; Reisen","robots":{"index":"index","follow":"follow","max-snippet":"max-snippet:-1","max-image-preview":"max-image-preview:large","max-video-preview":"max-video-preview:-1"},"canonical":"https:\/\/www.urlaubcornwall.de\/blog\/legenden-und-mythen-schottlands-10-tage-rundreise\/","og_locale":"en_US","og_type":"article","og_title":"Legenden und Mythen Schottlands \u2013 10 Tage Rundreise - Urlaub &amp; Reisen","og_description":"Auf dieser neunt\u00e4gigen Schottland Selbstfahrertour haben Sie die M\u00f6glichkeit dieses Land auf eine sehr ausf\u00fchrliche Art und Weise mit all seinen H\u00f6hepunkten wie Edinburgh, Royal Deeside, die Highlands, Isle of Skye, Loch Lomond und die Trossachs, kennenzulernen. Sie k\u00f6nnen die Kategorie Ihrer Unterkunft selbst w\u00e4hlen (Bronze-Silber-Gold). Selbstverst\u00e4ndlich sind auch individuelle Anfragen und Buchungen m\u00f6glich. 10 [&hellip;]","og_url":"https:\/\/www.urlaubcornwall.de\/blog\/legenden-und-mythen-schottlands-10-tage-rundreise\/","og_site_name":"Urlaub &amp; Reisen","article_modified_time":"2026-01-04T11:30:19+00:00","og_image":[{"url":"https:\/\/www.urlaubcornwall.de\/blog\/wp-content\/uploads\/2019\/10\/Eilean-Donan-Castle-Schottland.jpg"}],"twitter_card":"summary","twitter_misc":{"Est. reading time":"7 minutes"},"schema":{"@context":"https:\/\/schema.org","@graph":[{"@type":"WebSite","@id":"https:\/\/www.urlaubcornwall.de\/blog\/#website","url":"https:\/\/www.urlaubcornwall.de\/blog\/","name":"Urlaub &amp; Reisen","description":"Urlaub, Reisen, Cornwall und S\u00fcdengland: eine perfekte Kombination","potentialAction":[{"@type":"SearchAction","target":{"@type":"EntryPoint","urlTemplate":"https:\/\/www.urlaubcornwall.de\/blog\/?s={search_term_string}"},"query-input":"required name=search_term_string"}],"inLanguage":"en-US"},{"@type":"WebPage","@id":"https:\/\/www.urlaubcornwall.de\/blog\/legenden-und-mythen-schottlands-10-tage-rundreise\/","url":"https:\/\/www.urlaubcornwall.de\/blog\/legenden-und-mythen-schottlands-10-tage-rundreise\/","name":"Legenden und Mythen Schottlands \u2013 10 Tage Rundreise - Urlaub &amp; Reisen","isPartOf":{"@id":"https:\/\/www.urlaubcornwall.de\/blog\/#website"},"datePublished":"2019-12-12T13:01:58+00:00","dateModified":"2026-01-04T11:30:19+00:00","breadcrumb":{"@id":"https:\/\/www.urlaubcornwall.de\/blog\/legenden-und-mythen-schottlands-10-tage-rundreise\/#breadcrumb"},"inLanguage":"en-US","potentialAction":[{"@type":"ReadAction","target":["https:\/\/www.urlaubcornwall.de\/blog\/legenden-und-mythen-schottlands-10-tage-rundreise\/"]}]},{"@type":"BreadcrumbList","@id":"https:\/\/www.urlaubcornwall.de\/blog\/legenden-und-mythen-schottlands-10-tage-rundreise\/#breadcrumb","itemListElement":[{"@type":"ListItem","position":1,"name":"Home","item":"https:\/\/www.urlaubcornwall.de\/blog\/"},{"@type":"ListItem","position":2,"name":"Legenden und Mythen Schottlands \u2013 10 Tage Rundreise"}]}]}},"_links":{"self":[{"href":"https:\/\/www.urlaubcornwall.de\/blog\/wp-json\/wp\/v2\/pages\/39258"}],"collection":[{"href":"https:\/\/www.urlaubcornwall.de\/blog\/wp-json\/wp\/v2\/pages"}],"about":[{"href":"https:\/\/www.urlaubcornwall.de\/blog\/wp-json\/wp\/v2\/types\/page"}],"author":[{"embeddable":true,"href":"https:\/\/www.urlaubcornwall.de\/blog\/wp-json\/wp\/v2\/users\/1"}],"replies":[{"embeddable":true,"href":"https:\/\/www.urlaubcornwall.de\/blog\/wp-json\/wp\/v2\/comments?post=39258"}],"version-history":[{"count":6,"href":"https:\/\/www.urlaubcornwall.de\/blog\/wp-json\/wp\/v2\/pages\/39258\/revisions"}],"predecessor-version":[{"id":51914,"href":"https:\/\/www.urlaubcornwall.de\/blog\/wp-json\/wp\/v2\/pages\/39258\/revisions\/51914"}],"wp:attachment":[{"href":"https:\/\/www.urlaubcornwall.de\/blog\/wp-json\/wp\/v2\/media?parent=39258"}],"curies":[{"name":"wp","href":"https:\/\/api.w.org\/{rel}","templated":true}]}}