{"id":39229,"date":"2019-12-08T11:23:09","date_gmt":"2019-12-08T11:23:09","guid":{"rendered":"https:\/\/www.urlaubcornwall.de\/blog\/?page_id=39229"},"modified":"2024-05-26T12:41:19","modified_gmt":"2024-05-26T12:41:19","slug":"cowes-segelparadies-am-nordzipfel-der-insel-wight","status":"publish","type":"page","link":"https:\/\/www.urlaubcornwall.de\/blog\/cowes-segelparadies-am-nordzipfel-der-insel-wight\/","title":{"rendered":"Urlaub in Cowes &#8211; Segelparadies am Nordzipfel der Insel Wight"},"content":{"rendered":"<p><img loading=\"lazy\" class=\"aligncenter size-full wp-image-50206\" src=\"https:\/\/www.urlaubcornwall.de\/blog\/wp-content\/uploads\/2024\/05\/cowes-isle-of-wight.jpg\" alt=\"cowes isle of wight\" width=\"750\" height=\"500\" srcset=\"https:\/\/www.urlaubcornwall.de\/blog\/wp-content\/uploads\/2024\/05\/cowes-isle-of-wight.jpg 750w, https:\/\/www.urlaubcornwall.de\/blog\/wp-content\/uploads\/2024\/05\/cowes-isle-of-wight-300x200.jpg 300w\" sizes=\"(max-width: 750px) 100vw, 750px\" \/><\/p>\n<p>Cowes ist die Nummer Eins bez\u00fcglich aufstrebender Restaurants, Shops und Caf\u00e9s. Als <a href=\"https:\/\/www.urlaubcornwall.de\/ferienhaeuser-fewos\/eng\/isle-of-wight\/cowes.html\">Segelparadies am Nordzipfel der Insel<\/a>, bietet die Stadt wasserliebenden Besuchern und Touristen jede Menge zu sehen und zu tun. Die <a href=\"https:\/\/www.urlaubcornwall.de\/blog\/anreise-nach-die-isle-of-wight\/\">F\u00e4hre von Southampton<\/a> legt hier an, so dass Sie h\u00f6chstwahrscheinlich auf der Fahrt einen Blick auf die Stadt erhaschen und hoffentlich zur\u00fcckkommen, um mehr davon aufzunehmen.<\/p>\n<p>Eine Menge Besucher, die nach Cowes reisen, kommen zur Cowes Week: ein einw\u00f6chiges Segelfest auf der gesamten Insel; Gastgeber f\u00fcr einige der gr\u00f6\u00dften Namen der Segelwelt, zudem gibt es einige wundersch\u00f6ne Jachten zu bewundern und zu ersehnen. Cowes kommt es zugute, an der M\u00fcndung des Flusses Medina zu liegen. Jede Menge Boote fahren durch dies  Gew\u00e4sser hin und her. Finden Sie ein ruhiges Pl\u00e4tzchen, wo Sie sich niederlassen und dem Treiben zuschauen k\u00f6nnen oder nehmen Sie daran teil, indem Sie ihr eigenes Boot mieten. <\/p>\n<div class=\"snippet\"> <a class=\"featured-item\" href=\" https:\/\/www.urlaubcornwall.de\/ferienhaeuser-fewos\/isle-of-wight.html\"> <span class=\"image-holder\" style=\"background-image: url('https:\/\/www.urlaubcornwall.de\/blog\/wp-content\/uploads\/2018\/11\/landhaus-cornwall-1.jpg');\"><\/span> <span class=\"featured-content\"> \n<h2 class=\"featured-title\">Ferienh\u00e4user auf der Isle of Wight am Meer<\/h2>\n<p class=\"featured-body\">Bei uns finden Sie Ferienh\u00e4user zum Verlieben &#8211; so einfach ist das! Hier finden sie 150 pers\u00f6nlich inspizierten Ferienh\u00e4user &#038; Ferienwohnungen f\u00fcr Ihren Urlaub in Isle of Wight&#8230;..<\/p>\n<\/span> <span class=\"featured-link-holder\"> <span class=\"featured-extra-info\"> \n<p> F\u00fcr Paare, Familien &#038; Gruppen<\/p>\n<\/span> \n<p class=\"featured-link\">DETAILS<\/p>\n<\/span> <\/a><\/div>\n<p>Eine kurze F\u00e4hrfahrt \u00fcber den Fluss bringt Sie nach Ost-Cowes, die ruhigere Schwester von Cowes und Zuhause von K\u00f6nigin Victorias Sommerhaus, dem Osborne House. Es ist perfekt geeignet f\u00fcr einen Familienausflugstag, um die faszinierende Geschichte einer der am l\u00e4ngsten regierenden Monarchen Britanniens zu erkunden.<\/p>\n<p>Direkt s\u00fcdlich von Cowes gelegen, finden Sie Newport. Als gr\u00f6\u00dfte Stadt der Insel bietet Newport jede Menge zu tun: einkaufen, essen, trinken; zudem gibt es einige herrliche neue Pl\u00e4tze zu besuchen. Cowes ist ideal gelegen, um die kleineren St\u00e4dte <a href=\"https:\/\/www.urlaubcornwall.de\/ferienhaeuser-fewos\/eng\/isle-of-wight\/seaview.html\">Seaview<\/a>, <a href=\"https:\/\/www.urlaubcornwall.de\/ferienhaeuser-fewos\/eng\/isle-of-wight\/bembridge.html\">Bembridge<\/a> und St Helens im <a href=\"https:\/\/www.urlaubcornwall.de\/reiseziel\/isle-of-wight.php\">Osten der Insel<\/a> zu besuchen. <\/p>\n<p>F\u00fchlen Sie sich inspiriert? Schauen Sie sich doch <a href=\"https:\/\/www.urlaubcornwall.de\/ferienhaeuser-fewos\/eng\/isle-of-wight\/isle-of-wight.html\">unsere exklusive Sammlung an Cottages auf der Isle of Wight<\/a> an.<\/p>\n","protected":false},"excerpt":{"rendered":"<p>Cowes ist die Nummer Eins bez\u00fcglich aufstrebender Restaurants, Shops und Caf\u00e9s. Als Segelparadies am Nordzipfel der Insel, bietet die Stadt wasserliebenden Besuchern und Touristen jede Menge zu sehen und zu tun. Die F\u00e4hre von Southampton legt hier an, so dass Sie h\u00f6chstwahrscheinlich auf der Fahrt einen Blick auf die Stadt erhaschen und hoffentlich zur\u00fcckkommen, um [&hellip;]<\/p>\n","protected":false},"author":1,"featured_media":0,"parent":0,"menu_order":0,"comment_status":"closed","ping_status":"closed","template":"single-four.php","meta":[],"acf":[],"yoast_head":"<!-- This site is optimized with the Yoast SEO plugin v19.4 - https:\/\/yoast.com\/wordpress\/plugins\/seo\/ -->\n<title>Urlaub in Cowes - Segelparadies am Nordzipfel der Insel Wight - Urlaub &amp; Reisen<\/title>\n<meta name=\"robots\" content=\"index, follow, max-snippet:-1, max-image-preview:large, max-video-preview:-1\" \/>\n<link rel=\"canonical\" href=\"https:\/\/www.urlaubcornwall.de\/blog\/cowes-segelparadies-am-nordzipfel-der-insel-wight\/\" \/>\n<meta property=\"og:locale\" content=\"en_US\" \/>\n<meta property=\"og:type\" content=\"article\" \/>\n<meta property=\"og:title\" content=\"Urlaub in Cowes - Segelparadies am Nordzipfel der Insel Wight - Urlaub &amp; Reisen\" \/>\n<meta property=\"og:description\" content=\"Cowes ist die Nummer Eins bez\u00fcglich aufstrebender Restaurants, Shops und Caf\u00e9s. Als Segelparadies am Nordzipfel der Insel, bietet die Stadt wasserliebenden Besuchern und Touristen jede Menge zu sehen und zu tun. Die F\u00e4hre von Southampton legt hier an, so dass Sie h\u00f6chstwahrscheinlich auf der Fahrt einen Blick auf die Stadt erhaschen und hoffentlich zur\u00fcckkommen, um [&hellip;]\" \/>\n<meta property=\"og:url\" content=\"https:\/\/www.urlaubcornwall.de\/blog\/cowes-segelparadies-am-nordzipfel-der-insel-wight\/\" \/>\n<meta property=\"og:site_name\" content=\"Urlaub &amp; Reisen\" \/>\n<meta property=\"article:modified_time\" content=\"2024-05-26T12:41:19+00:00\" \/>\n<meta property=\"og:image\" content=\"https:\/\/www.urlaubcornwall.de\/blog\/wp-content\/uploads\/2024\/05\/cowes-isle-of-wight.jpg\" \/>\n<meta name=\"twitter:card\" content=\"summary\" \/>\n<meta name=\"twitter:label1\" content=\"Est. reading time\" \/>\n\t<meta name=\"twitter:data1\" content=\"2 minutes\" \/>\n<script type=\"application\/ld+json\" class=\"yoast-schema-graph\">{\"@context\":\"https:\/\/schema.org\",\"@graph\":[{\"@type\":\"WebSite\",\"@id\":\"https:\/\/www.urlaubcornwall.de\/blog\/#website\",\"url\":\"https:\/\/www.urlaubcornwall.de\/blog\/\",\"name\":\"Urlaub &amp; Reisen\",\"description\":\"Urlaub, Reisen, Cornwall und S\u00fcdengland: eine perfekte Kombination\",\"potentialAction\":[{\"@type\":\"SearchAction\",\"target\":{\"@type\":\"EntryPoint\",\"urlTemplate\":\"https:\/\/www.urlaubcornwall.de\/blog\/?s={search_term_string}\"},\"query-input\":\"required name=search_term_string\"}],\"inLanguage\":\"en-US\"},{\"@type\":\"WebPage\",\"@id\":\"https:\/\/www.urlaubcornwall.de\/blog\/cowes-segelparadies-am-nordzipfel-der-insel-wight\/\",\"url\":\"https:\/\/www.urlaubcornwall.de\/blog\/cowes-segelparadies-am-nordzipfel-der-insel-wight\/\",\"name\":\"Urlaub in Cowes - Segelparadies am Nordzipfel der Insel Wight - Urlaub &amp; Reisen\",\"isPartOf\":{\"@id\":\"https:\/\/www.urlaubcornwall.de\/blog\/#website\"},\"datePublished\":\"2019-12-08T11:23:09+00:00\",\"dateModified\":\"2024-05-26T12:41:19+00:00\",\"breadcrumb\":{\"@id\":\"https:\/\/www.urlaubcornwall.de\/blog\/cowes-segelparadies-am-nordzipfel-der-insel-wight\/#breadcrumb\"},\"inLanguage\":\"en-US\",\"potentialAction\":[{\"@type\":\"ReadAction\",\"target\":[\"https:\/\/www.urlaubcornwall.de\/blog\/cowes-segelparadies-am-nordzipfel-der-insel-wight\/\"]}]},{\"@type\":\"BreadcrumbList\",\"@id\":\"https:\/\/www.urlaubcornwall.de\/blog\/cowes-segelparadies-am-nordzipfel-der-insel-wight\/#breadcrumb\",\"itemListElement\":[{\"@type\":\"ListItem\",\"position\":1,\"name\":\"Home\",\"item\":\"https:\/\/www.urlaubcornwall.de\/blog\/\"},{\"@type\":\"ListItem\",\"position\":2,\"name\":\"Urlaub in Cowes &#8211; Segelparadies am Nordzipfel der Insel Wight\"}]}]}<\/script>\n<!-- \/ Yoast SEO plugin. -->","yoast_head_json":{"title":"Urlaub in Cowes - Segelparadies am Nordzipfel der Insel Wight - Urlaub &amp; Reisen","robots":{"index":"index","follow":"follow","max-snippet":"max-snippet:-1","max-image-preview":"max-image-preview:large","max-video-preview":"max-video-preview:-1"},"canonical":"https:\/\/www.urlaubcornwall.de\/blog\/cowes-segelparadies-am-nordzipfel-der-insel-wight\/","og_locale":"en_US","og_type":"article","og_title":"Urlaub in Cowes - Segelparadies am Nordzipfel der Insel Wight - Urlaub &amp; Reisen","og_description":"Cowes ist die Nummer Eins bez\u00fcglich aufstrebender Restaurants, Shops und Caf\u00e9s. Als Segelparadies am Nordzipfel der Insel, bietet die Stadt wasserliebenden Besuchern und Touristen jede Menge zu sehen und zu tun. Die F\u00e4hre von Southampton legt hier an, so dass Sie h\u00f6chstwahrscheinlich auf der Fahrt einen Blick auf die Stadt erhaschen und hoffentlich zur\u00fcckkommen, um [&hellip;]","og_url":"https:\/\/www.urlaubcornwall.de\/blog\/cowes-segelparadies-am-nordzipfel-der-insel-wight\/","og_site_name":"Urlaub &amp; Reisen","article_modified_time":"2024-05-26T12:41:19+00:00","og_image":[{"url":"https:\/\/www.urlaubcornwall.de\/blog\/wp-content\/uploads\/2024\/05\/cowes-isle-of-wight.jpg"}],"twitter_card":"summary","twitter_misc":{"Est. reading time":"2 minutes"},"schema":{"@context":"https:\/\/schema.org","@graph":[{"@type":"WebSite","@id":"https:\/\/www.urlaubcornwall.de\/blog\/#website","url":"https:\/\/www.urlaubcornwall.de\/blog\/","name":"Urlaub &amp; Reisen","description":"Urlaub, Reisen, Cornwall und S\u00fcdengland: eine perfekte Kombination","potentialAction":[{"@type":"SearchAction","target":{"@type":"EntryPoint","urlTemplate":"https:\/\/www.urlaubcornwall.de\/blog\/?s={search_term_string}"},"query-input":"required name=search_term_string"}],"inLanguage":"en-US"},{"@type":"WebPage","@id":"https:\/\/www.urlaubcornwall.de\/blog\/cowes-segelparadies-am-nordzipfel-der-insel-wight\/","url":"https:\/\/www.urlaubcornwall.de\/blog\/cowes-segelparadies-am-nordzipfel-der-insel-wight\/","name":"Urlaub in Cowes - Segelparadies am Nordzipfel der Insel Wight - Urlaub &amp; Reisen","isPartOf":{"@id":"https:\/\/www.urlaubcornwall.de\/blog\/#website"},"datePublished":"2019-12-08T11:23:09+00:00","dateModified":"2024-05-26T12:41:19+00:00","breadcrumb":{"@id":"https:\/\/www.urlaubcornwall.de\/blog\/cowes-segelparadies-am-nordzipfel-der-insel-wight\/#breadcrumb"},"inLanguage":"en-US","potentialAction":[{"@type":"ReadAction","target":["https:\/\/www.urlaubcornwall.de\/blog\/cowes-segelparadies-am-nordzipfel-der-insel-wight\/"]}]},{"@type":"BreadcrumbList","@id":"https:\/\/www.urlaubcornwall.de\/blog\/cowes-segelparadies-am-nordzipfel-der-insel-wight\/#breadcrumb","itemListElement":[{"@type":"ListItem","position":1,"name":"Home","item":"https:\/\/www.urlaubcornwall.de\/blog\/"},{"@type":"ListItem","position":2,"name":"Urlaub in Cowes &#8211; Segelparadies am Nordzipfel der Insel Wight"}]}]}},"_links":{"self":[{"href":"https:\/\/www.urlaubcornwall.de\/blog\/wp-json\/wp\/v2\/pages\/39229"}],"collection":[{"href":"https:\/\/www.urlaubcornwall.de\/blog\/wp-json\/wp\/v2\/pages"}],"about":[{"href":"https:\/\/www.urlaubcornwall.de\/blog\/wp-json\/wp\/v2\/types\/page"}],"author":[{"embeddable":true,"href":"https:\/\/www.urlaubcornwall.de\/blog\/wp-json\/wp\/v2\/users\/1"}],"replies":[{"embeddable":true,"href":"https:\/\/www.urlaubcornwall.de\/blog\/wp-json\/wp\/v2\/comments?post=39229"}],"version-history":[{"count":5,"href":"https:\/\/www.urlaubcornwall.de\/blog\/wp-json\/wp\/v2\/pages\/39229\/revisions"}],"predecessor-version":[{"id":50208,"href":"https:\/\/www.urlaubcornwall.de\/blog\/wp-json\/wp\/v2\/pages\/39229\/revisions\/50208"}],"wp:attachment":[{"href":"https:\/\/www.urlaubcornwall.de\/blog\/wp-json\/wp\/v2\/media?parent=39229"}],"curies":[{"name":"wp","href":"https:\/\/api.w.org\/{rel}","templated":true}]}}