{"id":39227,"date":"2019-12-08T10:58:09","date_gmt":"2019-12-08T10:58:09","guid":{"rendered":"https:\/\/www.urlaubcornwall.de\/blog\/?page_id=39227"},"modified":"2019-12-10T12:45:10","modified_gmt":"2019-12-10T12:45:10","slug":"freshwater-was-sie-waehrend-eines-urlaubs-auf-der-isle-of-wight-brauchen-koennten","status":"publish","type":"page","link":"https:\/\/www.urlaubcornwall.de\/blog\/freshwater-was-sie-waehrend-eines-urlaubs-auf-der-isle-of-wight-brauchen-koennten\/","title":{"rendered":"Freshwater was Sie w\u00e4hrend eines Urlaubs auf der Isle of Wight brauchen k\u00f6nnten."},"content":{"rendered":"<p><img loading=\"lazy\" class=\"aligncenter size-full wp-image-31854\" src=\"https:\/\/www.urlaubcornwall.de\/blog\/wp-content\/uploads\/2018\/01\/strandurlaub-isle-of-wight-mit-kindern.jpg\" alt=\"urlaub freshwater Isle of Wight\" width=\"749\" height=\"437\"\/><\/p>\n<p>Freshwater \u2013 Als eine der gr\u00f6\u00dften St\u00e4dte von West Wight, verf\u00fcgt Freshwater \u00fcber so gut wie alles, was Sie w\u00e4hrend eines <a href=\"https:\/\/www.urlaubcornwall.de\/reiseziel\/isle-of-wight.php\">Urlaubs auf der Isle of Wight<\/a> brauchen k\u00f6nnten. Es gibt jede Menge Speiselokale in und um die Stadt herum, sowie eine gute Auswahl an Gesch\u00e4ften, die es zu erkunden gilt. <\/p>\n<p><a href=\"https:\/\/www.urlaubcornwall.de\/ferienhaeuser-fewos\/eng\/isle-of-wight\/freshwater.html\">Freshwater<\/a> war einst Zuhause von Alfred Lord Tennyson und befindet sich sehr nahe an den Tennyson Downs, einem Wanderparadies. Freshwater ist ideal f\u00fcr diejenigen, die Aktivit\u00e4ten im Freien lieben, da es zudem einen 18-Loch Golfplatz gibt, sowie jede Menge M\u00f6glichkeiten, in der <a href=\"https:\/\/www.urlaubcornwall.de\/ferienhaeuser-fewos\/eng\/isle-of-wight\/freshwater-bay.html\">Freshwater Bucht<\/a>, direkt s\u00fcdlich der Stadt, aufs Wasser hinaus zu gehen. Die kleine Kieselbucht ist umringt von Kalkklippen und sch\u00e4tzungsweise eine der malerischsten Buchten der Insel. Es ist ein h\u00fcbsches Fleckchen, das Sie das ganze Jahr \u00fcber genie\u00dfen k\u00f6nnen.<\/p>\n<div class=\"snippet\"> <a class=\"featured-item\" href=\" https:\/\/www.urlaubcornwall.de\/ferienhaeuser-fewos\/isle-of-wight.html\"> <span class=\"image-holder\" style=\"background-image: url('https:\/\/www.urlaubcornwall.de\/blog\/wp-content\/uploads\/2018\/11\/landhaus-cornwall-1.jpg');\"><\/span> <span class=\"featured-content\"> \n<h2 class=\"featured-title\">Ferienh\u00e4user auf der Isle of Wight am Meer<\/h2>\n<p class=\"featured-body\">Bei uns finden Sie Ferienh\u00e4user zum Verlieben &#8211; so einfach ist das! Hier finden sie 150 pers\u00f6nlich inspizierten Ferienh\u00e4user &#038; Ferienwohnungen f\u00fcr Ihren Urlaub in Isle of Wight&#8230;..<\/p>\n<\/span> <span class=\"featured-link-holder\"> <span class=\"featured-extra-info\"> \n<p> F\u00fcr Paare, Familien &#038; Gruppen<\/p>\n<\/span> \n<p class=\"featured-link\">DETAILS<\/p>\n<\/span> <\/a><\/div>\n<p>Freshwater ist hervorragend positioniert, um den Westen der Insel zu erkunden. Die Needles sind weiter westlich der Stadt gelegen, und Yarmouth befindet sich ungef\u00e4hr zwei Meilen n\u00f6rdlich; herrlich, um die F\u00e4hre von <a href=\"https:\/\/www.urlaubcornwall.de\/ferienhaeuser-fewos\/eng\/hampshire\/lymington.html\">Lymington<\/a> zu nehmen. Yarmouth ist eine h\u00fcbsche Hafenstadt mit sogar noch mehr Speiselokalen als in Freshwater. Wenn Sie im Westen der Insel untergebracht sind, bedeutet dies nicht, dass Sie darauf verzichten m\u00fcssen, den Osten zu sehen. Die goldenen Str\u00e4nde von Shanklin, Sandown und Ventnor sind herrlich f\u00fcr Familien oder Hundebesitzer, und Segelfanatiker werden <a href=\"https:\/\/www.urlaubcornwall.de\/ferienhaeuser-fewos\/eng\/isle-of-wight\/cowes.html\">Cowes<\/a>, <a href=\"https:\/\/www.urlaubcornwall.de\/ferienhaeuser-fewos\/eng\/isle-of-wight\/bembridge.html\">Bembridge<\/a> und <a href=\"https:\/\/www.urlaubcornwall.de\/ferienhaeuser-fewos\/eng\/isle-of-wight\/seaview.html\">Seaview<\/a> aufgrund ihrer H\u00e4fen und dem eindrucksvollen Blick \u00fcber den Ozean w\u00e4hrend der Rennwochen lieben. <\/p>\n<p>F\u00fchlen Sie sich inspiriert? Schauen Sie sich doch <a href=\"https:\/\/www.urlaubcornwall.de\/ferienhaeuser-fewos\/eng\/isle-of-wight\/isle-of-wight.html\">unsere exklusive Sammlung an Cottages auf der Isle of Wight<\/a> an.<\/p>\n","protected":false},"excerpt":{"rendered":"<p>Freshwater \u2013 Als eine der gr\u00f6\u00dften St\u00e4dte von West Wight, verf\u00fcgt Freshwater \u00fcber so gut wie alles, was Sie w\u00e4hrend eines Urlaubs auf der Isle of Wight brauchen k\u00f6nnten. Es gibt jede Menge Speiselokale in und um die Stadt herum, sowie eine gute Auswahl an Gesch\u00e4ften, die es zu erkunden gilt. Freshwater war einst Zuhause [&hellip;]<\/p>\n","protected":false},"author":1,"featured_media":0,"parent":0,"menu_order":0,"comment_status":"closed","ping_status":"closed","template":"single-four.php","meta":[],"acf":[],"yoast_head":"<!-- This site is optimized with the Yoast SEO plugin v19.4 - https:\/\/yoast.com\/wordpress\/plugins\/seo\/ -->\n<title>Freshwater was Sie w\u00e4hrend eines Urlaubs auf der Isle of Wight brauchen k\u00f6nnten. - Urlaub &amp; Reisen<\/title>\n<meta name=\"robots\" content=\"index, follow, max-snippet:-1, max-image-preview:large, max-video-preview:-1\" \/>\n<link rel=\"canonical\" href=\"https:\/\/www.urlaubcornwall.de\/blog\/freshwater-was-sie-waehrend-eines-urlaubs-auf-der-isle-of-wight-brauchen-koennten\/\" \/>\n<meta property=\"og:locale\" content=\"en_US\" \/>\n<meta property=\"og:type\" content=\"article\" \/>\n<meta property=\"og:title\" content=\"Freshwater was Sie w\u00e4hrend eines Urlaubs auf der Isle of Wight brauchen k\u00f6nnten. - Urlaub &amp; Reisen\" \/>\n<meta property=\"og:description\" content=\"Freshwater \u2013 Als eine der gr\u00f6\u00dften St\u00e4dte von West Wight, verf\u00fcgt Freshwater \u00fcber so gut wie alles, was Sie w\u00e4hrend eines Urlaubs auf der Isle of Wight brauchen k\u00f6nnten. Es gibt jede Menge Speiselokale in und um die Stadt herum, sowie eine gute Auswahl an Gesch\u00e4ften, die es zu erkunden gilt. Freshwater war einst Zuhause [&hellip;]\" \/>\n<meta property=\"og:url\" content=\"https:\/\/www.urlaubcornwall.de\/blog\/freshwater-was-sie-waehrend-eines-urlaubs-auf-der-isle-of-wight-brauchen-koennten\/\" \/>\n<meta property=\"og:site_name\" content=\"Urlaub &amp; Reisen\" \/>\n<meta property=\"article:modified_time\" content=\"2019-12-10T12:45:10+00:00\" \/>\n<meta property=\"og:image\" content=\"https:\/\/www.urlaubcornwall.de\/blog\/wp-content\/uploads\/2018\/01\/strandurlaub-isle-of-wight-mit-kindern.jpg\" \/>\n<meta name=\"twitter:card\" content=\"summary\" \/>\n<meta name=\"twitter:label1\" content=\"Est. reading time\" \/>\n\t<meta name=\"twitter:data1\" content=\"2 minutes\" \/>\n<script type=\"application\/ld+json\" class=\"yoast-schema-graph\">{\"@context\":\"https:\/\/schema.org\",\"@graph\":[{\"@type\":\"WebSite\",\"@id\":\"https:\/\/www.urlaubcornwall.de\/blog\/#website\",\"url\":\"https:\/\/www.urlaubcornwall.de\/blog\/\",\"name\":\"Urlaub &amp; Reisen\",\"description\":\"Urlaub, Reisen, Cornwall und S\u00fcdengland: eine perfekte Kombination\",\"potentialAction\":[{\"@type\":\"SearchAction\",\"target\":{\"@type\":\"EntryPoint\",\"urlTemplate\":\"https:\/\/www.urlaubcornwall.de\/blog\/?s={search_term_string}\"},\"query-input\":\"required name=search_term_string\"}],\"inLanguage\":\"en-US\"},{\"@type\":\"WebPage\",\"@id\":\"https:\/\/www.urlaubcornwall.de\/blog\/freshwater-was-sie-waehrend-eines-urlaubs-auf-der-isle-of-wight-brauchen-koennten\/\",\"url\":\"https:\/\/www.urlaubcornwall.de\/blog\/freshwater-was-sie-waehrend-eines-urlaubs-auf-der-isle-of-wight-brauchen-koennten\/\",\"name\":\"Freshwater was Sie w\u00e4hrend eines Urlaubs auf der Isle of Wight brauchen k\u00f6nnten. - Urlaub &amp; Reisen\",\"isPartOf\":{\"@id\":\"https:\/\/www.urlaubcornwall.de\/blog\/#website\"},\"datePublished\":\"2019-12-08T10:58:09+00:00\",\"dateModified\":\"2019-12-10T12:45:10+00:00\",\"breadcrumb\":{\"@id\":\"https:\/\/www.urlaubcornwall.de\/blog\/freshwater-was-sie-waehrend-eines-urlaubs-auf-der-isle-of-wight-brauchen-koennten\/#breadcrumb\"},\"inLanguage\":\"en-US\",\"potentialAction\":[{\"@type\":\"ReadAction\",\"target\":[\"https:\/\/www.urlaubcornwall.de\/blog\/freshwater-was-sie-waehrend-eines-urlaubs-auf-der-isle-of-wight-brauchen-koennten\/\"]}]},{\"@type\":\"BreadcrumbList\",\"@id\":\"https:\/\/www.urlaubcornwall.de\/blog\/freshwater-was-sie-waehrend-eines-urlaubs-auf-der-isle-of-wight-brauchen-koennten\/#breadcrumb\",\"itemListElement\":[{\"@type\":\"ListItem\",\"position\":1,\"name\":\"Home\",\"item\":\"https:\/\/www.urlaubcornwall.de\/blog\/\"},{\"@type\":\"ListItem\",\"position\":2,\"name\":\"Freshwater was Sie w\u00e4hrend eines Urlaubs auf der Isle of Wight brauchen k\u00f6nnten.\"}]}]}<\/script>\n<!-- \/ Yoast SEO plugin. -->","yoast_head_json":{"title":"Freshwater was Sie w\u00e4hrend eines Urlaubs auf der Isle of Wight brauchen k\u00f6nnten. - Urlaub &amp; Reisen","robots":{"index":"index","follow":"follow","max-snippet":"max-snippet:-1","max-image-preview":"max-image-preview:large","max-video-preview":"max-video-preview:-1"},"canonical":"https:\/\/www.urlaubcornwall.de\/blog\/freshwater-was-sie-waehrend-eines-urlaubs-auf-der-isle-of-wight-brauchen-koennten\/","og_locale":"en_US","og_type":"article","og_title":"Freshwater was Sie w\u00e4hrend eines Urlaubs auf der Isle of Wight brauchen k\u00f6nnten. - Urlaub &amp; Reisen","og_description":"Freshwater \u2013 Als eine der gr\u00f6\u00dften St\u00e4dte von West Wight, verf\u00fcgt Freshwater \u00fcber so gut wie alles, was Sie w\u00e4hrend eines Urlaubs auf der Isle of Wight brauchen k\u00f6nnten. Es gibt jede Menge Speiselokale in und um die Stadt herum, sowie eine gute Auswahl an Gesch\u00e4ften, die es zu erkunden gilt. Freshwater war einst Zuhause [&hellip;]","og_url":"https:\/\/www.urlaubcornwall.de\/blog\/freshwater-was-sie-waehrend-eines-urlaubs-auf-der-isle-of-wight-brauchen-koennten\/","og_site_name":"Urlaub &amp; Reisen","article_modified_time":"2019-12-10T12:45:10+00:00","og_image":[{"url":"https:\/\/www.urlaubcornwall.de\/blog\/wp-content\/uploads\/2018\/01\/strandurlaub-isle-of-wight-mit-kindern.jpg"}],"twitter_card":"summary","twitter_misc":{"Est. reading time":"2 minutes"},"schema":{"@context":"https:\/\/schema.org","@graph":[{"@type":"WebSite","@id":"https:\/\/www.urlaubcornwall.de\/blog\/#website","url":"https:\/\/www.urlaubcornwall.de\/blog\/","name":"Urlaub &amp; Reisen","description":"Urlaub, Reisen, Cornwall und S\u00fcdengland: eine perfekte Kombination","potentialAction":[{"@type":"SearchAction","target":{"@type":"EntryPoint","urlTemplate":"https:\/\/www.urlaubcornwall.de\/blog\/?s={search_term_string}"},"query-input":"required name=search_term_string"}],"inLanguage":"en-US"},{"@type":"WebPage","@id":"https:\/\/www.urlaubcornwall.de\/blog\/freshwater-was-sie-waehrend-eines-urlaubs-auf-der-isle-of-wight-brauchen-koennten\/","url":"https:\/\/www.urlaubcornwall.de\/blog\/freshwater-was-sie-waehrend-eines-urlaubs-auf-der-isle-of-wight-brauchen-koennten\/","name":"Freshwater was Sie w\u00e4hrend eines Urlaubs auf der Isle of Wight brauchen k\u00f6nnten. - Urlaub &amp; Reisen","isPartOf":{"@id":"https:\/\/www.urlaubcornwall.de\/blog\/#website"},"datePublished":"2019-12-08T10:58:09+00:00","dateModified":"2019-12-10T12:45:10+00:00","breadcrumb":{"@id":"https:\/\/www.urlaubcornwall.de\/blog\/freshwater-was-sie-waehrend-eines-urlaubs-auf-der-isle-of-wight-brauchen-koennten\/#breadcrumb"},"inLanguage":"en-US","potentialAction":[{"@type":"ReadAction","target":["https:\/\/www.urlaubcornwall.de\/blog\/freshwater-was-sie-waehrend-eines-urlaubs-auf-der-isle-of-wight-brauchen-koennten\/"]}]},{"@type":"BreadcrumbList","@id":"https:\/\/www.urlaubcornwall.de\/blog\/freshwater-was-sie-waehrend-eines-urlaubs-auf-der-isle-of-wight-brauchen-koennten\/#breadcrumb","itemListElement":[{"@type":"ListItem","position":1,"name":"Home","item":"https:\/\/www.urlaubcornwall.de\/blog\/"},{"@type":"ListItem","position":2,"name":"Freshwater was Sie w\u00e4hrend eines Urlaubs auf der Isle of Wight brauchen k\u00f6nnten."}]}]}},"_links":{"self":[{"href":"https:\/\/www.urlaubcornwall.de\/blog\/wp-json\/wp\/v2\/pages\/39227"}],"collection":[{"href":"https:\/\/www.urlaubcornwall.de\/blog\/wp-json\/wp\/v2\/pages"}],"about":[{"href":"https:\/\/www.urlaubcornwall.de\/blog\/wp-json\/wp\/v2\/types\/page"}],"author":[{"embeddable":true,"href":"https:\/\/www.urlaubcornwall.de\/blog\/wp-json\/wp\/v2\/users\/1"}],"replies":[{"embeddable":true,"href":"https:\/\/www.urlaubcornwall.de\/blog\/wp-json\/wp\/v2\/comments?post=39227"}],"version-history":[{"count":3,"href":"https:\/\/www.urlaubcornwall.de\/blog\/wp-json\/wp\/v2\/pages\/39227\/revisions"}],"predecessor-version":[{"id":39242,"href":"https:\/\/www.urlaubcornwall.de\/blog\/wp-json\/wp\/v2\/pages\/39227\/revisions\/39242"}],"wp:attachment":[{"href":"https:\/\/www.urlaubcornwall.de\/blog\/wp-json\/wp\/v2\/media?parent=39227"}],"curies":[{"name":"wp","href":"https:\/\/api.w.org\/{rel}","templated":true}]}}