{"id":38630,"date":"2019-08-07T08:39:05","date_gmt":"2019-08-07T08:39:05","guid":{"rendered":"https:\/\/www.urlaubcornwall.de\/blog\/?page_id=38630"},"modified":"2021-11-14T14:27:18","modified_gmt":"2021-11-14T14:27:18","slug":"urlaub-in-st-helier-jersey","status":"publish","type":"page","link":"https:\/\/www.urlaubcornwall.de\/blog\/urlaub-in-st-helier-jersey\/","title":{"rendered":"Urlaub in St Helier, Jersey"},"content":{"rendered":"<p><img loading=\"lazy\" class=\"aligncenter size-full wp-image-36714\" src=\"https:\/\/www.urlaubcornwall.de\/blog\/wp-content\/uploads\/2019\/02\/gruppenreisen-jersey-kanalinseln.jpg\" alt=\"urlaub st helier jersey kanalinseln\" width=\"748\" height=\"441\"\/><\/p>\n<p>Der Royal Square von <a href=\"https:\/\/www.urlaubcornwall.de\/reiseziel\/kanalinseln\/jersey.php\">Jerseys<\/a> Hauptstadt, umgrenzt von Kastanienb\u00e4umen und granitenem Stra\u00dfenbelag k\u00f6nnte in jeder franz\u00f6sischen Stadt so in Erscheinung treten; in den sich anschlie\u00dfenden Str\u00e4\u00dfchen befinden sich Stra\u00dfencaf\u00e9s, Parf\u00fcmerien und Bars, die den ganzen Tag ge\u00f6ffnet haben. Doch es gibt auch Anzeichen daf\u00fcr, dass Jerseys n\u00e4chster Nachbar nicht immer freundlich war. Wenn Sie \u00fcber den Hafen hinaufschauen, so befindet sich dort die Festung Regent, die zwischen 1806 und 1814 erbaut wurde, als das napoleonische Frankreich bereit zu intervenieren schien. Es war eine versp\u00e4tete Befestigung, da die Franzosen bereits im Jahre 1781 versucht hatten, die Insel einzunehmen, und von der \u00f6rtlichen Miliz in der Schlacht von Jersey besiegt wurden. Die Festung beherbergt nun einen Freizeitkomplex und seine hoch aufragenden W\u00e4lle werden \u00fcberragt von einem modernen gew\u00f6lbten Dach.<\/p>\n<p>Auf dem felsigen Binnenland in der Bucht befindet sich eine fr\u00fchere Festung, die Burg Elizabeth aus dem 16. Jahrhundert. Sie wurde von Walter Raleigh, der auf Jersey von 1600 bis 1603 Regent war, nach Elizabeth 1. benannt. Die Burg wurde von George Carteret gegen Cromwell verteidigt, bis sie im Jahre 1651 \u00fcberw\u00e4ltigt wurde. Nach seiner Thronbesteigung erinnerte sich Charles 2. an Carterets Treue und gab ihm eine Provinz in Amerika, die er New Jersey nannte.<\/p>\n<p>Die Burg Elizabeth kann bei Ebbe \u00fcber einen Steg besucht werden. Sie beherbergt das Jersey Milit\u00e4rmuseum und \u00dcberbleibsel der deutschen Besatzung im Zweiten Weltkrieg.<\/p>\n<p style=\"text-align: center;\"><a class=\"tidycta\" href=\"https:\/\/www.urlaubcornwall.de\/blog\/spezialist-reisen-kanalinseln\/\">Urlaubsinspiration &#8211; zu den Kanalinseln Angeboten<\/a><\/p>\n","protected":false},"excerpt":{"rendered":"<p>Der Royal Square von Jerseys Hauptstadt, umgrenzt von Kastanienb\u00e4umen und granitenem Stra\u00dfenbelag k\u00f6nnte in jeder franz\u00f6sischen Stadt so in Erscheinung treten; in den sich anschlie\u00dfenden Str\u00e4\u00dfchen befinden sich Stra\u00dfencaf\u00e9s, Parf\u00fcmerien und Bars, die den ganzen Tag ge\u00f6ffnet haben. Doch es gibt auch Anzeichen daf\u00fcr, dass Jerseys n\u00e4chster Nachbar nicht immer freundlich war. Wenn Sie \u00fcber [&hellip;]<\/p>\n","protected":false},"author":1,"featured_media":0,"parent":0,"menu_order":0,"comment_status":"closed","ping_status":"closed","template":"single-four.php","meta":[],"acf":[],"yoast_head":"<!-- This site is optimized with the Yoast SEO plugin v19.4 - https:\/\/yoast.com\/wordpress\/plugins\/seo\/ -->\n<title>Urlaub in St Helier, Jersey - Urlaub &amp; Reisen<\/title>\n<meta name=\"description\" content=\"Der Royal Square von Jerseys Hauptstadt, umgrenzt von Kastanienb\u00e4umen und granitenem Stra\u00dfenbelag k\u00f6nnte in jeder franz\u00f6sischen Stadt\" \/>\n<meta name=\"robots\" content=\"index, follow, max-snippet:-1, max-image-preview:large, max-video-preview:-1\" \/>\n<link rel=\"canonical\" href=\"https:\/\/www.urlaubcornwall.de\/blog\/urlaub-in-st-helier-jersey\/\" \/>\n<meta property=\"og:locale\" content=\"en_US\" \/>\n<meta property=\"og:type\" content=\"article\" \/>\n<meta property=\"og:title\" content=\"Urlaub in St Helier, Jersey - Urlaub &amp; Reisen\" \/>\n<meta property=\"og:description\" content=\"Der Royal Square von Jerseys Hauptstadt, umgrenzt von Kastanienb\u00e4umen und granitenem Stra\u00dfenbelag k\u00f6nnte in jeder franz\u00f6sischen Stadt\" \/>\n<meta property=\"og:url\" content=\"https:\/\/www.urlaubcornwall.de\/blog\/urlaub-in-st-helier-jersey\/\" \/>\n<meta property=\"og:site_name\" content=\"Urlaub &amp; Reisen\" \/>\n<meta property=\"article:modified_time\" content=\"2021-11-14T14:27:18+00:00\" \/>\n<meta property=\"og:image\" content=\"https:\/\/www.urlaubcornwall.de\/blog\/wp-content\/uploads\/2019\/02\/gruppenreisen-jersey-kanalinseln.jpg\" \/>\n<meta name=\"twitter:card\" content=\"summary\" \/>\n<meta name=\"twitter:label1\" content=\"Est. reading time\" \/>\n\t<meta name=\"twitter:data1\" content=\"1 minute\" \/>\n<script type=\"application\/ld+json\" class=\"yoast-schema-graph\">{\"@context\":\"https:\/\/schema.org\",\"@graph\":[{\"@type\":\"WebSite\",\"@id\":\"https:\/\/www.urlaubcornwall.de\/blog\/#website\",\"url\":\"https:\/\/www.urlaubcornwall.de\/blog\/\",\"name\":\"Urlaub &amp; Reisen\",\"description\":\"Urlaub, Reisen, Cornwall und S\u00fcdengland: eine perfekte Kombination\",\"potentialAction\":[{\"@type\":\"SearchAction\",\"target\":{\"@type\":\"EntryPoint\",\"urlTemplate\":\"https:\/\/www.urlaubcornwall.de\/blog\/?s={search_term_string}\"},\"query-input\":\"required name=search_term_string\"}],\"inLanguage\":\"en-US\"},{\"@type\":\"WebPage\",\"@id\":\"https:\/\/www.urlaubcornwall.de\/blog\/urlaub-in-st-helier-jersey\/\",\"url\":\"https:\/\/www.urlaubcornwall.de\/blog\/urlaub-in-st-helier-jersey\/\",\"name\":\"Urlaub in St Helier, Jersey - Urlaub &amp; Reisen\",\"isPartOf\":{\"@id\":\"https:\/\/www.urlaubcornwall.de\/blog\/#website\"},\"datePublished\":\"2019-08-07T08:39:05+00:00\",\"dateModified\":\"2021-11-14T14:27:18+00:00\",\"description\":\"Der Royal Square von Jerseys Hauptstadt, umgrenzt von Kastanienb\u00e4umen und granitenem Stra\u00dfenbelag k\u00f6nnte in jeder franz\u00f6sischen Stadt\",\"breadcrumb\":{\"@id\":\"https:\/\/www.urlaubcornwall.de\/blog\/urlaub-in-st-helier-jersey\/#breadcrumb\"},\"inLanguage\":\"en-US\",\"potentialAction\":[{\"@type\":\"ReadAction\",\"target\":[\"https:\/\/www.urlaubcornwall.de\/blog\/urlaub-in-st-helier-jersey\/\"]}]},{\"@type\":\"BreadcrumbList\",\"@id\":\"https:\/\/www.urlaubcornwall.de\/blog\/urlaub-in-st-helier-jersey\/#breadcrumb\",\"itemListElement\":[{\"@type\":\"ListItem\",\"position\":1,\"name\":\"Home\",\"item\":\"https:\/\/www.urlaubcornwall.de\/blog\/\"},{\"@type\":\"ListItem\",\"position\":2,\"name\":\"Urlaub in St Helier, Jersey\"}]}]}<\/script>\n<!-- \/ Yoast SEO plugin. -->","yoast_head_json":{"title":"Urlaub in St Helier, Jersey - Urlaub &amp; Reisen","description":"Der Royal Square von Jerseys Hauptstadt, umgrenzt von Kastanienb\u00e4umen und granitenem Stra\u00dfenbelag k\u00f6nnte in jeder franz\u00f6sischen Stadt","robots":{"index":"index","follow":"follow","max-snippet":"max-snippet:-1","max-image-preview":"max-image-preview:large","max-video-preview":"max-video-preview:-1"},"canonical":"https:\/\/www.urlaubcornwall.de\/blog\/urlaub-in-st-helier-jersey\/","og_locale":"en_US","og_type":"article","og_title":"Urlaub in St Helier, Jersey - Urlaub &amp; Reisen","og_description":"Der Royal Square von Jerseys Hauptstadt, umgrenzt von Kastanienb\u00e4umen und granitenem Stra\u00dfenbelag k\u00f6nnte in jeder franz\u00f6sischen Stadt","og_url":"https:\/\/www.urlaubcornwall.de\/blog\/urlaub-in-st-helier-jersey\/","og_site_name":"Urlaub &amp; Reisen","article_modified_time":"2021-11-14T14:27:18+00:00","og_image":[{"url":"https:\/\/www.urlaubcornwall.de\/blog\/wp-content\/uploads\/2019\/02\/gruppenreisen-jersey-kanalinseln.jpg"}],"twitter_card":"summary","twitter_misc":{"Est. reading time":"1 minute"},"schema":{"@context":"https:\/\/schema.org","@graph":[{"@type":"WebSite","@id":"https:\/\/www.urlaubcornwall.de\/blog\/#website","url":"https:\/\/www.urlaubcornwall.de\/blog\/","name":"Urlaub &amp; Reisen","description":"Urlaub, Reisen, Cornwall und S\u00fcdengland: eine perfekte Kombination","potentialAction":[{"@type":"SearchAction","target":{"@type":"EntryPoint","urlTemplate":"https:\/\/www.urlaubcornwall.de\/blog\/?s={search_term_string}"},"query-input":"required name=search_term_string"}],"inLanguage":"en-US"},{"@type":"WebPage","@id":"https:\/\/www.urlaubcornwall.de\/blog\/urlaub-in-st-helier-jersey\/","url":"https:\/\/www.urlaubcornwall.de\/blog\/urlaub-in-st-helier-jersey\/","name":"Urlaub in St Helier, Jersey - Urlaub &amp; Reisen","isPartOf":{"@id":"https:\/\/www.urlaubcornwall.de\/blog\/#website"},"datePublished":"2019-08-07T08:39:05+00:00","dateModified":"2021-11-14T14:27:18+00:00","description":"Der Royal Square von Jerseys Hauptstadt, umgrenzt von Kastanienb\u00e4umen und granitenem Stra\u00dfenbelag k\u00f6nnte in jeder franz\u00f6sischen Stadt","breadcrumb":{"@id":"https:\/\/www.urlaubcornwall.de\/blog\/urlaub-in-st-helier-jersey\/#breadcrumb"},"inLanguage":"en-US","potentialAction":[{"@type":"ReadAction","target":["https:\/\/www.urlaubcornwall.de\/blog\/urlaub-in-st-helier-jersey\/"]}]},{"@type":"BreadcrumbList","@id":"https:\/\/www.urlaubcornwall.de\/blog\/urlaub-in-st-helier-jersey\/#breadcrumb","itemListElement":[{"@type":"ListItem","position":1,"name":"Home","item":"https:\/\/www.urlaubcornwall.de\/blog\/"},{"@type":"ListItem","position":2,"name":"Urlaub in St Helier, Jersey"}]}]}},"_links":{"self":[{"href":"https:\/\/www.urlaubcornwall.de\/blog\/wp-json\/wp\/v2\/pages\/38630"}],"collection":[{"href":"https:\/\/www.urlaubcornwall.de\/blog\/wp-json\/wp\/v2\/pages"}],"about":[{"href":"https:\/\/www.urlaubcornwall.de\/blog\/wp-json\/wp\/v2\/types\/page"}],"author":[{"embeddable":true,"href":"https:\/\/www.urlaubcornwall.de\/blog\/wp-json\/wp\/v2\/users\/1"}],"replies":[{"embeddable":true,"href":"https:\/\/www.urlaubcornwall.de\/blog\/wp-json\/wp\/v2\/comments?post=38630"}],"version-history":[{"count":3,"href":"https:\/\/www.urlaubcornwall.de\/blog\/wp-json\/wp\/v2\/pages\/38630\/revisions"}],"predecessor-version":[{"id":43834,"href":"https:\/\/www.urlaubcornwall.de\/blog\/wp-json\/wp\/v2\/pages\/38630\/revisions\/43834"}],"wp:attachment":[{"href":"https:\/\/www.urlaubcornwall.de\/blog\/wp-json\/wp\/v2\/media?parent=38630"}],"curies":[{"name":"wp","href":"https:\/\/api.w.org\/{rel}","templated":true}]}}