{"id":38383,"date":"2019-05-07T09:00:43","date_gmt":"2019-05-07T09:00:43","guid":{"rendered":"https:\/\/www.urlaubcornwall.de\/blog\/?page_id=38383"},"modified":"2024-04-29T15:19:21","modified_gmt":"2024-04-29T15:19:21","slug":"die-schoensten-straende-in-norfolk-east-anglia","status":"publish","type":"page","link":"https:\/\/www.urlaubcornwall.de\/blog\/die-schoensten-straende-in-norfolk-east-anglia\/","title":{"rendered":"Die sch\u00f6nsten Str\u00e4nde in Norfolk &#8211; East Anglia"},"content":{"rendered":"<p><a href=\"https:\/\/www.urlaubcornwall.de\/blog\/wp-content\/uploads\/2024\/03\/norfolk-coasts.jpg\"><img loading=\"lazy\" src=\"https:\/\/www.urlaubcornwall.de\/blog\/wp-content\/uploads\/2024\/03\/norfolk-coasts.jpg\" alt=\"norfolk strand\" width=\"750\" height=\"500\" class=\"alignnone size-full wp-image-47997\" srcset=\"https:\/\/www.urlaubcornwall.de\/blog\/wp-content\/uploads\/2024\/03\/norfolk-coasts.jpg 750w, https:\/\/www.urlaubcornwall.de\/blog\/wp-content\/uploads\/2024\/03\/norfolk-coasts-300x200.jpg 300w\" sizes=\"(max-width: 750px) 100vw, 750px\" \/><\/a><\/p>\n<p><a href=\"https:\/\/www.urlaubcornwall.de\/ferienhaeuser-fewos\/eng\/norfolk\/norfolk.html\">Norfolk<\/a> hat eine mehr als 72km lange K\u00fcste in einem Gebiet besonderer Natursch\u00f6nheit. Es gibt viele feinsandige Str\u00e4nde, einige davon abgelegen und unber\u00fchrt, andere in beliebten Meeresorten wie Great Yarmouth. Vom Gorleston Beach im S\u00fcden bis hin zu <a href=\"https:\/\/www.urlaubcornwall.de\/ferienhaeuser-fewos\/eng\/norfolk\/snettisham.html\">Snettisham<\/a> an der Grenze zu <a href=\"https:\/\/www.urlaubcornwall.de\/ferienhaeuser-fewos\/eng\/lincolnshire\/lincolnshire.html\">Lincolnshire<\/a> hat dieser Teil von UKs K\u00fcste jedermann etwas zu bieten und stellt einen herrlichen Aufenthaltsort dar f\u00fcr Urlaub oder einen Kurzurlaub am Meer.<\/p>\n<p><strong>1. Gorleston Beach, Great Yarmouth &#8211;<\/strong> Mit mehr als 3km sauberem goldenen Sand befindet sich der Gorleston Beach in einer riesigen Bucht mit grasbewachsenen Klippen an einem Ende und einer Promenade, die am Strand entlangf\u00fchrt. Dieser herrliche Strand ist ein Favorit bei Familien und ebenso einer der besten Orte in der N\u00e4he von Great Yarmouth zum Windsurfen, Surfen und Body-Boarding. Gorleston Beach hat eine Menge Vergn\u00fcgungsm\u00f6glichkeiten f\u00fcr die gesamte Familie.<\/p>\n<p>Einschr\u00e4nkungen f\u00fcr Hunde gelten von Ostern \u2013 September.<\/p>\n<p><strong>2. Great Yarmouth Beaches, Great Yarmouth &#8211;<\/strong> Die Meeresstadt Great Yarmouth ist <a href=\"https:\/\/www.urlaubcornwall.de\/ferienhaeuser-fewos\/eng\/norfolk\/norfolk.html\">Norfolks Top Urlaubsort<\/a> und hat kilometerlange Sandstr\u00e4nde. Es gibt in Great Yarmouth 2 Piere; Britannia Pier und Wellington Pier. Beide wurden urspr\u00fcnglich im 19. Jahrhundert gebaut, wurden jedoch sp\u00e4ter ersetzt und modernisiert. <\/p>\n<p><strong>3. Great Yarmouths Zentralstrand &#8211;<\/strong> ist ein herrlicher Sandstrand zwischen dem Britannia und dem Wellington Pier, der sich an die Marine Parade anschlie\u00dft. Er ist bei Familien beliebt, und im Sommer findet eine breite Vielfalt an Unterhaltungsprogrammen am Strand statt. Die Promenade, die am Strand entlang geht, ist voller Gesch\u00e4fte und Caf\u00e9s; Liegest\u00fchle k\u00f6nnen geliehen werden, und es sind auch Strandrollst\u00fchle erh\u00e4ltlich. Vom Britannia Pier aus gibt es Bootsfahrten, um Robben zu sehen. <\/p>\n<p>Hunde sind am Zentralstrand nicht gestattet.<\/p>\n<p><strong>4. <a href=\"https:\/\/www.urlaubcornwall.de\/ferienhaeuser-fewos\/eng\/norfolk\/caister-on-sea.html\">Casiter Point Beach, Great Yarmouth<\/a> &#8211;<\/strong> Einen kurzen Spaziergang von Great Yarmouth entfernt, ist dieser lange Sandstrand ruhiger als einige der nahe gelegenen Str\u00e4nde. 2,5km vor dem Ufer liegend, k\u00f6nnen Sie die Scroby Sands Wind Farm sehen. <\/p>\n<p>Hunde sind am Strand das ganze Jahr \u00fcber erlaubt.<\/p>\n<p><strong>5. <a href=\"https:\/\/www.urlaubcornwall.de\/ferienhaeuser-fewos\/eng\/norfolk\/winterton-on-sea.html\">Winterton-on-Sea<\/a>, Great Yarmouth &#8211;<\/strong> Der Strand bei Winterton-on-Sea ist von feingoldenem Sand bedeckt und hat im Hintergrund die besten Sandd\u00fcnen Norfolks. Es ist ein beliebter, doch niemals \u00fcberlaufener Strand, weil es so viel Platz gibt. Es ist ein Paradies f\u00fcr Tierleben, und entlang des Strandes befindet sich das Winterton Dunes Nationale Naturreservat, und am Nordende des Strandes lebt eine Kolonie von Robben, die regelm\u00e4\u00dfig beim Sonnenbaden im Sand beobachtet werden k\u00f6nnen.<\/p>\n<p>Hunde sind das ganze Jahr \u00fcber erlaubt.<\/p>\n<div class=\"snippet\"> <a class=\"featured-item\" href=\"https:\/\/www.urlaubcornwall.de\/ferienhaeuser-fewos\/eng\/norfolk\/norfolk.html\"> <span class=\"image-holder\" style=\"background-image: url('https:\/\/www.urlaubcornwall.de\/blog\/wp-content\/uploads\/2018\/12\/ferienhaus-cornwall-mit-hund.jpg');\"><\/span> <span class=\"featured-content\"> \n<h2 class=\"featured-title\">Ferienh\u00e4user in East Anglia<\/h2>\n<p class=\"featured-body\">Bei uns finden Sie Ferienh\u00e4user zum Verlieben &#8211; so einfach ist das! Dank seiner langen Geschichte, der reizvollen Landschaften und seinen vielen Attraktionen ist East Anglia ein wahres Mekka f\u00fcr Urlauber&#8230;..<\/p><\/span> <span class=\"featured-link-holder\"> <span class=\"featured-extra-info\"> \n<p>Pers\u00f6nlich inspizierter Ferienh\u00e4user<\/p>\n<\/span> \n<p class=\"featured-link\">DETAILS<\/p>\n<\/span> <\/a><\/div>\n<p><strong>6. Horsey Beach, Great Yarmouth &#8211;<\/strong> Der wilde, unber\u00fchrte Sandstrand bei Horsey hat im Hintergrund einige der gr\u00f6\u00dften Sandd\u00fcnen der Ostk\u00fcste; selbst in der Sommerhochsaison ist er niemals \u00fcberlaufen. Eine der Hauptattraktionen bei Horsey sind die Robben. Von November bis Januar kommen Seehunde an den Strand, um zu geb\u00e4ren. Den Rest des Jahres \u00fcber k\u00f6nnen Sie sie im Meer direkt vor dem Strand sehen. Direkt hinter dem Strand in den Wasserstra\u00dfen befindet sich die Horsey Windpump, die im Besitz des National Trust ist \u2013 das ikonische Geb\u00e4ude ist von Juli- November der \u00d6ffentlichkeit zug\u00e4nglich.<\/p>\n<p>Hunde sind am Strand das ganze Jahr \u00fcber erlaubt, doch ist es besser, sie nicht w\u00e4hrend der Wintermonate mitzubringen, da sie die Seehunde st\u00f6ren k\u00f6nnten.<\/p>\n<p><strong>7. Happisburgh Beach, North Walsham &#8211;<\/strong> Happisburgh wird \u2018haze-bruh\u2019 ausgesprochen. Dieser fantastische Sandstrand bietet Zuhause dem ikonischen rotwei\u00dfen Leuchtturm, der sich seit 1790 hier befindet. Es ist der \u00e4lteste, noch immer in Betrieb sich befindliche Leuchtturm des UK. Sie k\u00f6nnen die 96 Stufen hinaufsteigen, um einen besseren Blick \u00fcber den Strand und das Dorf zu erhalten. Happisburgh hatte immer schon Problem mit K\u00fcstenerosion, doch das Treiben von Meer und Wind hat eine wundersch\u00f6ne und unber\u00fchrte Bucht hinterlassen mit erstaunlichem Blick zum malerischen Leuchtturm hin. <\/p>\n<p>Hunde sind das ganze Jahr \u00fcber erlaubt.<\/p>\n<p><strong>8. Mundesley, North Walsham &#8211;<\/strong> Er gilt als einer von Norfolks besten Str\u00e4nden. Mundesley ist ein langer Sandstrand mit <a href=\"https:\/\/www.urlaubcornwall.de\/ferienhaeuser-fewos\/eng\/norfolk\/north-walsham.html\">einer Promenade mit bunten Strandh\u00fctten im Hintergrund<\/a>. Er ist beliebt zum Schwimmen, Angeln und Kajakfahren. An den Klippen hinter dem Strand befinden sich h\u00fcbsche G\u00e4rten, sowie das Mundesley Maritime Museum, das das kleinste Museum im UK sein soll. Mit seinem spektakul\u00e4ren Blick \u00fcber das Meer wurde es urspr\u00fcnglich als Ausguck der K\u00fcstenwache gebaut.<\/p>\n<p>Einschr\u00e4nkungen f\u00fcr Hunde gelten von Ostern \u2013 September.<\/p>\n<p><strong>9. Cromer Beach, Cromer &#8211;<\/strong> Der <a href=\"https:\/\/www.urlaubcornwall.de\/ferienhaeuser-fewos\/eng\/norfolk\/cromer.html\">viktorianische Badeort Cromer<\/a> hat unber\u00fchrten Sand, Kalkklippen und einen Pier mit Theater und G\u00e4rten. Der Strand ist beliebt zum Schwimmen, Kajakfahren und Angeln. Der Fischfang ist f\u00fcr die Stadt wichtig, und Cromer ist bekannt f\u00fcr die Qualit\u00e4t der Krabben, die hier gefangen werden.<\/p>\n<p>Einschr\u00e4nkungen f\u00fcr Hunde gelten von Ostern \u2013 September.<\/p>\n<p><strong>10. Sheringham Beach, Sheringham &#8211;<\/strong> <a href=\"https:\/\/www.urlaubcornwall.de\/ferienhaeuser-fewos\/eng\/norfolk\/sheringham.html\">Sheringham war einst ein winziges Fischerdorf<\/a>. Bei Ebbe gibt es am Strand jede Menge Sand, sowie Felsenpools zu erkunden. Entlang der Promenade befinden sich bunte Strandh\u00fctten, Caf\u00e9s und eine Dampfeisenbahn, die North Norfolk Railway; die von Holt nach Sheringham der K\u00fcste entlang verl\u00e4uft. <\/p>\n<p>Einschr\u00e4nkungen f\u00fcr Hunde gelten von Ostern bis Ende September.<\/p>\n<p><strong>11. Cley Beach, Cley-next-the-Sea &#8211;<\/strong> Cley Beach ist ein Kieselstrand direkt au\u00dferhalb des urigen <a href=\"https:\/\/www.urlaubcornwall.de\/ferienhaeuser-fewos\/eng\/norfolk\/cley.html\">Dorfes Cley-next-the Sea<\/a>. Dieser Strand ist ein Naturreservat mit wundervollem Blick entlang der K\u00fcste, und wenn Sie entlanggehen Richtung Blakeney Point k\u00f6nnen Sie die Robbenkolonie sehen, die hier lebt. Das nahe gelegene Cley Sumpfgebiet ist einer der besten Orte des Landes, um V\u00f6gel zu beobachten.<\/p>\n<p>Hunde sind das ganze Jahr \u00fcber erlaubt.<\/p>\n<p><strong>12. Holkham Beach, Wells next the Sea &#8211;<\/strong> Holkham Beach ist einer der feinsten Str\u00e4nde in Norfolk, wenn nicht in England. Diese gro\u00dfe Ausdehnung an Sand erstreckt sich \u00fcber Kilometer und hat im Hintergrund Sandd\u00fcnen und Kiefernw\u00e4lder. Der Strand ist ein Paradies f\u00fcr Tierleben und Teil des nationalen Naturreservats. Die nat\u00fcrliche Sch\u00f6nheit des Holkham Beach hat dazu gef\u00fchrt, dass er in vielen Filmen auftaucht, bekanntester Weise in den Schlussszenen von \u2018Shakespeare in Love\u2019. Teile des Strandes sind Nacktbadestrand, doch FKK ist untersagt in den Sandd\u00fcnen hinter dem Strand.<\/p>\n<p>Hunde sind in bestimmten Teilen des Strandes nicht erlaubt.<\/p>\n<p><strong>13. Brancaster Beach, Hunstanton &#8211;<\/strong> Brancaster Beach ist ein Favorit bei Familien; diese gro\u00dfe Ausdehnung goldenen Sandes ist Teil des Guts Brancaster des National Trusts. Es ist das ganze Jahr \u00fcber beliebt; es gibt jede Menge Platz f\u00fcr sommerliche Picknicks, Winterspazierg\u00e4nge, Drachensurfen und Windsurfen. Es ist auch ein idealer Strand f\u00fcr Hundespazierg\u00e4nge. Dieser ikonische K\u00fcstenabschnitt mit seinen gezeitenabh\u00e4ngigen Salzs\u00fcmpfen ist reich an Tierleben.<\/p>\n<p>Hunde sind das ganze Jahr \u00fcber gestattet.<\/p>\n<p><strong>14. Hunstanton Beach, Hunstanton &#8211;<\/strong> Hunsatanton ist der einzige, nach Westen hin gelegene Urlaubsort an der Ostk\u00fcste Englands, was ihn vor Meeresbrisen sch\u00fctzt und ein gro\u00dfartiger Ort ist, um den Sonnenuntergang zu beobachten. Der <a href=\"https:\/\/www.urlaubcornwall.de\/ferienhaeuser-fewos\/eng\/norfolk\/hunstanton.html\">charmante viktorianische Urlaubsort Hunstanton<\/a> reicht zur\u00fcck ins Jahr 1846 und hat mit seinen Esplanade Gardens den Charme vergangener Zeiten. Die Promenade bietet dem Sea Life Sanctuary samt Robbenkrankenhaus ein Zuhause. Der Strand bei Old Hunstanton ist sandig und ruhiger als der Hauptstrand und hat die bekannten pink-wei\u00df gestreiften Klippen.  <\/p>\n<p>Hunde sind w\u00e4hrend der Sommermonate nicht gestattet.<\/p>\n<p><strong>15. Snettisham Beach, Hunstanton &#8211;<\/strong> Der gro\u00dfe <a href=\"https:\/\/www.urlaubcornwall.de\/ferienhaeuser-fewos\/eng\/norfolk\/hunstanton.html\">Sandstrand von Hunstanton<\/a> ist ein weiterer von Norfolks nach Westen hin ausgerichteten Str\u00e4nden, was so viel bedeutet, dass er die besten Sonnenunterg\u00e4nge der Grafschaft hat. Dieser unber\u00fchrte Strand ist Paradies f\u00fcr watende V\u00f6gel, und viele Variationen k\u00f6nnen Sie dort sehen. Der Strand ist niemals \u00fcberf\u00fcllt und beliebt bei Fotografen.<br \/>\nHunde sind das ganze Jahr \u00fcber am Strand gestattet.<\/p>\n<p><strong>Ferienh\u00e4user, Cottages &amp; Ferienwohnungen in Norfolk am Meer f\u00fcr Ihren Urlaub mit Selbstverpflegung in East Anglia<\/strong><\/p>\n<p style=\"text-align: center;\"><a class=\"tidycta\"  href=\"https:\/\/www.urlaubcornwall.de\/ferienhaeuser-fewos\/eng\/norfolk\/norfolk-am-meer.html\">Suche Ferienh\u00e4user<\/a><\/p>\n","protected":false},"excerpt":{"rendered":"<p>Norfolk hat eine mehr als 72km lange K\u00fcste in einem Gebiet besonderer Natursch\u00f6nheit. Es gibt viele feinsandige Str\u00e4nde, einige davon abgelegen und unber\u00fchrt, andere in beliebten Meeresorten wie Great Yarmouth. Vom Gorleston Beach im S\u00fcden bis hin zu Snettisham an der Grenze zu Lincolnshire hat dieser Teil von UKs K\u00fcste jedermann etwas zu bieten und [&hellip;]<\/p>\n","protected":false},"author":1,"featured_media":0,"parent":0,"menu_order":0,"comment_status":"closed","ping_status":"closed","template":"single-four.php","meta":[],"acf":[],"yoast_head":"<!-- This site is optimized with the Yoast SEO plugin v19.4 - https:\/\/yoast.com\/wordpress\/plugins\/seo\/ -->\n<title>Die sch\u00f6nsten Str\u00e4nde in Norfolk - East Anglia - Urlaub &amp; Reisen<\/title>\n<meta name=\"robots\" content=\"index, follow, max-snippet:-1, max-image-preview:large, max-video-preview:-1\" \/>\n<link rel=\"canonical\" href=\"https:\/\/www.urlaubcornwall.de\/blog\/die-schoensten-straende-in-norfolk-east-anglia\/\" \/>\n<meta property=\"og:locale\" content=\"en_US\" \/>\n<meta property=\"og:type\" content=\"article\" \/>\n<meta property=\"og:title\" content=\"Die sch\u00f6nsten Str\u00e4nde in Norfolk - East Anglia - Urlaub &amp; Reisen\" \/>\n<meta property=\"og:description\" content=\"Norfolk hat eine mehr als 72km lange K\u00fcste in einem Gebiet besonderer Natursch\u00f6nheit. Es gibt viele feinsandige Str\u00e4nde, einige davon abgelegen und unber\u00fchrt, andere in beliebten Meeresorten wie Great Yarmouth. Vom Gorleston Beach im S\u00fcden bis hin zu Snettisham an der Grenze zu Lincolnshire hat dieser Teil von UKs K\u00fcste jedermann etwas zu bieten und [&hellip;]\" \/>\n<meta property=\"og:url\" content=\"https:\/\/www.urlaubcornwall.de\/blog\/die-schoensten-straende-in-norfolk-east-anglia\/\" \/>\n<meta property=\"og:site_name\" content=\"Urlaub &amp; Reisen\" \/>\n<meta property=\"article:modified_time\" content=\"2024-04-29T15:19:21+00:00\" \/>\n<meta property=\"og:image\" content=\"https:\/\/www.urlaubcornwall.de\/blog\/wp-content\/uploads\/2024\/03\/norfolk-coasts.jpg\" \/>\n<meta name=\"twitter:card\" content=\"summary\" \/>\n<meta name=\"twitter:label1\" content=\"Est. reading time\" \/>\n\t<meta name=\"twitter:data1\" content=\"6 minutes\" \/>\n<script type=\"application\/ld+json\" class=\"yoast-schema-graph\">{\"@context\":\"https:\/\/schema.org\",\"@graph\":[{\"@type\":\"WebSite\",\"@id\":\"https:\/\/www.urlaubcornwall.de\/blog\/#website\",\"url\":\"https:\/\/www.urlaubcornwall.de\/blog\/\",\"name\":\"Urlaub &amp; Reisen\",\"description\":\"Urlaub, Reisen, Cornwall und S\u00fcdengland: eine perfekte Kombination\",\"potentialAction\":[{\"@type\":\"SearchAction\",\"target\":{\"@type\":\"EntryPoint\",\"urlTemplate\":\"https:\/\/www.urlaubcornwall.de\/blog\/?s={search_term_string}\"},\"query-input\":\"required name=search_term_string\"}],\"inLanguage\":\"en-US\"},{\"@type\":\"WebPage\",\"@id\":\"https:\/\/www.urlaubcornwall.de\/blog\/die-schoensten-straende-in-norfolk-east-anglia\/\",\"url\":\"https:\/\/www.urlaubcornwall.de\/blog\/die-schoensten-straende-in-norfolk-east-anglia\/\",\"name\":\"Die sch\u00f6nsten Str\u00e4nde in Norfolk - East Anglia - Urlaub &amp; Reisen\",\"isPartOf\":{\"@id\":\"https:\/\/www.urlaubcornwall.de\/blog\/#website\"},\"datePublished\":\"2019-05-07T09:00:43+00:00\",\"dateModified\":\"2024-04-29T15:19:21+00:00\",\"breadcrumb\":{\"@id\":\"https:\/\/www.urlaubcornwall.de\/blog\/die-schoensten-straende-in-norfolk-east-anglia\/#breadcrumb\"},\"inLanguage\":\"en-US\",\"potentialAction\":[{\"@type\":\"ReadAction\",\"target\":[\"https:\/\/www.urlaubcornwall.de\/blog\/die-schoensten-straende-in-norfolk-east-anglia\/\"]}]},{\"@type\":\"BreadcrumbList\",\"@id\":\"https:\/\/www.urlaubcornwall.de\/blog\/die-schoensten-straende-in-norfolk-east-anglia\/#breadcrumb\",\"itemListElement\":[{\"@type\":\"ListItem\",\"position\":1,\"name\":\"Home\",\"item\":\"https:\/\/www.urlaubcornwall.de\/blog\/\"},{\"@type\":\"ListItem\",\"position\":2,\"name\":\"Die sch\u00f6nsten Str\u00e4nde in Norfolk &#8211; East Anglia\"}]}]}<\/script>\n<!-- \/ Yoast SEO plugin. -->","yoast_head_json":{"title":"Die sch\u00f6nsten Str\u00e4nde in Norfolk - East Anglia - Urlaub &amp; Reisen","robots":{"index":"index","follow":"follow","max-snippet":"max-snippet:-1","max-image-preview":"max-image-preview:large","max-video-preview":"max-video-preview:-1"},"canonical":"https:\/\/www.urlaubcornwall.de\/blog\/die-schoensten-straende-in-norfolk-east-anglia\/","og_locale":"en_US","og_type":"article","og_title":"Die sch\u00f6nsten Str\u00e4nde in Norfolk - East Anglia - Urlaub &amp; Reisen","og_description":"Norfolk hat eine mehr als 72km lange K\u00fcste in einem Gebiet besonderer Natursch\u00f6nheit. Es gibt viele feinsandige Str\u00e4nde, einige davon abgelegen und unber\u00fchrt, andere in beliebten Meeresorten wie Great Yarmouth. Vom Gorleston Beach im S\u00fcden bis hin zu Snettisham an der Grenze zu Lincolnshire hat dieser Teil von UKs K\u00fcste jedermann etwas zu bieten und [&hellip;]","og_url":"https:\/\/www.urlaubcornwall.de\/blog\/die-schoensten-straende-in-norfolk-east-anglia\/","og_site_name":"Urlaub &amp; Reisen","article_modified_time":"2024-04-29T15:19:21+00:00","og_image":[{"url":"https:\/\/www.urlaubcornwall.de\/blog\/wp-content\/uploads\/2024\/03\/norfolk-coasts.jpg"}],"twitter_card":"summary","twitter_misc":{"Est. reading time":"6 minutes"},"schema":{"@context":"https:\/\/schema.org","@graph":[{"@type":"WebSite","@id":"https:\/\/www.urlaubcornwall.de\/blog\/#website","url":"https:\/\/www.urlaubcornwall.de\/blog\/","name":"Urlaub &amp; Reisen","description":"Urlaub, Reisen, Cornwall und S\u00fcdengland: eine perfekte Kombination","potentialAction":[{"@type":"SearchAction","target":{"@type":"EntryPoint","urlTemplate":"https:\/\/www.urlaubcornwall.de\/blog\/?s={search_term_string}"},"query-input":"required name=search_term_string"}],"inLanguage":"en-US"},{"@type":"WebPage","@id":"https:\/\/www.urlaubcornwall.de\/blog\/die-schoensten-straende-in-norfolk-east-anglia\/","url":"https:\/\/www.urlaubcornwall.de\/blog\/die-schoensten-straende-in-norfolk-east-anglia\/","name":"Die sch\u00f6nsten Str\u00e4nde in Norfolk - East Anglia - Urlaub &amp; Reisen","isPartOf":{"@id":"https:\/\/www.urlaubcornwall.de\/blog\/#website"},"datePublished":"2019-05-07T09:00:43+00:00","dateModified":"2024-04-29T15:19:21+00:00","breadcrumb":{"@id":"https:\/\/www.urlaubcornwall.de\/blog\/die-schoensten-straende-in-norfolk-east-anglia\/#breadcrumb"},"inLanguage":"en-US","potentialAction":[{"@type":"ReadAction","target":["https:\/\/www.urlaubcornwall.de\/blog\/die-schoensten-straende-in-norfolk-east-anglia\/"]}]},{"@type":"BreadcrumbList","@id":"https:\/\/www.urlaubcornwall.de\/blog\/die-schoensten-straende-in-norfolk-east-anglia\/#breadcrumb","itemListElement":[{"@type":"ListItem","position":1,"name":"Home","item":"https:\/\/www.urlaubcornwall.de\/blog\/"},{"@type":"ListItem","position":2,"name":"Die sch\u00f6nsten Str\u00e4nde in Norfolk &#8211; East Anglia"}]}]}},"_links":{"self":[{"href":"https:\/\/www.urlaubcornwall.de\/blog\/wp-json\/wp\/v2\/pages\/38383"}],"collection":[{"href":"https:\/\/www.urlaubcornwall.de\/blog\/wp-json\/wp\/v2\/pages"}],"about":[{"href":"https:\/\/www.urlaubcornwall.de\/blog\/wp-json\/wp\/v2\/types\/page"}],"author":[{"embeddable":true,"href":"https:\/\/www.urlaubcornwall.de\/blog\/wp-json\/wp\/v2\/users\/1"}],"replies":[{"embeddable":true,"href":"https:\/\/www.urlaubcornwall.de\/blog\/wp-json\/wp\/v2\/comments?post=38383"}],"version-history":[{"count":8,"href":"https:\/\/www.urlaubcornwall.de\/blog\/wp-json\/wp\/v2\/pages\/38383\/revisions"}],"predecessor-version":[{"id":49893,"href":"https:\/\/www.urlaubcornwall.de\/blog\/wp-json\/wp\/v2\/pages\/38383\/revisions\/49893"}],"wp:attachment":[{"href":"https:\/\/www.urlaubcornwall.de\/blog\/wp-json\/wp\/v2\/media?parent=38383"}],"curies":[{"name":"wp","href":"https:\/\/api.w.org\/{rel}","templated":true}]}}