{"id":38313,"date":"2019-04-30T12:14:45","date_gmt":"2019-04-30T12:14:45","guid":{"rendered":"https:\/\/www.urlaubcornwall.de\/blog\/?page_id=38313"},"modified":"2024-05-28T12:00:09","modified_gmt":"2024-05-28T12:00:09","slug":"land-rover-tour-fuer-ihre-gruppe-besitzer-enthusiasten-und-fans","status":"publish","type":"page","link":"https:\/\/www.urlaubcornwall.de\/blog\/land-rover-tour-fuer-ihre-gruppe-besitzer-enthusiasten-und-fans\/","title":{"rendered":"Land Rover Tour f\u00fcr Ihre Gruppe \u2013 Besitzer, Enthusiasten und Fans"},"content":{"rendered":"<p><a href=\"https:\/\/www.urlaubcornwall.de\/blog\/wp-content\/uploads\/2024\/05\/land-rover_england.jpg\"><img loading=\"lazy\" src=\"https:\/\/www.urlaubcornwall.de\/blog\/wp-content\/uploads\/2024\/05\/land-rover_england.jpg\" alt=\"land-rover_england\" width=\"750\" height=\"498\" class=\"alignnone size-full wp-image-50374\" srcset=\"https:\/\/www.urlaubcornwall.de\/blog\/wp-content\/uploads\/2024\/05\/land-rover_england.jpg 750w, https:\/\/www.urlaubcornwall.de\/blog\/wp-content\/uploads\/2024\/05\/land-rover_england-300x199.jpg 300w\" sizes=\"(max-width: 750px) 100vw, 750px\" \/><\/a><\/p>\n<p>Er ist ein ikonisches Wahrzeichen britischen Nationalstolzes, ein Liebling der K\u00f6niglichen Familie, und 2018 war die ganz besondere Gelegenheit, den 70. Geburtstag des Land Rovers zu feiern.<\/p>\n<p>Der Original- Land Rover war die Erfindung von Maurice Wilks, Rovers Hauptingenieurs, der bekannterweise f\u00fcr seinen Bruder Spencer, der Manager der Rover Company war, sein Originaldesign in den Sand am Anglesey Strand schrieb. Der \u00d6ffentlichkeit vorgestellt w\u00e4hrend der Fahrzeugshow in Amsterdam1948, beruhte die Idee auf dem US Armee Willys Jeep, einem Mehrzweckwagen, der w\u00e4hrend des Krieges von den Alliierten benutzt wurde.<\/p>\n<p><strong>Ma\u00dfgeschneiderte Gruppenreisen und Touren <\/strong>&#8211; Wir erforschen und designen auch sehr gerne eine komplett neue Tour um ein Thema herum. Bitte <a href=\"https:\/\/www.urlaubcornwall.de\/massgeschneiderte-gruppenreisen-und-touren.php\">kontaktieren Sie uns daher mit Ihren eigenen Ideen<\/a>.<\/p>\n<p style=\"text-align: center;\"><a class=\"tidycta\" href=\"https:\/\/www.urlaubcornwall.de\/gruppenanfrage.php\">Gruppenanfrage<\/a><\/p>\n<p><strong><\/strong><\/p>\n<p>Ihre Tour-H\u00f6hepunkte k\u00f6nnten unter anderem sein:<\/p>\n<p>Das Heritage Motor Centre bei Gaydon, das die Geschichte des Land Rovers erz\u00e4hlt, angefangen mit einigen der allerersten Autos, die auf britischen Stra\u00dfen fuhren, bis hin zu den j\u00fcngsten Designs.<\/p>\n<p>Ein Nachmittag im Coventry Transport Museum, das eine der gr\u00f6\u00dften Sammlungen an Transportmitteln der Welt hat.<\/p>\n<p>Ein ganzer Tag in der Land Rover Fabrik bei Solihull und der Land Rover Erfahrung mit der Gelegenheit, neue Off-Road Fahrtechniken kennenzulernen und herausforderndes Terrain in Defendern, Discoveries und Range Rovern zu erkunden.<\/p>\n<p>Fahren Sie auf der speziell gebauten Strecke, die so designt wurde, um am besten die F\u00e4higkeiten des Fahrzeugs demonstrieren zu k\u00f6nnen. Die Strecke beinhaltet eine Kombination steiler Abh\u00e4nge, reibungsarmer Oberfl\u00e4chen, sowie Nasselementen. Sie bekommen pers\u00f6nlichen Expertenunterricht von einem Land Rover Experience Lehrer, der Ihnen helfen wird, das Beste aus Ihrem Tag zu machen.<\/p>\n<p>Besuchen Sie die Morgan Motor Company, einen legend\u00e4ren Fahrzeughersteller, der sich spezialisiert hat auf Design, Herstellung und Auslieferung exklusiver, hochleistungsf\u00f6rmiger Sportautos.<\/p>\n<p>Halewood, das das Zuhause der Range Rover Evoque und Freelander 2 ist. Nehmen Sie teil an einer Herstellungstour, w\u00e4hrend derer jeder Schritt des Montageprozesses gezeigt wird, einschlie\u00dflich der Metallscheibenpresse, des Roboterkarosseriebaus und der Endvorbereitung vor Auslieferung des fertigen Produktes.<\/p>\n<p>Genie\u00dfen Sie im Oulton Park eine Trackmaster Experience. Unter Expertenanleitung professioneller Lehrer werden Sie eine Reihe an Renn- und Hochleistungsautos in einer Vielzahl von anspruchsvollen Umgebungen fahren.<\/p>\n<p><strong>Dies beinhaltet:<\/strong><\/p>\n<p>Zeitgesteuerte Runden in einem Einsitzer-Rennwagen<\/p>\n<p>Einzelunterricht in einem starken BMW M3 Coup\u00e9<\/p>\n<p>Mit einem werksseitig pr\u00e4parierten Rallyewagen Sonderpr\u00fcfungen fahren<\/p>\n<p>Ein hartes Gel\u00e4nde in einem Land Rover Defender bew\u00e4ltigen<\/p>\n<p>Ein Zeitrennen in einem Caterham 7 Sportwagen<\/p>\n<p><strong>Die Geschichte des Land Rover f\u00fcr Besitzer, Enthusiasten und Fans&#8230;<\/strong><\/p>\n<p>Britanniens ikonischstes Auto, aus dem zweiten Weltkrieg geboren, war das Fahrzeug, das ein ikonisches britisches Markenzeichen wurde, von Millionen in der ganzen Welt geliebt. Es wird gesch\u00e4tzt, dass mehr als die H\u00e4lfte derer, die jemals gebaut wurden, heute noch immer auf der Stra\u00dfe sind. Im Laufe der Jahre wurde der 4&#215;4 Liebling von jedermann bewundert, von Bauern und Entdeckern bis hin zu Soldaten, Ber\u00fchmtheiten und k\u00f6niglichen Hoheiten.<\/p>\n<p>Haben Sie eine Gruppe, die die Geschichte des Land Rovers erleben und im Gel\u00e4nde die Autos selbst an ihre Grenzen bringen m\u00f6chte? Wir bieten ma\u00dfgeschneiderte Gruppenreisen f\u00fcr Autoenthusiasten in Gro\u00dfbritannien an.<\/p>\n<p>1947 &#8211; Maurice Wilkes, technischer Direktor der Rover Autos, beginnt damit, ein britisches landwirtschaftliches Fahrzeug basierend auf amerikanischen 4&#215;4 zu designen. Die markanten Karosserien des Land Rovers waren leicht und rostfrei, designt, um vor Ort gewartet zu werden, und verliehen dem Fahrzeug den Ruf einer langen Lebensdauer unter harten Bedingungen.<\/p>\n<p>1948 &#8211; Der erste Land Rover wurde w\u00e4hrend der Fahrzeugshow im April in Amsterdam der \u00d6ffentlichkeit vorgestellt. Eine Produktion von 8000 im Jahre 1948 verdoppelt sich im Folgejahr. Erster Kombi eingef\u00fchrt.<\/p>\n<p>1949 &#8211; Die britische Armee gibt ihre erste Land Rover Bestellung auf.<\/p>\n<p>1953 &#8211; Einf\u00fchrung einer Version mit langem Radstand.<\/p>\n<p>1959 &#8211; 250 000 Fahrzeuge produziert.<\/p>\n<p>1967 &#8211; Rover wird Teil von Leyland Motors, die im darauffolgenden Jahr mit British Motor Corp fusieren und dann zu British Leyland werden.<\/p>\n<p>1970 &#8211; Land Rover ver\u00f6ffentlicht den Range Rover mit Einzelradaufh\u00e4ngung und neuem V8 Motor.<\/p>\n<p>1971 &#8211; Land Rover Serie III ver\u00f6ffentlicht; der 750 000. Land Rover produziert.<\/p>\n<p>1975 &#8211; British Leyland teilweise verstaatlicht.<\/p>\n<p>1984 &#8211; Land Rover Ninety ver\u00f6ffentlicht.<\/p>\n<p>1988 &#8211; Die konservative Regierung verkauft die Rover Gruppe an British Aerospace zu einem l\u00e4cherlichen Preis von \u00a3150 Millionen und \u00fcbersieht dabei ein konkurrierendes Angebot von Ford.<\/p>\n<p>1988 &#8211; Land Rover ver\u00f6ffentlicht den Discovery.<\/p>\n<p>1990 &#8211; Land Rover werden neu ver\u00f6ffentlicht und umbenannt in Defender 90, 110 und 130 mit einem neuen 2,5 Liter Turbo-aufgeladenem Dieselmotor mit Direkteinspritzung.<\/p>\n<p>1994 &#8211; BMW kaufen die Rover Gruppe (bestehend aus Rover, Land Rover und MG, sowie die Rechte, Marken wie Austin und Morris zu \u00e4ndern).<\/p>\n<p>1997 -Land Rover ver\u00f6ffentlicht den Freelander.<\/p>\n<p>2000 &#8211; Ford kauft im Mai Land Rover f\u00fcr $2,7 Billionen von BMW, w\u00e4hrend Land Rovers langfristige Schulden, die auf $465 Millionen gesch\u00e4tzt werden, von BMW beibehalten werden.<\/p>\n<p>2008 &#8211; Ford verkauft Jaguar Land Rover nach nahezu zehn Monaten Verhandlungen f\u00fcr $2,3bn (\u00a31,5bn) an Tata Motors, Indiens gr\u00f6\u00dften Fahrzeughersteller. Er machte keinen Profit aus dem Jaguar.<\/p>\n<p>2009 &#8211; Als Autoverk\u00e4ufe weltweit abst\u00fcrzten, war Jaguar Land Rover gezwungen, von der Regierung staatliche Darlehensgarantien zu ersuchen. Sie haben sp\u00e4ter die Verhandlungen abgebrochen, nachdem die Regierung die Kontrolle der Firmenstrategie forderte.<\/p>\n<p>2010 &#8211; Im letzten Quartal von 2010 steigt der Verkauf von Jaguar Land Rovern um 11 Prozent auf 63 155, mit besonders starker Abnahme in Nordamerika, Russland und China, und bringt die Firma auf einen Jahresprofit von \u00a31bn.<\/p>\n<p>2011 -JLR verk\u00fcndet Pl\u00e4ne, zus\u00e4tzliche 1500 Mitarbeiter in der Halewood Fabrik einzustellen und unterzeichnet Liefervertr\u00e4ge von mehr als \u00a32 Billionen mit Firmen im UK, um die Produktion des neuen Range Rover Evoque Modells zu gew\u00e4hren.<\/p>\n<p>2015 &#8211; Jaguar Land Rovers j\u00fcngstes Modell wird ausschlie\u00dflich in der Fabrik in Solihull gebaut. Der Velar ist das vierte Mitglied der Range Rover Familie und wird von diesem Sommer an zu bestellen sein. Die Entscheidung folgt einer Investition von \u00a31,5bn in neue Ausstattungen und Technologien in der Fabrik Solihull, wo ungef\u00e4hr 10 000 Menschen besch\u00e4ftigt sind.<\/p>\n<p>2016 &#8211; Die Produktion des ikonischen Defender Modells kam nach 68 Jahren in Solihull zum Stillstand.<\/p>\n<p style=\"text-align: center;\"><a class=\"tidycta\" href=\"https:\/\/www.urlaubcornwall.de\/gruppenanfrage.php\">Gruppenanfrage<\/a><\/p>\n<p><strong><\/strong><\/p>\n","protected":false},"excerpt":{"rendered":"<p>Er ist ein ikonisches Wahrzeichen britischen Nationalstolzes, ein Liebling der K\u00f6niglichen Familie, und 2018 war die ganz besondere Gelegenheit, den 70. Geburtstag des Land Rovers zu feiern. Der Original- Land Rover war die Erfindung von Maurice Wilks, Rovers Hauptingenieurs, der bekannterweise f\u00fcr seinen Bruder Spencer, der Manager der Rover Company war, sein Originaldesign in den [&hellip;]<\/p>\n","protected":false},"author":1,"featured_media":0,"parent":0,"menu_order":0,"comment_status":"closed","ping_status":"closed","template":"single-four.php","meta":[],"acf":[],"yoast_head":"<!-- This site is optimized with the Yoast SEO plugin v19.4 - https:\/\/yoast.com\/wordpress\/plugins\/seo\/ -->\n<title>Land Rover Tour f\u00fcr Ihre Gruppe \u2013 Besitzer, Enthusiasten und Fans - Urlaub &amp; Reisen<\/title>\n<meta name=\"robots\" content=\"index, follow, max-snippet:-1, max-image-preview:large, max-video-preview:-1\" \/>\n<link rel=\"canonical\" href=\"https:\/\/www.urlaubcornwall.de\/blog\/land-rover-tour-fuer-ihre-gruppe-besitzer-enthusiasten-und-fans\/\" \/>\n<meta property=\"og:locale\" content=\"en_US\" \/>\n<meta property=\"og:type\" content=\"article\" \/>\n<meta property=\"og:title\" content=\"Land Rover Tour f\u00fcr Ihre Gruppe \u2013 Besitzer, Enthusiasten und Fans - Urlaub &amp; Reisen\" \/>\n<meta property=\"og:description\" content=\"Er ist ein ikonisches Wahrzeichen britischen Nationalstolzes, ein Liebling der K\u00f6niglichen Familie, und 2018 war die ganz besondere Gelegenheit, den 70. Geburtstag des Land Rovers zu feiern. Der Original- Land Rover war die Erfindung von Maurice Wilks, Rovers Hauptingenieurs, der bekannterweise f\u00fcr seinen Bruder Spencer, der Manager der Rover Company war, sein Originaldesign in den [&hellip;]\" \/>\n<meta property=\"og:url\" content=\"https:\/\/www.urlaubcornwall.de\/blog\/land-rover-tour-fuer-ihre-gruppe-besitzer-enthusiasten-und-fans\/\" \/>\n<meta property=\"og:site_name\" content=\"Urlaub &amp; Reisen\" \/>\n<meta property=\"article:modified_time\" content=\"2024-05-28T12:00:09+00:00\" \/>\n<meta property=\"og:image\" content=\"https:\/\/www.urlaubcornwall.de\/blog\/wp-content\/uploads\/2024\/05\/land-rover_england.jpg\" \/>\n<meta name=\"twitter:card\" content=\"summary\" \/>\n<meta name=\"twitter:label1\" content=\"Est. reading time\" \/>\n\t<meta name=\"twitter:data1\" content=\"5 minutes\" \/>\n<script type=\"application\/ld+json\" class=\"yoast-schema-graph\">{\"@context\":\"https:\/\/schema.org\",\"@graph\":[{\"@type\":\"WebSite\",\"@id\":\"https:\/\/www.urlaubcornwall.de\/blog\/#website\",\"url\":\"https:\/\/www.urlaubcornwall.de\/blog\/\",\"name\":\"Urlaub &amp; Reisen\",\"description\":\"Urlaub, Reisen, Cornwall und S\u00fcdengland: eine perfekte Kombination\",\"potentialAction\":[{\"@type\":\"SearchAction\",\"target\":{\"@type\":\"EntryPoint\",\"urlTemplate\":\"https:\/\/www.urlaubcornwall.de\/blog\/?s={search_term_string}\"},\"query-input\":\"required name=search_term_string\"}],\"inLanguage\":\"en-US\"},{\"@type\":\"WebPage\",\"@id\":\"https:\/\/www.urlaubcornwall.de\/blog\/land-rover-tour-fuer-ihre-gruppe-besitzer-enthusiasten-und-fans\/\",\"url\":\"https:\/\/www.urlaubcornwall.de\/blog\/land-rover-tour-fuer-ihre-gruppe-besitzer-enthusiasten-und-fans\/\",\"name\":\"Land Rover Tour f\u00fcr Ihre Gruppe \u2013 Besitzer, Enthusiasten und Fans - Urlaub &amp; Reisen\",\"isPartOf\":{\"@id\":\"https:\/\/www.urlaubcornwall.de\/blog\/#website\"},\"datePublished\":\"2019-04-30T12:14:45+00:00\",\"dateModified\":\"2024-05-28T12:00:09+00:00\",\"breadcrumb\":{\"@id\":\"https:\/\/www.urlaubcornwall.de\/blog\/land-rover-tour-fuer-ihre-gruppe-besitzer-enthusiasten-und-fans\/#breadcrumb\"},\"inLanguage\":\"en-US\",\"potentialAction\":[{\"@type\":\"ReadAction\",\"target\":[\"https:\/\/www.urlaubcornwall.de\/blog\/land-rover-tour-fuer-ihre-gruppe-besitzer-enthusiasten-und-fans\/\"]}]},{\"@type\":\"BreadcrumbList\",\"@id\":\"https:\/\/www.urlaubcornwall.de\/blog\/land-rover-tour-fuer-ihre-gruppe-besitzer-enthusiasten-und-fans\/#breadcrumb\",\"itemListElement\":[{\"@type\":\"ListItem\",\"position\":1,\"name\":\"Home\",\"item\":\"https:\/\/www.urlaubcornwall.de\/blog\/\"},{\"@type\":\"ListItem\",\"position\":2,\"name\":\"Land Rover Tour f\u00fcr Ihre Gruppe \u2013 Besitzer, Enthusiasten und Fans\"}]}]}<\/script>\n<!-- \/ Yoast SEO plugin. -->","yoast_head_json":{"title":"Land Rover Tour f\u00fcr Ihre Gruppe \u2013 Besitzer, Enthusiasten und Fans - Urlaub &amp; Reisen","robots":{"index":"index","follow":"follow","max-snippet":"max-snippet:-1","max-image-preview":"max-image-preview:large","max-video-preview":"max-video-preview:-1"},"canonical":"https:\/\/www.urlaubcornwall.de\/blog\/land-rover-tour-fuer-ihre-gruppe-besitzer-enthusiasten-und-fans\/","og_locale":"en_US","og_type":"article","og_title":"Land Rover Tour f\u00fcr Ihre Gruppe \u2013 Besitzer, Enthusiasten und Fans - Urlaub &amp; Reisen","og_description":"Er ist ein ikonisches Wahrzeichen britischen Nationalstolzes, ein Liebling der K\u00f6niglichen Familie, und 2018 war die ganz besondere Gelegenheit, den 70. Geburtstag des Land Rovers zu feiern. Der Original- Land Rover war die Erfindung von Maurice Wilks, Rovers Hauptingenieurs, der bekannterweise f\u00fcr seinen Bruder Spencer, der Manager der Rover Company war, sein Originaldesign in den [&hellip;]","og_url":"https:\/\/www.urlaubcornwall.de\/blog\/land-rover-tour-fuer-ihre-gruppe-besitzer-enthusiasten-und-fans\/","og_site_name":"Urlaub &amp; Reisen","article_modified_time":"2024-05-28T12:00:09+00:00","og_image":[{"url":"https:\/\/www.urlaubcornwall.de\/blog\/wp-content\/uploads\/2024\/05\/land-rover_england.jpg"}],"twitter_card":"summary","twitter_misc":{"Est. reading time":"5 minutes"},"schema":{"@context":"https:\/\/schema.org","@graph":[{"@type":"WebSite","@id":"https:\/\/www.urlaubcornwall.de\/blog\/#website","url":"https:\/\/www.urlaubcornwall.de\/blog\/","name":"Urlaub &amp; Reisen","description":"Urlaub, Reisen, Cornwall und S\u00fcdengland: eine perfekte Kombination","potentialAction":[{"@type":"SearchAction","target":{"@type":"EntryPoint","urlTemplate":"https:\/\/www.urlaubcornwall.de\/blog\/?s={search_term_string}"},"query-input":"required name=search_term_string"}],"inLanguage":"en-US"},{"@type":"WebPage","@id":"https:\/\/www.urlaubcornwall.de\/blog\/land-rover-tour-fuer-ihre-gruppe-besitzer-enthusiasten-und-fans\/","url":"https:\/\/www.urlaubcornwall.de\/blog\/land-rover-tour-fuer-ihre-gruppe-besitzer-enthusiasten-und-fans\/","name":"Land Rover Tour f\u00fcr Ihre Gruppe \u2013 Besitzer, Enthusiasten und Fans - Urlaub &amp; Reisen","isPartOf":{"@id":"https:\/\/www.urlaubcornwall.de\/blog\/#website"},"datePublished":"2019-04-30T12:14:45+00:00","dateModified":"2024-05-28T12:00:09+00:00","breadcrumb":{"@id":"https:\/\/www.urlaubcornwall.de\/blog\/land-rover-tour-fuer-ihre-gruppe-besitzer-enthusiasten-und-fans\/#breadcrumb"},"inLanguage":"en-US","potentialAction":[{"@type":"ReadAction","target":["https:\/\/www.urlaubcornwall.de\/blog\/land-rover-tour-fuer-ihre-gruppe-besitzer-enthusiasten-und-fans\/"]}]},{"@type":"BreadcrumbList","@id":"https:\/\/www.urlaubcornwall.de\/blog\/land-rover-tour-fuer-ihre-gruppe-besitzer-enthusiasten-und-fans\/#breadcrumb","itemListElement":[{"@type":"ListItem","position":1,"name":"Home","item":"https:\/\/www.urlaubcornwall.de\/blog\/"},{"@type":"ListItem","position":2,"name":"Land Rover Tour f\u00fcr Ihre Gruppe \u2013 Besitzer, Enthusiasten und Fans"}]}]}},"_links":{"self":[{"href":"https:\/\/www.urlaubcornwall.de\/blog\/wp-json\/wp\/v2\/pages\/38313"}],"collection":[{"href":"https:\/\/www.urlaubcornwall.de\/blog\/wp-json\/wp\/v2\/pages"}],"about":[{"href":"https:\/\/www.urlaubcornwall.de\/blog\/wp-json\/wp\/v2\/types\/page"}],"author":[{"embeddable":true,"href":"https:\/\/www.urlaubcornwall.de\/blog\/wp-json\/wp\/v2\/users\/1"}],"replies":[{"embeddable":true,"href":"https:\/\/www.urlaubcornwall.de\/blog\/wp-json\/wp\/v2\/comments?post=38313"}],"version-history":[{"count":4,"href":"https:\/\/www.urlaubcornwall.de\/blog\/wp-json\/wp\/v2\/pages\/38313\/revisions"}],"predecessor-version":[{"id":50375,"href":"https:\/\/www.urlaubcornwall.de\/blog\/wp-json\/wp\/v2\/pages\/38313\/revisions\/50375"}],"wp:attachment":[{"href":"https:\/\/www.urlaubcornwall.de\/blog\/wp-json\/wp\/v2\/media?parent=38313"}],"curies":[{"name":"wp","href":"https:\/\/api.w.org\/{rel}","templated":true}]}}