{"id":36739,"date":"2019-03-16T11:20:03","date_gmt":"2019-03-16T11:20:03","guid":{"rendered":"https:\/\/www.urlaubcornwall.de\/blog\/?page_id=36739"},"modified":"2021-10-07T07:28:38","modified_gmt":"2021-10-07T07:28:38","slug":"gruppenreisen-in-yorkshire-massgeschneiderte-touren-und-busreisen","status":"publish","type":"page","link":"https:\/\/www.urlaubcornwall.de\/blog\/gruppenreisen-in-yorkshire-massgeschneiderte-touren-und-busreisen\/","title":{"rendered":"Gruppenreisen in Yorkshire &#8211; ma\u00dfgeschneiderte Touren und Busreisen"},"content":{"rendered":"<p><img loading=\"lazy\" class=\"aligncenter size-full wp-image-20121\" src=\"https:\/\/www.urlaubcornwall.de\/blog\/wp-content\/uploads\/2015\/09\/yorkshire.jpg\" alt=\"gruppenreise yorkshire\" width=\"749\" height=\"383\"\/><\/p>\n<p>Die Landschaft der Yorkshire Dales, eine der beliebtesten Feriengebiete dieses Teils Englands, entstand dadurch, dass Wasser tief eindrang in den Kalskstein und somit Schluchten und Wasserf\u00e4lle schuf, breite T\u00e4ler, flache Fl\u00fcsse, sonderbare Steinformationen, L\u00f6cher und Hunderte Meilen an H\u00f6hlen. Hier finden Sie unsere Auswahl an fantastischen Busrundreisen und Touren in Yorkshire und England. <\/p>\n<div class=\"snippet\"> <a class=\"featured-item\" href=\" https:\/\/www.urlaubcornwall.de\/massgeschneiderte-gruppenreisen-und-touren.php \"> <span class=\"image-holder\" style=\"background-image: url(' https:\/\/www.urlaubcornwall.de\/blog\/wp-content\/uploads\/2013\/08\/IMGA00041.jpg ');\"><\/span> <span class=\"featured-content\"> \n<h2 class=\"featured-title\">Ma\u00dfgeschneiderte Gruppenreisen in Yorkshire &#038; in den Dales<\/h2>\n<p class=\"featured-body\">Als spezialisierte Tourismusorganisation kann UrlaubCornwall f\u00fcr Sie ma\u00dfgeschneiderte Busrundreisen, Gruppenf\u00fchrungen oder Veranstaltungen mit deutschsprachiger Reisebegleitung&#8230;<\/p>\n<\/span> <span class=\"featured-link-holder\"> <span class=\"featured-extra-info\"> \n<p> Auch interessante Pilgerreisen, Themenreisen, Gartenreise, Literaturreise\u2026<\/p>\n<\/span> \n<p class=\"featured-link\">DETAILS<\/p>\n<\/span> <\/a><\/div>\n<div class=\"snippet\"> <a class=\"featured-item\" href=\" https:\/\/www.urlaubcornwall.de\/blog\/busreisen-durch-grossbritannien-und-irland\/ \"> <span class=\"image-holder\" style=\"background-image: url(' https:\/\/www.urlaubcornwall.de\/blog\/wp-content\/uploads\/2018\/12\/familienurlaub-corwnall-snippet.jpg ');\"><\/span> <span class=\"featured-content\"> \n<h2 class=\"featured-title\">Busreisen durch Gro\u00dfbritannien und Irland <\/h2>\n<p class=\"featured-body\">Suchen Sie eine organisierte Busrundreise, eine Busreise oder Reise mit Reiseleitung? Vielleicht suchen Sie ja eine Reise zu Sehensw\u00fcrdigkeiten, oder Sie haben besondere Interessen, wie zum Beispiel Gartenreisen&#8230;.<\/p>\n<\/span> <span class=\"featured-link-holder\"> <span class=\"featured-extra-info\"> \n<p>Die sch\u00f6nsten Urlaubsziele<\/p>\n<\/span> \n<p class=\"featured-link\">DETAILS<\/p>\n<\/span> <\/a><\/div>\n","protected":false},"excerpt":{"rendered":"<p>Die Landschaft der Yorkshire Dales, eine der beliebtesten Feriengebiete dieses Teils Englands, entstand dadurch, dass Wasser tief eindrang in den Kalskstein und somit Schluchten und Wasserf\u00e4lle schuf, breite T\u00e4ler, flache Fl\u00fcsse, sonderbare Steinformationen, L\u00f6cher und Hunderte Meilen an H\u00f6hlen. Hier finden Sie unsere Auswahl an fantastischen Busrundreisen und Touren in Yorkshire und England. Ma\u00dfgeschneiderte Gruppenreisen [&hellip;]<\/p>\n","protected":false},"author":1,"featured_media":0,"parent":0,"menu_order":0,"comment_status":"closed","ping_status":"closed","template":"single-four.php","meta":[],"acf":[],"yoast_head":"<!-- This site is optimized with the Yoast SEO plugin v19.4 - https:\/\/yoast.com\/wordpress\/plugins\/seo\/ -->\n<title>Gruppenreisen in Yorkshire - ma\u00dfgeschneiderte Touren und Busreisen - Urlaub &amp; Reisen<\/title>\n<meta name=\"description\" content=\"Die Landschaft der Yorkshire Dales, eine der beliebtesten Feriengebiete dieses Teils Englands, entstand dadurch, dass Wasser tief eindrang in den Kalskstein und somit Schluchten und Wasserf\u00e4lle schuf, breite T\u00e4ler, flache Fl\u00fcsse, sonderbare Steinformationen, L\u00f6cher und Hunderte Meilen an H\u00f6hlen. Hier finden Sie unsere Auswahl an fantastischen Busrundreisen und Touren in Yorkshire und England.\" \/>\n<meta name=\"robots\" content=\"index, follow, max-snippet:-1, max-image-preview:large, max-video-preview:-1\" \/>\n<link rel=\"canonical\" href=\"https:\/\/www.urlaubcornwall.de\/blog\/gruppenreisen-in-yorkshire-massgeschneiderte-touren-und-busreisen\/\" \/>\n<meta property=\"og:locale\" content=\"en_US\" \/>\n<meta property=\"og:type\" content=\"article\" \/>\n<meta property=\"og:title\" content=\"Gruppenreisen in Yorkshire - ma\u00dfgeschneiderte Touren und Busreisen - Urlaub &amp; Reisen\" \/>\n<meta property=\"og:description\" content=\"Die Landschaft der Yorkshire Dales, eine der beliebtesten Feriengebiete dieses Teils Englands, entstand dadurch, dass Wasser tief eindrang in den Kalskstein und somit Schluchten und Wasserf\u00e4lle schuf, breite T\u00e4ler, flache Fl\u00fcsse, sonderbare Steinformationen, L\u00f6cher und Hunderte Meilen an H\u00f6hlen. Hier finden Sie unsere Auswahl an fantastischen Busrundreisen und Touren in Yorkshire und England.\" \/>\n<meta property=\"og:url\" content=\"https:\/\/www.urlaubcornwall.de\/blog\/gruppenreisen-in-yorkshire-massgeschneiderte-touren-und-busreisen\/\" \/>\n<meta property=\"og:site_name\" content=\"Urlaub &amp; Reisen\" \/>\n<meta property=\"article:modified_time\" content=\"2021-10-07T07:28:38+00:00\" \/>\n<meta property=\"og:image\" content=\"https:\/\/www.urlaubcornwall.de\/blog\/wp-content\/uploads\/2015\/09\/yorkshire.jpg\" \/>\n<meta name=\"twitter:card\" content=\"summary\" \/>\n<meta name=\"twitter:label1\" content=\"Est. reading time\" \/>\n\t<meta name=\"twitter:data1\" content=\"1 minute\" \/>\n<script type=\"application\/ld+json\" class=\"yoast-schema-graph\">{\"@context\":\"https:\/\/schema.org\",\"@graph\":[{\"@type\":\"WebSite\",\"@id\":\"https:\/\/www.urlaubcornwall.de\/blog\/#website\",\"url\":\"https:\/\/www.urlaubcornwall.de\/blog\/\",\"name\":\"Urlaub &amp; Reisen\",\"description\":\"Urlaub, Reisen, Cornwall und S\u00fcdengland: eine perfekte Kombination\",\"potentialAction\":[{\"@type\":\"SearchAction\",\"target\":{\"@type\":\"EntryPoint\",\"urlTemplate\":\"https:\/\/www.urlaubcornwall.de\/blog\/?s={search_term_string}\"},\"query-input\":\"required name=search_term_string\"}],\"inLanguage\":\"en-US\"},{\"@type\":\"WebPage\",\"@id\":\"https:\/\/www.urlaubcornwall.de\/blog\/gruppenreisen-in-yorkshire-massgeschneiderte-touren-und-busreisen\/\",\"url\":\"https:\/\/www.urlaubcornwall.de\/blog\/gruppenreisen-in-yorkshire-massgeschneiderte-touren-und-busreisen\/\",\"name\":\"Gruppenreisen in Yorkshire - ma\u00dfgeschneiderte Touren und Busreisen - Urlaub &amp; Reisen\",\"isPartOf\":{\"@id\":\"https:\/\/www.urlaubcornwall.de\/blog\/#website\"},\"datePublished\":\"2019-03-16T11:20:03+00:00\",\"dateModified\":\"2021-10-07T07:28:38+00:00\",\"description\":\"Die Landschaft der Yorkshire Dales, eine der beliebtesten Feriengebiete dieses Teils Englands, entstand dadurch, dass Wasser tief eindrang in den Kalskstein und somit Schluchten und Wasserf\u00e4lle schuf, breite T\u00e4ler, flache Fl\u00fcsse, sonderbare Steinformationen, L\u00f6cher und Hunderte Meilen an H\u00f6hlen. Hier finden Sie unsere Auswahl an fantastischen Busrundreisen und Touren in Yorkshire und England.\",\"breadcrumb\":{\"@id\":\"https:\/\/www.urlaubcornwall.de\/blog\/gruppenreisen-in-yorkshire-massgeschneiderte-touren-und-busreisen\/#breadcrumb\"},\"inLanguage\":\"en-US\",\"potentialAction\":[{\"@type\":\"ReadAction\",\"target\":[\"https:\/\/www.urlaubcornwall.de\/blog\/gruppenreisen-in-yorkshire-massgeschneiderte-touren-und-busreisen\/\"]}]},{\"@type\":\"BreadcrumbList\",\"@id\":\"https:\/\/www.urlaubcornwall.de\/blog\/gruppenreisen-in-yorkshire-massgeschneiderte-touren-und-busreisen\/#breadcrumb\",\"itemListElement\":[{\"@type\":\"ListItem\",\"position\":1,\"name\":\"Home\",\"item\":\"https:\/\/www.urlaubcornwall.de\/blog\/\"},{\"@type\":\"ListItem\",\"position\":2,\"name\":\"Gruppenreisen in Yorkshire &#8211; ma\u00dfgeschneiderte Touren und Busreisen\"}]}]}<\/script>\n<!-- \/ Yoast SEO plugin. -->","yoast_head_json":{"title":"Gruppenreisen in Yorkshire - ma\u00dfgeschneiderte Touren und Busreisen - Urlaub &amp; Reisen","description":"Die Landschaft der Yorkshire Dales, eine der beliebtesten Feriengebiete dieses Teils Englands, entstand dadurch, dass Wasser tief eindrang in den Kalskstein und somit Schluchten und Wasserf\u00e4lle schuf, breite T\u00e4ler, flache Fl\u00fcsse, sonderbare Steinformationen, L\u00f6cher und Hunderte Meilen an H\u00f6hlen. Hier finden Sie unsere Auswahl an fantastischen Busrundreisen und Touren in Yorkshire und England.","robots":{"index":"index","follow":"follow","max-snippet":"max-snippet:-1","max-image-preview":"max-image-preview:large","max-video-preview":"max-video-preview:-1"},"canonical":"https:\/\/www.urlaubcornwall.de\/blog\/gruppenreisen-in-yorkshire-massgeschneiderte-touren-und-busreisen\/","og_locale":"en_US","og_type":"article","og_title":"Gruppenreisen in Yorkshire - ma\u00dfgeschneiderte Touren und Busreisen - Urlaub &amp; Reisen","og_description":"Die Landschaft der Yorkshire Dales, eine der beliebtesten Feriengebiete dieses Teils Englands, entstand dadurch, dass Wasser tief eindrang in den Kalskstein und somit Schluchten und Wasserf\u00e4lle schuf, breite T\u00e4ler, flache Fl\u00fcsse, sonderbare Steinformationen, L\u00f6cher und Hunderte Meilen an H\u00f6hlen. Hier finden Sie unsere Auswahl an fantastischen Busrundreisen und Touren in Yorkshire und England.","og_url":"https:\/\/www.urlaubcornwall.de\/blog\/gruppenreisen-in-yorkshire-massgeschneiderte-touren-und-busreisen\/","og_site_name":"Urlaub &amp; Reisen","article_modified_time":"2021-10-07T07:28:38+00:00","og_image":[{"url":"https:\/\/www.urlaubcornwall.de\/blog\/wp-content\/uploads\/2015\/09\/yorkshire.jpg"}],"twitter_card":"summary","twitter_misc":{"Est. reading time":"1 minute"},"schema":{"@context":"https:\/\/schema.org","@graph":[{"@type":"WebSite","@id":"https:\/\/www.urlaubcornwall.de\/blog\/#website","url":"https:\/\/www.urlaubcornwall.de\/blog\/","name":"Urlaub &amp; Reisen","description":"Urlaub, Reisen, Cornwall und S\u00fcdengland: eine perfekte Kombination","potentialAction":[{"@type":"SearchAction","target":{"@type":"EntryPoint","urlTemplate":"https:\/\/www.urlaubcornwall.de\/blog\/?s={search_term_string}"},"query-input":"required name=search_term_string"}],"inLanguage":"en-US"},{"@type":"WebPage","@id":"https:\/\/www.urlaubcornwall.de\/blog\/gruppenreisen-in-yorkshire-massgeschneiderte-touren-und-busreisen\/","url":"https:\/\/www.urlaubcornwall.de\/blog\/gruppenreisen-in-yorkshire-massgeschneiderte-touren-und-busreisen\/","name":"Gruppenreisen in Yorkshire - ma\u00dfgeschneiderte Touren und Busreisen - Urlaub &amp; Reisen","isPartOf":{"@id":"https:\/\/www.urlaubcornwall.de\/blog\/#website"},"datePublished":"2019-03-16T11:20:03+00:00","dateModified":"2021-10-07T07:28:38+00:00","description":"Die Landschaft der Yorkshire Dales, eine der beliebtesten Feriengebiete dieses Teils Englands, entstand dadurch, dass Wasser tief eindrang in den Kalskstein und somit Schluchten und Wasserf\u00e4lle schuf, breite T\u00e4ler, flache Fl\u00fcsse, sonderbare Steinformationen, L\u00f6cher und Hunderte Meilen an H\u00f6hlen. Hier finden Sie unsere Auswahl an fantastischen Busrundreisen und Touren in Yorkshire und England.","breadcrumb":{"@id":"https:\/\/www.urlaubcornwall.de\/blog\/gruppenreisen-in-yorkshire-massgeschneiderte-touren-und-busreisen\/#breadcrumb"},"inLanguage":"en-US","potentialAction":[{"@type":"ReadAction","target":["https:\/\/www.urlaubcornwall.de\/blog\/gruppenreisen-in-yorkshire-massgeschneiderte-touren-und-busreisen\/"]}]},{"@type":"BreadcrumbList","@id":"https:\/\/www.urlaubcornwall.de\/blog\/gruppenreisen-in-yorkshire-massgeschneiderte-touren-und-busreisen\/#breadcrumb","itemListElement":[{"@type":"ListItem","position":1,"name":"Home","item":"https:\/\/www.urlaubcornwall.de\/blog\/"},{"@type":"ListItem","position":2,"name":"Gruppenreisen in Yorkshire &#8211; ma\u00dfgeschneiderte Touren und Busreisen"}]}]}},"_links":{"self":[{"href":"https:\/\/www.urlaubcornwall.de\/blog\/wp-json\/wp\/v2\/pages\/36739"}],"collection":[{"href":"https:\/\/www.urlaubcornwall.de\/blog\/wp-json\/wp\/v2\/pages"}],"about":[{"href":"https:\/\/www.urlaubcornwall.de\/blog\/wp-json\/wp\/v2\/types\/page"}],"author":[{"embeddable":true,"href":"https:\/\/www.urlaubcornwall.de\/blog\/wp-json\/wp\/v2\/users\/1"}],"replies":[{"embeddable":true,"href":"https:\/\/www.urlaubcornwall.de\/blog\/wp-json\/wp\/v2\/comments?post=36739"}],"version-history":[{"count":2,"href":"https:\/\/www.urlaubcornwall.de\/blog\/wp-json\/wp\/v2\/pages\/36739\/revisions"}],"predecessor-version":[{"id":36741,"href":"https:\/\/www.urlaubcornwall.de\/blog\/wp-json\/wp\/v2\/pages\/36739\/revisions\/36741"}],"wp:attachment":[{"href":"https:\/\/www.urlaubcornwall.de\/blog\/wp-json\/wp\/v2\/media?parent=36739"}],"curies":[{"name":"wp","href":"https:\/\/api.w.org\/{rel}","templated":true}]}}