{"id":35440,"date":"2019-01-28T16:27:30","date_gmt":"2019-01-28T16:27:30","guid":{"rendered":"https:\/\/www.urlaubcornwall.de\/blog\/?page_id=35440"},"modified":"2024-05-30T14:48:13","modified_gmt":"2024-05-30T14:48:13","slug":"wohnen-sie-in-einem-schloss-in-irland-urlaubsinspiration","status":"publish","type":"page","link":"https:\/\/www.urlaubcornwall.de\/blog\/wohnen-sie-in-einem-schloss-in-irland-urlaubsinspiration\/","title":{"rendered":"Wohnen Sie in einem Schloss in Irland \u2013 Urlaubsinspiration"},"content":{"rendered":"<p><a href=\"https:\/\/www.urlaubcornwall.de\/blog\/wp-content\/uploads\/2024\/03\/irland-chloss.jpg\"><img loading=\"lazy\" class=\"aligncenter size-full wp-image-20499\" src=\"https:\/\/www.urlaubcornwall.de\/blog\/wp-content\/uploads\/2024\/03\/irland-chloss.jpg\" alt=\"irland schloss\" width=\"750\" height=\"563\"\/><\/a><\/p>\n<p>Wenn Sie w\u00e4hrend Ihres <a href=\"https:\/\/www.urlaubcornwall.de\/blog\/erleben-sie-irland-die-emerald-insel\/\">Urlaubs in Irland<\/a> in einem historischen Schloss \u00fcbernachten m\u00f6chten, so gibt es eine Menge Auswahl; dies ist lediglich eine kleine Auswahl f\u00fcr eine unvergessliche Rundreise mit wundersch\u00f6ner Unterkunft in wundervollen Lagen. Hier ist unsere Auswahl der wundersch\u00f6nsten Schlosshotels in Irland\u2026     <\/p>\n<p><a href=\"https:\/\/www.booking.com\/hotel\/ie\/ballynahinchcastlehotel.en.html?aid=1320750&#038;no_rooms=1&#038;group_adults=2&#038;room1=A%2CA\"rel= \"nofollow\">Ballynahinch Castle in County Galway<\/a> ist ein wundersch\u00f6nes irisches 4* Schlosshotel innerhalb von mehr als 180ha Grundst\u00fccks gelegen; mit wundersch\u00f6nen Waldgebieten, Fl\u00fcssen und Spazierwegen im Herzen von Connemara und den Bergen als wundervollem Hintergrund. Eine \u00dcbernachtung in diesem charmanten Schloss w\u00e4re eine wahrhaft unvergessliche Erfahrung.<\/p>\n<p><a href=\"https:\/\/www.booking.com\/hotel\/ie\/wilton-castle.en.html?aid=1320750&#038;no_rooms=1&#038;group_adults=2&#038;room1=A%2CA\"rel= \"nofollow\">Wilton Castle, Enniscorthy in County Wexford<\/a>, ist ein liebevoll restauriertes Schloss an den Ufern des Flusses Boro, umgeben von offenem Parkgebiet und l\u00e4ndlicher Landschaft. Dieses wundersch\u00f6ne T\u00fcrmchenschloss kann exklusiv f\u00fcr bis zu 14 G\u00e4ste gebucht werden oder als individuelle, in sich geschlossene Suiten. <\/p>\n<p><a href=\"https:\/\/www.booking.com\/hotel\/ie\/ballyseede-castle.en.html?aid=1320750&#038;no_rooms=1&#038;group_adults=2&#038;room1=A%2CA\"rel= \"nofollow\">Ballyseede Castle, Tralee in County Kerry<\/a>, ist ein luxuri\u00f6ses Hotel, das tief in der Geschichte verankert ist, und es befindet sich innerhalb von 12ha privater G\u00e4rten und Waldgebietes. Diese elegante Unterkunft und feines Speiseerlebnis mit traditionell irischer K\u00fcche in einer absolut malerischen Lage lassen Ihren Aufenthalt hier wahrhaft unvergesslich sein. <\/p>\n<p><a href=\"https:\/\/www.booking.com\/hotel\/ie\/the-lodges-at-kilkea-castle.en.html?aid=1320750&#038;no_rooms=1&#038;group_adults=2&#038;room1=A%2CA\"rel= \"nofollow\">Kilkea Castle, County Kildare<\/a>, ist ein wundersch\u00f6nes Schloss aus dem 12. Jahrhundert, das 11 luxuri\u00f6se Schlafzimmer hat, die in der Geschichte verankert sind, Stil und Komfort mit wundervollem Blick auf den Fluss Greese, den Rosengarten oder den Schlosshof. <\/p>\n<p><a href=\"https:\/\/www.booking.com\/hotel\/ie\/fitzpatrickcastle.en.html?aid=1320750&#038;no_rooms=1&#038;group_adults=2&#038;room1=A%2CA\" rel= \"nofollow\">Fitzpatrick Castle Hotel<\/a> ist ein luxuri\u00f6ses 4* Schlosshotel aus dem 18. Jahrhundert, lediglich eine 20-min\u00fctige Autofahrt von der Stadt Dublin entfernt mit Blick \u00fcber die Dublin Bucht. Es ist ein idealer Ort, um die Gegend zu erkunden, und einige der Deluxe-Zimmer und Suiten haben Balkone mit Blick. <\/p>\n<h2><strong>Eine Auswahl der besten Hotels in Irland &#8211; Sonderangebote und Discounts<\/strong><\/h2>\n<p>F\u00fcr all jene, die innerhalb von Irlands wundervoller Landschaft untergebracht sein wollen, k\u00f6nnen wir fantastische Hotels anbieten, die jedem Geldbeutel gerecht werden, von B&amp;Bs oder Familienhotels, die ein gro\u00dfartiges Preis-Leistungsverh\u00e4ltnis und M\u00f6glichkeiten f\u00fcr Kinder bieten bis hin zu Luxus-Spa-Hotels, eleganten Herrenh\u00e4usern oder f\u00fcnf-Sterne Schloss- und Boutique-Hotels.<br \/>\n<ins class=\"bookingaff\" data-aid=\"1697770\" data-target_aid=\"1697770\" data-prod=\"map\" data-width=\"100%\" data-height=\"590\" data-lang=\"ualng\" data-dest_id=\"0\" data-dest_type=\"landmark\" data-latitude=\"53.3498053\" data-longitude=\"-6.2603097\" data-landmark_name=\"Sch\u00f6nsten Hotels in Irland\" data-mwhsb=\"1\"><br \/>\n<!-- Anything inside will go away once widget is loaded. --><br \/>\n<a href=\"\/\/www.booking.com?aid=1697770\" rel=\"nofollow\">Booking.com<\/a><br \/>\n<\/ins><br \/>\n<script type=\"text\/javascript\">\n    (function(d, sc, u) {\n      var s = d.createElement(sc), p = d.getElementsByTagName(sc)[0];\n      s.type = 'text\/javascript';\n      s.async = true;\n      s.src = u + '?v=' + (+new Date());\n      p.parentNode.insertBefore(s,p);\n      })(document, 'script', '\/\/aff.bstatic.com\/static\/affiliate_base\/js\/flexiproduct.js');\n<\/script><\/p>\n<div class=\"snippet\"> <a class=\"featured-item\" href=\" https:\/\/www.urlaubcornwall.de\/blog\/rundreisen-irland\/\"> <span class=\"image-holder\" style=\"background-image: url(' https:\/\/www.urlaubcornwall.de\/blog\/wp-content\/uploads\/2024\/03\/Cork-irland.jpg');\"><\/span> <span class=\"featured-content\"> \n<h2 class=\"featured-title\">Rundreisen durch Irland<\/h2>\n<p class=\"featured-body\">Von den Sehensw\u00fcrdigkeiten von Irlands Wild Atlantic Way, einer herrlichen K\u00fcstenroute von Cork nach Connemara und Donegal bis hin zu einer Flucht auf eine irische Insel &#8230;&#8230;<\/p>\n<\/span> <span class=\"featured-link-holder\"> <span class=\"featured-extra-info\"> \n<p>F\u00fcr Paare, Familien &#038; Gruppen<\/p>\n<\/span> \n<p class=\"featured-link\">DETAILS<\/p>\n<\/span> <\/a><\/div>\n<div class=\"snippet\"> <a class=\"featured-item\" href=\" https:\/\/www.urlaubcornwall.de\/blog\/gefuehrte-busreisen-und-busrundreisen-in-irland\/\"> <span class=\"image-holder\" style=\"background-image: url(' https:\/\/www.urlaubcornwall.de\/blog\/wp-content\/uploads\/2019\/01\/wild-atlantic-way-irland.jpg');\"><\/span> <span class=\"featured-content\"> \n<h2 class=\"featured-title\">Gef\u00fchrte Busreisen und Busrundreisen in Irland<\/h2>\n<p class=\"featured-body\">Vielleicht suchen Sie ja eine Reise zu Sehensw\u00fcrdigkeiten, oder Sie haben besondere Interessen, wie zum Beispiel Gartenreisen und Literaturreisen&#8230;&#8230;.<\/p>\n<\/span> <span class=\"featured-link-holder\"> <span class=\"featured-extra-info\"> \n<p>F\u00fcr Paare, Familien &#038; Gruppen<\/p>\n<\/span> \n<p class=\"featured-link\">DETAILS<\/p>\n<\/span> <\/a><\/div>\n","protected":false},"excerpt":{"rendered":"<p>Wenn Sie w\u00e4hrend Ihres Urlaubs in Irland in einem historischen Schloss \u00fcbernachten m\u00f6chten, so gibt es eine Menge Auswahl; dies ist lediglich eine kleine Auswahl f\u00fcr eine unvergessliche Rundreise mit wundersch\u00f6ner Unterkunft in wundervollen Lagen. Hier ist unsere Auswahl der wundersch\u00f6nsten Schlosshotels in Irland\u2026 Ballynahinch Castle in County Galway ist ein wundersch\u00f6nes irisches 4* Schlosshotel [&hellip;]<\/p>\n","protected":false},"author":1,"featured_media":0,"parent":0,"menu_order":0,"comment_status":"closed","ping_status":"closed","template":"single-four.php","meta":[],"acf":[],"yoast_head":"<!-- This site is optimized with the Yoast SEO plugin v19.4 - https:\/\/yoast.com\/wordpress\/plugins\/seo\/ -->\n<title>Wohnen Sie in einem Schloss in Irland \u2013 Urlaubsinspiration - Urlaub &amp; Reisen<\/title>\n<meta name=\"robots\" content=\"index, follow, max-snippet:-1, max-image-preview:large, max-video-preview:-1\" \/>\n<link rel=\"canonical\" href=\"https:\/\/www.urlaubcornwall.de\/blog\/wohnen-sie-in-einem-schloss-in-irland-urlaubsinspiration\/\" \/>\n<meta property=\"og:locale\" content=\"en_US\" \/>\n<meta property=\"og:type\" content=\"article\" \/>\n<meta property=\"og:title\" content=\"Wohnen Sie in einem Schloss in Irland \u2013 Urlaubsinspiration - Urlaub &amp; Reisen\" \/>\n<meta property=\"og:description\" content=\"Wenn Sie w\u00e4hrend Ihres Urlaubs in Irland in einem historischen Schloss \u00fcbernachten m\u00f6chten, so gibt es eine Menge Auswahl; dies ist lediglich eine kleine Auswahl f\u00fcr eine unvergessliche Rundreise mit wundersch\u00f6ner Unterkunft in wundervollen Lagen. Hier ist unsere Auswahl der wundersch\u00f6nsten Schlosshotels in Irland\u2026 Ballynahinch Castle in County Galway ist ein wundersch\u00f6nes irisches 4* Schlosshotel [&hellip;]\" \/>\n<meta property=\"og:url\" content=\"https:\/\/www.urlaubcornwall.de\/blog\/wohnen-sie-in-einem-schloss-in-irland-urlaubsinspiration\/\" \/>\n<meta property=\"og:site_name\" content=\"Urlaub &amp; Reisen\" \/>\n<meta property=\"article:modified_time\" content=\"2024-05-30T14:48:13+00:00\" \/>\n<meta property=\"og:image\" content=\"https:\/\/www.urlaubcornwall.de\/blog\/wp-content\/uploads\/2024\/03\/irland-chloss.jpg\" \/>\n<meta name=\"twitter:card\" content=\"summary\" \/>\n<meta name=\"twitter:label1\" content=\"Est. reading time\" \/>\n\t<meta name=\"twitter:data1\" content=\"3 minutes\" \/>\n<script type=\"application\/ld+json\" class=\"yoast-schema-graph\">{\"@context\":\"https:\/\/schema.org\",\"@graph\":[{\"@type\":\"WebSite\",\"@id\":\"https:\/\/www.urlaubcornwall.de\/blog\/#website\",\"url\":\"https:\/\/www.urlaubcornwall.de\/blog\/\",\"name\":\"Urlaub &amp; Reisen\",\"description\":\"Urlaub, Reisen, Cornwall und S\u00fcdengland: eine perfekte Kombination\",\"potentialAction\":[{\"@type\":\"SearchAction\",\"target\":{\"@type\":\"EntryPoint\",\"urlTemplate\":\"https:\/\/www.urlaubcornwall.de\/blog\/?s={search_term_string}\"},\"query-input\":\"required name=search_term_string\"}],\"inLanguage\":\"en-US\"},{\"@type\":\"WebPage\",\"@id\":\"https:\/\/www.urlaubcornwall.de\/blog\/wohnen-sie-in-einem-schloss-in-irland-urlaubsinspiration\/\",\"url\":\"https:\/\/www.urlaubcornwall.de\/blog\/wohnen-sie-in-einem-schloss-in-irland-urlaubsinspiration\/\",\"name\":\"Wohnen Sie in einem Schloss in Irland \u2013 Urlaubsinspiration - Urlaub &amp; Reisen\",\"isPartOf\":{\"@id\":\"https:\/\/www.urlaubcornwall.de\/blog\/#website\"},\"datePublished\":\"2019-01-28T16:27:30+00:00\",\"dateModified\":\"2024-05-30T14:48:13+00:00\",\"breadcrumb\":{\"@id\":\"https:\/\/www.urlaubcornwall.de\/blog\/wohnen-sie-in-einem-schloss-in-irland-urlaubsinspiration\/#breadcrumb\"},\"inLanguage\":\"en-US\",\"potentialAction\":[{\"@type\":\"ReadAction\",\"target\":[\"https:\/\/www.urlaubcornwall.de\/blog\/wohnen-sie-in-einem-schloss-in-irland-urlaubsinspiration\/\"]}]},{\"@type\":\"BreadcrumbList\",\"@id\":\"https:\/\/www.urlaubcornwall.de\/blog\/wohnen-sie-in-einem-schloss-in-irland-urlaubsinspiration\/#breadcrumb\",\"itemListElement\":[{\"@type\":\"ListItem\",\"position\":1,\"name\":\"Home\",\"item\":\"https:\/\/www.urlaubcornwall.de\/blog\/\"},{\"@type\":\"ListItem\",\"position\":2,\"name\":\"Wohnen Sie in einem Schloss in Irland \u2013 Urlaubsinspiration\"}]}]}<\/script>\n<!-- \/ Yoast SEO plugin. -->","yoast_head_json":{"title":"Wohnen Sie in einem Schloss in Irland \u2013 Urlaubsinspiration - Urlaub &amp; Reisen","robots":{"index":"index","follow":"follow","max-snippet":"max-snippet:-1","max-image-preview":"max-image-preview:large","max-video-preview":"max-video-preview:-1"},"canonical":"https:\/\/www.urlaubcornwall.de\/blog\/wohnen-sie-in-einem-schloss-in-irland-urlaubsinspiration\/","og_locale":"en_US","og_type":"article","og_title":"Wohnen Sie in einem Schloss in Irland \u2013 Urlaubsinspiration - Urlaub &amp; Reisen","og_description":"Wenn Sie w\u00e4hrend Ihres Urlaubs in Irland in einem historischen Schloss \u00fcbernachten m\u00f6chten, so gibt es eine Menge Auswahl; dies ist lediglich eine kleine Auswahl f\u00fcr eine unvergessliche Rundreise mit wundersch\u00f6ner Unterkunft in wundervollen Lagen. Hier ist unsere Auswahl der wundersch\u00f6nsten Schlosshotels in Irland\u2026 Ballynahinch Castle in County Galway ist ein wundersch\u00f6nes irisches 4* Schlosshotel [&hellip;]","og_url":"https:\/\/www.urlaubcornwall.de\/blog\/wohnen-sie-in-einem-schloss-in-irland-urlaubsinspiration\/","og_site_name":"Urlaub &amp; Reisen","article_modified_time":"2024-05-30T14:48:13+00:00","og_image":[{"url":"https:\/\/www.urlaubcornwall.de\/blog\/wp-content\/uploads\/2024\/03\/irland-chloss.jpg"}],"twitter_card":"summary","twitter_misc":{"Est. reading time":"3 minutes"},"schema":{"@context":"https:\/\/schema.org","@graph":[{"@type":"WebSite","@id":"https:\/\/www.urlaubcornwall.de\/blog\/#website","url":"https:\/\/www.urlaubcornwall.de\/blog\/","name":"Urlaub &amp; Reisen","description":"Urlaub, Reisen, Cornwall und S\u00fcdengland: eine perfekte Kombination","potentialAction":[{"@type":"SearchAction","target":{"@type":"EntryPoint","urlTemplate":"https:\/\/www.urlaubcornwall.de\/blog\/?s={search_term_string}"},"query-input":"required name=search_term_string"}],"inLanguage":"en-US"},{"@type":"WebPage","@id":"https:\/\/www.urlaubcornwall.de\/blog\/wohnen-sie-in-einem-schloss-in-irland-urlaubsinspiration\/","url":"https:\/\/www.urlaubcornwall.de\/blog\/wohnen-sie-in-einem-schloss-in-irland-urlaubsinspiration\/","name":"Wohnen Sie in einem Schloss in Irland \u2013 Urlaubsinspiration - Urlaub &amp; Reisen","isPartOf":{"@id":"https:\/\/www.urlaubcornwall.de\/blog\/#website"},"datePublished":"2019-01-28T16:27:30+00:00","dateModified":"2024-05-30T14:48:13+00:00","breadcrumb":{"@id":"https:\/\/www.urlaubcornwall.de\/blog\/wohnen-sie-in-einem-schloss-in-irland-urlaubsinspiration\/#breadcrumb"},"inLanguage":"en-US","potentialAction":[{"@type":"ReadAction","target":["https:\/\/www.urlaubcornwall.de\/blog\/wohnen-sie-in-einem-schloss-in-irland-urlaubsinspiration\/"]}]},{"@type":"BreadcrumbList","@id":"https:\/\/www.urlaubcornwall.de\/blog\/wohnen-sie-in-einem-schloss-in-irland-urlaubsinspiration\/#breadcrumb","itemListElement":[{"@type":"ListItem","position":1,"name":"Home","item":"https:\/\/www.urlaubcornwall.de\/blog\/"},{"@type":"ListItem","position":2,"name":"Wohnen Sie in einem Schloss in Irland \u2013 Urlaubsinspiration"}]}]}},"_links":{"self":[{"href":"https:\/\/www.urlaubcornwall.de\/blog\/wp-json\/wp\/v2\/pages\/35440"}],"collection":[{"href":"https:\/\/www.urlaubcornwall.de\/blog\/wp-json\/wp\/v2\/pages"}],"about":[{"href":"https:\/\/www.urlaubcornwall.de\/blog\/wp-json\/wp\/v2\/types\/page"}],"author":[{"embeddable":true,"href":"https:\/\/www.urlaubcornwall.de\/blog\/wp-json\/wp\/v2\/users\/1"}],"replies":[{"embeddable":true,"href":"https:\/\/www.urlaubcornwall.de\/blog\/wp-json\/wp\/v2\/comments?post=35440"}],"version-history":[{"count":8,"href":"https:\/\/www.urlaubcornwall.de\/blog\/wp-json\/wp\/v2\/pages\/35440\/revisions"}],"predecessor-version":[{"id":51125,"href":"https:\/\/www.urlaubcornwall.de\/blog\/wp-json\/wp\/v2\/pages\/35440\/revisions\/51125"}],"wp:attachment":[{"href":"https:\/\/www.urlaubcornwall.de\/blog\/wp-json\/wp\/v2\/media?parent=35440"}],"curies":[{"name":"wp","href":"https:\/\/api.w.org\/{rel}","templated":true}]}}