{"id":35409,"date":"2019-01-28T10:35:41","date_gmt":"2019-01-28T10:35:41","guid":{"rendered":"https:\/\/www.urlaubcornwall.de\/blog\/?page_id=35409"},"modified":"2024-05-29T10:42:03","modified_gmt":"2024-05-29T10:42:03","slug":"die-besten-gaerten-irlands-gartenreisen-urlaub","status":"publish","type":"page","link":"https:\/\/www.urlaubcornwall.de\/blog\/die-besten-gaerten-irlands-gartenreisen-urlaub\/","title":{"rendered":"Die besten G\u00e4rten Irlands &#8211; Gartenreise &#038; Urlaub"},"content":{"rendered":"<p>Irland ist ein Paradies f\u00fcr Pflanzenliebhaber; aufgrund eines mild temperierten Klimas und fruchtbarer Erde gibt es w\u00e4hrend eines <a href=\"https:\/\/www.urlaubcornwall.de\/blog\/erleben-sie-irland-die-emerald-insel\/\">Urlaubs in Irland<\/a> eine breite Vielfalt an G\u00e4rten zu besuchen: formelle G\u00e4rten, Wildg\u00e4rten, Mauerg\u00e4rten und subtropische G\u00e4rten, wobei jeder einzigartig wundersch\u00f6n ist. <\/p>\n<p><a href=\"https:\/\/www.urlaubcornwall.de\/blog\/wp-content\/uploads\/2024\/03\/Masgeschneiderte-Gartentouren-fur-Gruppen-cornwall-england.jpg\"><img loading=\"lazy\" src=\"https:\/\/www.urlaubcornwall.de\/blog\/wp-content\/uploads\/2024\/03\/Masgeschneiderte-Gartentouren-fur-Gruppen-cornwall-england.jpg\" alt=\"\" width=\"745\" height=\"468\" class=\"alignnone size-full wp-image-48102\" srcset=\"https:\/\/www.urlaubcornwall.de\/blog\/wp-content\/uploads\/2024\/03\/Masgeschneiderte-Gartentouren-fur-Gruppen-cornwall-england.jpg 745w, https:\/\/www.urlaubcornwall.de\/blog\/wp-content\/uploads\/2024\/03\/Masgeschneiderte-Gartentouren-fur-Gruppen-cornwall-england-300x188.jpg 300w\" sizes=\"(max-width: 745px) 100vw, 745px\" \/><\/a><\/p>\n<p>Powerscourt Garten in County Wicklow wurde vom National Geographic zum drittbesten Garten der Welt gew\u00e4hlt. Es gibt mehr als 19ha zu erkunden mit Seen, T\u00e4lern, Mauerg\u00e4rten und Irlands h\u00f6chstem Wasserfall. F\u00fcr einen Panoramablick \u00fcber das Grundst\u00fcck, steigen Sie hinauf zur Spitze des Pepperpot Turmes.<\/p>\n<p>Garnish Island in Bantry Bay ist ein erstaunlicher Inselgarten von seltener Sch\u00f6nheit. Die ber\u00fchmten subtropischen G\u00e4rten haben einen Martello -Turm, der aus dem Jahre 1805 stammt. Von der Spitze aus ergibt sich ein spektakul\u00e4rer Blick \u00fcber die Bantry Bucht und die dahinterliegenden Berge. Garnish Island beherbergt auch eine Robbenkolonie.<\/p>\n<p>In County Kildare befinden sich die Japanischen G\u00e4rten. Sie liegen neben dem Irish National Stud, welcher Irlands prestigetr\u00e4chtigster Ort der Pferdezucht ist. Diese weltbekannten G\u00e4rten wurden vom japanischen Meisterg\u00e4rtner Tassa Eida und seinem Sohn Minoru zwischen 1906 und 1910 geschaffen und haben eine herrliche Auswahl exotischer Pflanzen, Kirschb\u00e4umen, Steinlaternen, sowie einen alten Tannenbaum.<\/p>\n<p>Der Kylemore Abteigarten, Galway, ist ein wundervoller viktorianischer Mauergarten von ungef\u00e4hr 2,4ha. Er wurde zwischen 1867 und 1871 gestaltet und ist vergleichbar den ber\u00fchmten Kew Gardens in London. <\/p>\n<p>Die National Botanic Gardens befinden sich lediglich 3km von Dublins Stadtzentrum entfernt. Diese wundersch\u00f6nen, 16ha umfassende G\u00e4rten, haben mehr als 20 000 Pflanzenarten und sind bekannt f\u00fcr ihre exquisit restaurierten historischen Glash\u00e4user. <\/p>\n<p>Es gibt auch National Botanic Gardens in Kilmacurragh, Wicklow, wo das mildere Klima und h\u00f6herer Regenfall es anderen Pflanzen erm\u00f6glicht zu gedeihen. Beide G\u00e4rten sind eintrittsfrei.<\/p>\n<h2><strong>Eine Auswahl der besten Hotels in Irland &#8211; Sonderangebote und Discounts<\/strong><\/h2>\n<p><ins class=\"bookingaff\" data-aid=\"1697770\" data-target_aid=\"1697770\" data-prod=\"map\" data-width=\"100%\" data-height=\"590\" data-lang=\"ualng\" data-dest_id=\"0\" data-dest_type=\"landmark\" data-latitude=\"53.3498053\" data-longitude=\"-6.2603097\" data-landmark_name=\"Sch\u00f6nsten Hotels in Irland\" data-mwhsb=\"1\"><br \/>\n<!-- Anything inside will go away once widget is loaded. --><br \/>\n<a href=\"\/\/www.booking.com?aid=1697770\" rel=\"nofollow\">Booking.com<\/a><br \/>\n<\/ins><br \/>\n<script type=\"text\/javascript\">\n    (function(d, sc, u) {\n      var s = d.createElement(sc), p = d.getElementsByTagName(sc)[0];\n      s.type = 'text\/javascript';\n      s.async = true;\n      s.src = u + '?v=' + (+new Date());\n      p.parentNode.insertBefore(s,p);\n      })(document, 'script', '\/\/aff.bstatic.com\/static\/affiliate_base\/js\/flexiproduct.js');\n<\/script><\/p>\n<div class=\"snippet\"> <a class=\"featured-item\" href=\" https:\/\/www.urlaubcornwall.de\/blog\/rundreisen-irland\/\"> <span class=\"image-holder\" style=\"background-image: url(' https:\/\/www.urlaubcornwall.de\/blog\/wp-content\/uploads\/2024\/03\/Cork-irland.jpg');\"><\/span> <span class=\"featured-content\"> \n<h2 class=\"featured-title\">Rundreisen durch Irland<\/h2>\n<p class=\"featured-body\">Von den Sehensw\u00fcrdigkeiten von Irlands Wild Atlantic Way, einer herrlichen K\u00fcstenroute von Cork nach Connemara und Donegal bis hin zu einer Flucht auf eine irische Insel &#8230;&#8230;<\/p>\n<\/span> <span class=\"featured-link-holder\"> <span class=\"featured-extra-info\"> \n<p>F\u00fcr Paare, Familien &#038; Gruppen<\/p>\n<\/span> \n<p class=\"featured-link\">DETAILS<\/p>\n<\/span> <\/a><\/div>\n<div class=\"snippet\"> <a class=\"featured-item\" href=\" https:\/\/www.urlaubcornwall.de\/blog\/gefuehrte-busreisen-und-busrundreisen-in-irland\/\"> <span class=\"image-holder\" style=\"background-image: url(' https:\/\/www.urlaubcornwall.de\/blog\/wp-content\/uploads\/2019\/01\/wild-atlantic-way-irland.jpg');\"><\/span> <span class=\"featured-content\"> \n<h2 class=\"featured-title\">Gef\u00fchrte Busreisen und Busrundreisen in Irland<\/h2>\n<p class=\"featured-body\">Vielleicht suchen Sie ja eine Reise zu Sehensw\u00fcrdigkeiten, oder Sie haben besondere Interessen, wie zum Beispiel Gartenreisen und Literaturreisen&#8230;&#8230;.<\/p>\n<\/span> <span class=\"featured-link-holder\"> <span class=\"featured-extra-info\"> \n<p>F\u00fcr Paare, Familien &#038; Gruppen<\/p>\n<\/span> \n<p class=\"featured-link\">DETAILS<\/p>\n<\/span> <\/a><\/div>\n","protected":false},"excerpt":{"rendered":"<p>Irland ist ein Paradies f\u00fcr Pflanzenliebhaber; aufgrund eines mild temperierten Klimas und fruchtbarer Erde gibt es w\u00e4hrend eines Urlaubs in Irland eine breite Vielfalt an G\u00e4rten zu besuchen: formelle G\u00e4rten, Wildg\u00e4rten, Mauerg\u00e4rten und subtropische G\u00e4rten, wobei jeder einzigartig wundersch\u00f6n ist. Powerscourt Garten in County Wicklow wurde vom National Geographic zum drittbesten Garten der Welt gew\u00e4hlt. [&hellip;]<\/p>\n","protected":false},"author":1,"featured_media":0,"parent":0,"menu_order":0,"comment_status":"closed","ping_status":"closed","template":"single-four.php","meta":[],"acf":[],"yoast_head":"<!-- This site is optimized with the Yoast SEO plugin v19.4 - https:\/\/yoast.com\/wordpress\/plugins\/seo\/ -->\n<title>Die besten G\u00e4rten Irlands - Gartenreise &amp; Urlaub - Urlaub &amp; Reisen<\/title>\n<meta name=\"robots\" content=\"index, follow, max-snippet:-1, max-image-preview:large, max-video-preview:-1\" \/>\n<link rel=\"canonical\" href=\"https:\/\/www.urlaubcornwall.de\/blog\/die-besten-gaerten-irlands-gartenreisen-urlaub\/\" \/>\n<meta property=\"og:locale\" content=\"en_US\" \/>\n<meta property=\"og:type\" content=\"article\" \/>\n<meta property=\"og:title\" content=\"Die besten G\u00e4rten Irlands - Gartenreise &amp; Urlaub - Urlaub &amp; Reisen\" \/>\n<meta property=\"og:description\" content=\"Irland ist ein Paradies f\u00fcr Pflanzenliebhaber; aufgrund eines mild temperierten Klimas und fruchtbarer Erde gibt es w\u00e4hrend eines Urlaubs in Irland eine breite Vielfalt an G\u00e4rten zu besuchen: formelle G\u00e4rten, Wildg\u00e4rten, Mauerg\u00e4rten und subtropische G\u00e4rten, wobei jeder einzigartig wundersch\u00f6n ist. Powerscourt Garten in County Wicklow wurde vom National Geographic zum drittbesten Garten der Welt gew\u00e4hlt. [&hellip;]\" \/>\n<meta property=\"og:url\" content=\"https:\/\/www.urlaubcornwall.de\/blog\/die-besten-gaerten-irlands-gartenreisen-urlaub\/\" \/>\n<meta property=\"og:site_name\" content=\"Urlaub &amp; Reisen\" \/>\n<meta property=\"article:modified_time\" content=\"2024-05-29T10:42:03+00:00\" \/>\n<meta property=\"og:image\" content=\"https:\/\/www.urlaubcornwall.de\/blog\/wp-content\/uploads\/2024\/03\/Masgeschneiderte-Gartentouren-fur-Gruppen-cornwall-england.jpg\" \/>\n<meta name=\"twitter:card\" content=\"summary\" \/>\n<meta name=\"twitter:label1\" content=\"Est. reading time\" \/>\n\t<meta name=\"twitter:data1\" content=\"3 minutes\" \/>\n<script type=\"application\/ld+json\" class=\"yoast-schema-graph\">{\"@context\":\"https:\/\/schema.org\",\"@graph\":[{\"@type\":\"WebSite\",\"@id\":\"https:\/\/www.urlaubcornwall.de\/blog\/#website\",\"url\":\"https:\/\/www.urlaubcornwall.de\/blog\/\",\"name\":\"Urlaub &amp; Reisen\",\"description\":\"Urlaub, Reisen, Cornwall und S\u00fcdengland: eine perfekte Kombination\",\"potentialAction\":[{\"@type\":\"SearchAction\",\"target\":{\"@type\":\"EntryPoint\",\"urlTemplate\":\"https:\/\/www.urlaubcornwall.de\/blog\/?s={search_term_string}\"},\"query-input\":\"required name=search_term_string\"}],\"inLanguage\":\"en-US\"},{\"@type\":\"WebPage\",\"@id\":\"https:\/\/www.urlaubcornwall.de\/blog\/die-besten-gaerten-irlands-gartenreisen-urlaub\/\",\"url\":\"https:\/\/www.urlaubcornwall.de\/blog\/die-besten-gaerten-irlands-gartenreisen-urlaub\/\",\"name\":\"Die besten G\u00e4rten Irlands - Gartenreise & Urlaub - Urlaub &amp; Reisen\",\"isPartOf\":{\"@id\":\"https:\/\/www.urlaubcornwall.de\/blog\/#website\"},\"datePublished\":\"2019-01-28T10:35:41+00:00\",\"dateModified\":\"2024-05-29T10:42:03+00:00\",\"breadcrumb\":{\"@id\":\"https:\/\/www.urlaubcornwall.de\/blog\/die-besten-gaerten-irlands-gartenreisen-urlaub\/#breadcrumb\"},\"inLanguage\":\"en-US\",\"potentialAction\":[{\"@type\":\"ReadAction\",\"target\":[\"https:\/\/www.urlaubcornwall.de\/blog\/die-besten-gaerten-irlands-gartenreisen-urlaub\/\"]}]},{\"@type\":\"BreadcrumbList\",\"@id\":\"https:\/\/www.urlaubcornwall.de\/blog\/die-besten-gaerten-irlands-gartenreisen-urlaub\/#breadcrumb\",\"itemListElement\":[{\"@type\":\"ListItem\",\"position\":1,\"name\":\"Home\",\"item\":\"https:\/\/www.urlaubcornwall.de\/blog\/\"},{\"@type\":\"ListItem\",\"position\":2,\"name\":\"Die besten G\u00e4rten Irlands &#8211; Gartenreise &#038; Urlaub\"}]}]}<\/script>\n<!-- \/ Yoast SEO plugin. -->","yoast_head_json":{"title":"Die besten G\u00e4rten Irlands - Gartenreise & Urlaub - Urlaub &amp; Reisen","robots":{"index":"index","follow":"follow","max-snippet":"max-snippet:-1","max-image-preview":"max-image-preview:large","max-video-preview":"max-video-preview:-1"},"canonical":"https:\/\/www.urlaubcornwall.de\/blog\/die-besten-gaerten-irlands-gartenreisen-urlaub\/","og_locale":"en_US","og_type":"article","og_title":"Die besten G\u00e4rten Irlands - Gartenreise & Urlaub - Urlaub &amp; Reisen","og_description":"Irland ist ein Paradies f\u00fcr Pflanzenliebhaber; aufgrund eines mild temperierten Klimas und fruchtbarer Erde gibt es w\u00e4hrend eines Urlaubs in Irland eine breite Vielfalt an G\u00e4rten zu besuchen: formelle G\u00e4rten, Wildg\u00e4rten, Mauerg\u00e4rten und subtropische G\u00e4rten, wobei jeder einzigartig wundersch\u00f6n ist. Powerscourt Garten in County Wicklow wurde vom National Geographic zum drittbesten Garten der Welt gew\u00e4hlt. [&hellip;]","og_url":"https:\/\/www.urlaubcornwall.de\/blog\/die-besten-gaerten-irlands-gartenreisen-urlaub\/","og_site_name":"Urlaub &amp; Reisen","article_modified_time":"2024-05-29T10:42:03+00:00","og_image":[{"url":"https:\/\/www.urlaubcornwall.de\/blog\/wp-content\/uploads\/2024\/03\/Masgeschneiderte-Gartentouren-fur-Gruppen-cornwall-england.jpg"}],"twitter_card":"summary","twitter_misc":{"Est. reading time":"3 minutes"},"schema":{"@context":"https:\/\/schema.org","@graph":[{"@type":"WebSite","@id":"https:\/\/www.urlaubcornwall.de\/blog\/#website","url":"https:\/\/www.urlaubcornwall.de\/blog\/","name":"Urlaub &amp; Reisen","description":"Urlaub, Reisen, Cornwall und S\u00fcdengland: eine perfekte Kombination","potentialAction":[{"@type":"SearchAction","target":{"@type":"EntryPoint","urlTemplate":"https:\/\/www.urlaubcornwall.de\/blog\/?s={search_term_string}"},"query-input":"required name=search_term_string"}],"inLanguage":"en-US"},{"@type":"WebPage","@id":"https:\/\/www.urlaubcornwall.de\/blog\/die-besten-gaerten-irlands-gartenreisen-urlaub\/","url":"https:\/\/www.urlaubcornwall.de\/blog\/die-besten-gaerten-irlands-gartenreisen-urlaub\/","name":"Die besten G\u00e4rten Irlands - Gartenreise & Urlaub - Urlaub &amp; Reisen","isPartOf":{"@id":"https:\/\/www.urlaubcornwall.de\/blog\/#website"},"datePublished":"2019-01-28T10:35:41+00:00","dateModified":"2024-05-29T10:42:03+00:00","breadcrumb":{"@id":"https:\/\/www.urlaubcornwall.de\/blog\/die-besten-gaerten-irlands-gartenreisen-urlaub\/#breadcrumb"},"inLanguage":"en-US","potentialAction":[{"@type":"ReadAction","target":["https:\/\/www.urlaubcornwall.de\/blog\/die-besten-gaerten-irlands-gartenreisen-urlaub\/"]}]},{"@type":"BreadcrumbList","@id":"https:\/\/www.urlaubcornwall.de\/blog\/die-besten-gaerten-irlands-gartenreisen-urlaub\/#breadcrumb","itemListElement":[{"@type":"ListItem","position":1,"name":"Home","item":"https:\/\/www.urlaubcornwall.de\/blog\/"},{"@type":"ListItem","position":2,"name":"Die besten G\u00e4rten Irlands &#8211; Gartenreise &#038; Urlaub"}]}]}},"_links":{"self":[{"href":"https:\/\/www.urlaubcornwall.de\/blog\/wp-json\/wp\/v2\/pages\/35409"}],"collection":[{"href":"https:\/\/www.urlaubcornwall.de\/blog\/wp-json\/wp\/v2\/pages"}],"about":[{"href":"https:\/\/www.urlaubcornwall.de\/blog\/wp-json\/wp\/v2\/types\/page"}],"author":[{"embeddable":true,"href":"https:\/\/www.urlaubcornwall.de\/blog\/wp-json\/wp\/v2\/users\/1"}],"replies":[{"embeddable":true,"href":"https:\/\/www.urlaubcornwall.de\/blog\/wp-json\/wp\/v2\/comments?post=35409"}],"version-history":[{"count":10,"href":"https:\/\/www.urlaubcornwall.de\/blog\/wp-json\/wp\/v2\/pages\/35409\/revisions"}],"predecessor-version":[{"id":50583,"href":"https:\/\/www.urlaubcornwall.de\/blog\/wp-json\/wp\/v2\/pages\/35409\/revisions\/50583"}],"wp:attachment":[{"href":"https:\/\/www.urlaubcornwall.de\/blog\/wp-json\/wp\/v2\/media?parent=35409"}],"curies":[{"name":"wp","href":"https:\/\/api.w.org\/{rel}","templated":true}]}}