{"id":34767,"date":"2018-12-10T09:02:05","date_gmt":"2018-12-10T09:02:05","guid":{"rendered":"https:\/\/www.urlaubcornwall.de\/blog\/?page_id=34767"},"modified":"2018-12-10T09:02:05","modified_gmt":"2018-12-10T09:02:05","slug":"literaturreisen-durch-dorset-and-suedwest-england-fuer-ihre-gruppe","status":"publish","type":"page","link":"https:\/\/www.urlaubcornwall.de\/blog\/literaturreisen-durch-dorset-and-suedwest-england-fuer-ihre-gruppe\/","title":{"rendered":"Literaturreisen durch Dorset and S\u00fcdwest-England f\u00fcr Ihre Gruppe"},"content":{"rendered":"<p><img loading=\"lazy\" class=\"aligncenter size-large wp-image-24805\" src=\"https:\/\/www.urlaubcornwall.de\/blog\/wp-content\/uploads\/2016\/07\/corfe-schloss-dorset.jpg\" alt=\"Gruppenreisen Dorset Thomas Hardy\" width=\"745\" height=\"393\" srcset=\"https:\/\/www.urlaubcornwall.de\/blog\/wp-content\/uploads\/2016\/07\/corfe-schloss-dorset.jpg 745w, https:\/\/www.urlaubcornwall.de\/blog\/wp-content\/uploads\/2016\/07\/corfe-schloss-dorset-300x158.jpg 300w\" sizes=\"(max-width: 745px) 100vw, 745px\" \/><br \/>\nWir sind Experten bez\u00fcglich <a href=\"https:\/\/www.urlaubcornwall.de\/massgeschneiderte-gruppenreisen-und-touren.php\">ma\u00dfgeschneiderter Gruppenreisen f\u00fcr kleine und gro\u00dfe Gruppen durch Dorset<\/a>.<\/p>\n<p>Thomas Hardy siedelte all seine Hauptwerke, die er auf der Grafschaft Dorset basierte, im Gebiet von Wessex an. Er wurde in Dorset geboren und verbrachte die meiste Zeit seines Lebens dort. Die Landschaft dieser Grafschaft ist noch immer nahezu dieselbe wie sie zu seiner Zeit war, und Besucher k\u00f6nnen erleben, was ihn zum Schreiben seiner Geschichten inspirierte. Das reetgedeckte Cottage, wo er geboren wurde und einige seiner fr\u00fchen Geschichten schrieb, befindet sich im Besitz des National Trust und kann w\u00e4hrend einer Tour durch Dorset besichtigt werden.<\/p>\n<p>Wir passen Ihre Gruppenreise gerne an, um Ihren und den Bed\u00fcrfnissen Ihrer Kunden entgegenzukommen, indem wir Reiseziele, Redner, Besichtigungen und Erfahrungen hinzuf\u00fcgen, um eine wahrhaft einzigartige Literaturreise zu gestalten.<\/p>\n<p>Wir erforschen und designen auch sehr gerne eine komplett neue Tour um ein Thema herum. Bitte <a href=\"https:\/\/www.urlaubcornwall.de\/gruppenanfrage.php\">kontaktieren Sie uns daher mit Ihren eigenen Ideen<\/a>.<\/p>\n<p style=\"text-align: center;\"><a class=\"tidycta\" href=\"https:\/\/www.urlaubcornwall.de\/gruppenanfrage.php\">Gruppenanfrage<\/a><\/p>\n","protected":false},"excerpt":{"rendered":"<p>Wir sind Experten bez\u00fcglich ma\u00dfgeschneiderter Gruppenreisen f\u00fcr kleine und gro\u00dfe Gruppen durch Dorset. Thomas Hardy siedelte all seine Hauptwerke, die er auf der Grafschaft Dorset basierte, im Gebiet von Wessex an. Er wurde in Dorset geboren und verbrachte die meiste Zeit seines Lebens dort. Die Landschaft dieser Grafschaft ist noch immer nahezu dieselbe wie sie [&hellip;]<\/p>\n","protected":false},"author":1,"featured_media":0,"parent":0,"menu_order":0,"comment_status":"closed","ping_status":"closed","template":"single-four.php","meta":[],"acf":[],"yoast_head":"<!-- This site is optimized with the Yoast SEO plugin v19.4 - https:\/\/yoast.com\/wordpress\/plugins\/seo\/ -->\n<title>Literaturreisen durch Dorset and S\u00fcdwest-England f\u00fcr Ihre Gruppe - Urlaub &amp; Reisen<\/title>\n<meta name=\"robots\" content=\"index, follow, max-snippet:-1, max-image-preview:large, max-video-preview:-1\" \/>\n<link rel=\"canonical\" href=\"https:\/\/www.urlaubcornwall.de\/blog\/literaturreisen-durch-dorset-and-suedwest-england-fuer-ihre-gruppe\/\" \/>\n<meta property=\"og:locale\" content=\"en_US\" \/>\n<meta property=\"og:type\" content=\"article\" \/>\n<meta property=\"og:title\" content=\"Literaturreisen durch Dorset and S\u00fcdwest-England f\u00fcr Ihre Gruppe - Urlaub &amp; Reisen\" \/>\n<meta property=\"og:description\" content=\"Wir sind Experten bez\u00fcglich ma\u00dfgeschneiderter Gruppenreisen f\u00fcr kleine und gro\u00dfe Gruppen durch Dorset. Thomas Hardy siedelte all seine Hauptwerke, die er auf der Grafschaft Dorset basierte, im Gebiet von Wessex an. Er wurde in Dorset geboren und verbrachte die meiste Zeit seines Lebens dort. Die Landschaft dieser Grafschaft ist noch immer nahezu dieselbe wie sie [&hellip;]\" \/>\n<meta property=\"og:url\" content=\"https:\/\/www.urlaubcornwall.de\/blog\/literaturreisen-durch-dorset-and-suedwest-england-fuer-ihre-gruppe\/\" \/>\n<meta property=\"og:site_name\" content=\"Urlaub &amp; Reisen\" \/>\n<meta property=\"og:image\" content=\"https:\/\/www.urlaubcornwall.de\/blog\/wp-content\/uploads\/2016\/07\/corfe-schloss-dorset.jpg\" \/>\n<meta name=\"twitter:card\" content=\"summary\" \/>\n<meta name=\"twitter:label1\" content=\"Est. reading time\" \/>\n\t<meta name=\"twitter:data1\" content=\"1 minute\" \/>\n<script type=\"application\/ld+json\" class=\"yoast-schema-graph\">{\"@context\":\"https:\/\/schema.org\",\"@graph\":[{\"@type\":\"WebSite\",\"@id\":\"https:\/\/www.urlaubcornwall.de\/blog\/#website\",\"url\":\"https:\/\/www.urlaubcornwall.de\/blog\/\",\"name\":\"Urlaub &amp; Reisen\",\"description\":\"Urlaub, Reisen, Cornwall und S\u00fcdengland: eine perfekte Kombination\",\"potentialAction\":[{\"@type\":\"SearchAction\",\"target\":{\"@type\":\"EntryPoint\",\"urlTemplate\":\"https:\/\/www.urlaubcornwall.de\/blog\/?s={search_term_string}\"},\"query-input\":\"required name=search_term_string\"}],\"inLanguage\":\"en-US\"},{\"@type\":\"WebPage\",\"@id\":\"https:\/\/www.urlaubcornwall.de\/blog\/literaturreisen-durch-dorset-and-suedwest-england-fuer-ihre-gruppe\/\",\"url\":\"https:\/\/www.urlaubcornwall.de\/blog\/literaturreisen-durch-dorset-and-suedwest-england-fuer-ihre-gruppe\/\",\"name\":\"Literaturreisen durch Dorset and S\u00fcdwest-England f\u00fcr Ihre Gruppe - Urlaub &amp; Reisen\",\"isPartOf\":{\"@id\":\"https:\/\/www.urlaubcornwall.de\/blog\/#website\"},\"datePublished\":\"2018-12-10T09:02:05+00:00\",\"dateModified\":\"2018-12-10T09:02:05+00:00\",\"breadcrumb\":{\"@id\":\"https:\/\/www.urlaubcornwall.de\/blog\/literaturreisen-durch-dorset-and-suedwest-england-fuer-ihre-gruppe\/#breadcrumb\"},\"inLanguage\":\"en-US\",\"potentialAction\":[{\"@type\":\"ReadAction\",\"target\":[\"https:\/\/www.urlaubcornwall.de\/blog\/literaturreisen-durch-dorset-and-suedwest-england-fuer-ihre-gruppe\/\"]}]},{\"@type\":\"BreadcrumbList\",\"@id\":\"https:\/\/www.urlaubcornwall.de\/blog\/literaturreisen-durch-dorset-and-suedwest-england-fuer-ihre-gruppe\/#breadcrumb\",\"itemListElement\":[{\"@type\":\"ListItem\",\"position\":1,\"name\":\"Home\",\"item\":\"https:\/\/www.urlaubcornwall.de\/blog\/\"},{\"@type\":\"ListItem\",\"position\":2,\"name\":\"Literaturreisen durch Dorset and S\u00fcdwest-England f\u00fcr Ihre Gruppe\"}]}]}<\/script>\n<!-- \/ Yoast SEO plugin. -->","yoast_head_json":{"title":"Literaturreisen durch Dorset and S\u00fcdwest-England f\u00fcr Ihre Gruppe - Urlaub &amp; Reisen","robots":{"index":"index","follow":"follow","max-snippet":"max-snippet:-1","max-image-preview":"max-image-preview:large","max-video-preview":"max-video-preview:-1"},"canonical":"https:\/\/www.urlaubcornwall.de\/blog\/literaturreisen-durch-dorset-and-suedwest-england-fuer-ihre-gruppe\/","og_locale":"en_US","og_type":"article","og_title":"Literaturreisen durch Dorset and S\u00fcdwest-England f\u00fcr Ihre Gruppe - Urlaub &amp; Reisen","og_description":"Wir sind Experten bez\u00fcglich ma\u00dfgeschneiderter Gruppenreisen f\u00fcr kleine und gro\u00dfe Gruppen durch Dorset. Thomas Hardy siedelte all seine Hauptwerke, die er auf der Grafschaft Dorset basierte, im Gebiet von Wessex an. Er wurde in Dorset geboren und verbrachte die meiste Zeit seines Lebens dort. Die Landschaft dieser Grafschaft ist noch immer nahezu dieselbe wie sie [&hellip;]","og_url":"https:\/\/www.urlaubcornwall.de\/blog\/literaturreisen-durch-dorset-and-suedwest-england-fuer-ihre-gruppe\/","og_site_name":"Urlaub &amp; Reisen","og_image":[{"url":"https:\/\/www.urlaubcornwall.de\/blog\/wp-content\/uploads\/2016\/07\/corfe-schloss-dorset.jpg"}],"twitter_card":"summary","twitter_misc":{"Est. reading time":"1 minute"},"schema":{"@context":"https:\/\/schema.org","@graph":[{"@type":"WebSite","@id":"https:\/\/www.urlaubcornwall.de\/blog\/#website","url":"https:\/\/www.urlaubcornwall.de\/blog\/","name":"Urlaub &amp; Reisen","description":"Urlaub, Reisen, Cornwall und S\u00fcdengland: eine perfekte Kombination","potentialAction":[{"@type":"SearchAction","target":{"@type":"EntryPoint","urlTemplate":"https:\/\/www.urlaubcornwall.de\/blog\/?s={search_term_string}"},"query-input":"required name=search_term_string"}],"inLanguage":"en-US"},{"@type":"WebPage","@id":"https:\/\/www.urlaubcornwall.de\/blog\/literaturreisen-durch-dorset-and-suedwest-england-fuer-ihre-gruppe\/","url":"https:\/\/www.urlaubcornwall.de\/blog\/literaturreisen-durch-dorset-and-suedwest-england-fuer-ihre-gruppe\/","name":"Literaturreisen durch Dorset and S\u00fcdwest-England f\u00fcr Ihre Gruppe - Urlaub &amp; Reisen","isPartOf":{"@id":"https:\/\/www.urlaubcornwall.de\/blog\/#website"},"datePublished":"2018-12-10T09:02:05+00:00","dateModified":"2018-12-10T09:02:05+00:00","breadcrumb":{"@id":"https:\/\/www.urlaubcornwall.de\/blog\/literaturreisen-durch-dorset-and-suedwest-england-fuer-ihre-gruppe\/#breadcrumb"},"inLanguage":"en-US","potentialAction":[{"@type":"ReadAction","target":["https:\/\/www.urlaubcornwall.de\/blog\/literaturreisen-durch-dorset-and-suedwest-england-fuer-ihre-gruppe\/"]}]},{"@type":"BreadcrumbList","@id":"https:\/\/www.urlaubcornwall.de\/blog\/literaturreisen-durch-dorset-and-suedwest-england-fuer-ihre-gruppe\/#breadcrumb","itemListElement":[{"@type":"ListItem","position":1,"name":"Home","item":"https:\/\/www.urlaubcornwall.de\/blog\/"},{"@type":"ListItem","position":2,"name":"Literaturreisen durch Dorset and S\u00fcdwest-England f\u00fcr Ihre Gruppe"}]}]}},"_links":{"self":[{"href":"https:\/\/www.urlaubcornwall.de\/blog\/wp-json\/wp\/v2\/pages\/34767"}],"collection":[{"href":"https:\/\/www.urlaubcornwall.de\/blog\/wp-json\/wp\/v2\/pages"}],"about":[{"href":"https:\/\/www.urlaubcornwall.de\/blog\/wp-json\/wp\/v2\/types\/page"}],"author":[{"embeddable":true,"href":"https:\/\/www.urlaubcornwall.de\/blog\/wp-json\/wp\/v2\/users\/1"}],"replies":[{"embeddable":true,"href":"https:\/\/www.urlaubcornwall.de\/blog\/wp-json\/wp\/v2\/comments?post=34767"}],"version-history":[{"count":1,"href":"https:\/\/www.urlaubcornwall.de\/blog\/wp-json\/wp\/v2\/pages\/34767\/revisions"}],"predecessor-version":[{"id":34768,"href":"https:\/\/www.urlaubcornwall.de\/blog\/wp-json\/wp\/v2\/pages\/34767\/revisions\/34768"}],"wp:attachment":[{"href":"https:\/\/www.urlaubcornwall.de\/blog\/wp-json\/wp\/v2\/media?parent=34767"}],"curies":[{"name":"wp","href":"https:\/\/api.w.org\/{rel}","templated":true}]}}