{"id":34763,"date":"2018-12-10T08:54:28","date_gmt":"2018-12-10T08:54:28","guid":{"rendered":"https:\/\/www.urlaubcornwall.de\/blog\/?page_id=34763"},"modified":"2024-05-30T14:51:32","modified_gmt":"2024-05-30T14:51:32","slug":"literaturreisen-in-suedengland-fuer-ihre-gruppe-massgeschneiderte-gruppenreisen","status":"publish","type":"page","link":"https:\/\/www.urlaubcornwall.de\/blog\/literaturreisen-in-suedengland-fuer-ihre-gruppe-massgeschneiderte-gruppenreisen\/","title":{"rendered":"Literaturreisen in S\u00fcdengland f\u00fcr Ihre Gruppe &#8211; Ma\u00dfgeschneiderte Gruppenreisen"},"content":{"rendered":"<p><a href=\"https:\/\/www.urlaubcornwall.de\/blog\/wp-content\/uploads\/2018\/06\/Trerice-herrenhaus.jpg\"><img loading=\"lazy\" src=\"https:\/\/www.urlaubcornwall.de\/blog\/wp-content\/uploads\/2018\/06\/Trerice-herrenhaus.jpg\" alt=\"\" width=\"746\" height=\"429\" class=\"alignnone size-full wp-image-33895\" srcset=\"https:\/\/www.urlaubcornwall.de\/blog\/wp-content\/uploads\/2018\/06\/Trerice-herrenhaus.jpg 746w, https:\/\/www.urlaubcornwall.de\/blog\/wp-content\/uploads\/2018\/06\/Trerice-herrenhaus-300x173.jpg 300w\" sizes=\"(max-width: 746px) 100vw, 746px\" \/><\/a><br \/>\nWir sind Experten bez\u00fcglich <a href=\"https:\/\/www.urlaubcornwall.de\/massgeschneiderte-gruppenreisen-und-touren.php\">ma\u00dfgeschneiderter Gruppenreisen f\u00fcr kleine und gro\u00dfe Gruppen durch in S\u00fcdengland<\/a>.<\/p>\n<p>Wenn Sie sich f\u00fcr Jane Austen interessieren, wird Sie eine Tour in ihren Fu\u00dfstapfen von ihrer Geburtsst\u00e4tte in Steventon, Hampshire, zum Dorf Chawton, Hampshire und Winchester, sowie nach Bath in Somerset f\u00fchren. Obgleich Jane Austen in Hampshire geboren wurde, war es doch die Zeit, die sie in Bath verbrachte, die den gr\u00f6\u00dften Einfluss auf ihr Schreiben hatte. Das Jane Austen Zentrum in der Stadt Bath versucht ihre Erfahrungen in der Stadt zum Leben zu erwecken und die Auswirkungen zu erkl\u00e4ren, die diese auf ihr Schreiben hatten. Ein Besuch des Chawton House, Hampshire, erm\u00f6glicht es Ihnen, durch das Haus und die G\u00e4rten in ihren Fu\u00dfstapfen zu wandeln. Jane Austen ist in der Kathedrale von Winchester bestattet, und ganz in der N\u00e4he befindet sich das Haus, in dem sie die letzten paar Wochen ihres Lebens verbrachte.<\/p>\n<p>Wir passen Ihre Gruppenreise durch S\u00fcdengland gerne an, um Ihren und den Bed\u00fcrfnissen Ihrer Kunden entgegenzukommen, indem wir Reiseziele, Redner, Besichtigungen und Erfahrungen hinzuf\u00fcgen, um eine wahrhaft einzigartige Literaturreise zu gestalten.<\/p>\n<p>Wir erforschen und designen auch sehr gerne eine komplett neue Tour um ein Thema herum. Bitte <a href=\"https:\/\/www.urlaubcornwall.de\/gruppenanfrage.php\">kontaktieren Sie uns daher mit Ihren eigenen Ideen<\/a>.<\/p>\n<p style=\"text-align: center;\"><a class=\"tidycta\" href=\"https:\/\/www.urlaubcornwall.de\/gruppenanfrage.php\">Gruppenanfrage<\/a><\/p>\n","protected":false},"excerpt":{"rendered":"<p>Wir sind Experten bez\u00fcglich ma\u00dfgeschneiderter Gruppenreisen f\u00fcr kleine und gro\u00dfe Gruppen durch in S\u00fcdengland. Wenn Sie sich f\u00fcr Jane Austen interessieren, wird Sie eine Tour in ihren Fu\u00dfstapfen von ihrer Geburtsst\u00e4tte in Steventon, Hampshire, zum Dorf Chawton, Hampshire und Winchester, sowie nach Bath in Somerset f\u00fchren. Obgleich Jane Austen in Hampshire geboren wurde, war es [&hellip;]<\/p>\n","protected":false},"author":1,"featured_media":0,"parent":0,"menu_order":0,"comment_status":"closed","ping_status":"closed","template":"single-four.php","meta":[],"acf":[],"yoast_head":"<!-- This site is optimized with the Yoast SEO plugin v19.4 - https:\/\/yoast.com\/wordpress\/plugins\/seo\/ -->\n<title>Literaturreisen in S\u00fcdengland f\u00fcr Ihre Gruppe - Ma\u00dfgeschneiderte Gruppenreisen - Urlaub &amp; Reisen<\/title>\n<meta name=\"robots\" content=\"index, follow, max-snippet:-1, max-image-preview:large, max-video-preview:-1\" \/>\n<link rel=\"canonical\" href=\"https:\/\/www.urlaubcornwall.de\/blog\/literaturreisen-in-suedengland-fuer-ihre-gruppe-massgeschneiderte-gruppenreisen\/\" \/>\n<meta property=\"og:locale\" content=\"en_US\" \/>\n<meta property=\"og:type\" content=\"article\" \/>\n<meta property=\"og:title\" content=\"Literaturreisen in S\u00fcdengland f\u00fcr Ihre Gruppe - Ma\u00dfgeschneiderte Gruppenreisen - Urlaub &amp; Reisen\" \/>\n<meta property=\"og:description\" content=\"Wir sind Experten bez\u00fcglich ma\u00dfgeschneiderter Gruppenreisen f\u00fcr kleine und gro\u00dfe Gruppen durch in S\u00fcdengland. Wenn Sie sich f\u00fcr Jane Austen interessieren, wird Sie eine Tour in ihren Fu\u00dfstapfen von ihrer Geburtsst\u00e4tte in Steventon, Hampshire, zum Dorf Chawton, Hampshire und Winchester, sowie nach Bath in Somerset f\u00fchren. Obgleich Jane Austen in Hampshire geboren wurde, war es [&hellip;]\" \/>\n<meta property=\"og:url\" content=\"https:\/\/www.urlaubcornwall.de\/blog\/literaturreisen-in-suedengland-fuer-ihre-gruppe-massgeschneiderte-gruppenreisen\/\" \/>\n<meta property=\"og:site_name\" content=\"Urlaub &amp; Reisen\" \/>\n<meta property=\"article:modified_time\" content=\"2024-05-30T14:51:32+00:00\" \/>\n<meta property=\"og:image\" content=\"https:\/\/www.urlaubcornwall.de\/blog\/wp-content\/uploads\/2018\/06\/Trerice-herrenhaus.jpg\" \/>\n<meta name=\"twitter:card\" content=\"summary\" \/>\n<meta name=\"twitter:label1\" content=\"Est. reading time\" \/>\n\t<meta name=\"twitter:data1\" content=\"2 minutes\" \/>\n<script type=\"application\/ld+json\" class=\"yoast-schema-graph\">{\"@context\":\"https:\/\/schema.org\",\"@graph\":[{\"@type\":\"WebSite\",\"@id\":\"https:\/\/www.urlaubcornwall.de\/blog\/#website\",\"url\":\"https:\/\/www.urlaubcornwall.de\/blog\/\",\"name\":\"Urlaub &amp; Reisen\",\"description\":\"Urlaub, Reisen, Cornwall und S\u00fcdengland: eine perfekte Kombination\",\"potentialAction\":[{\"@type\":\"SearchAction\",\"target\":{\"@type\":\"EntryPoint\",\"urlTemplate\":\"https:\/\/www.urlaubcornwall.de\/blog\/?s={search_term_string}\"},\"query-input\":\"required name=search_term_string\"}],\"inLanguage\":\"en-US\"},{\"@type\":\"WebPage\",\"@id\":\"https:\/\/www.urlaubcornwall.de\/blog\/literaturreisen-in-suedengland-fuer-ihre-gruppe-massgeschneiderte-gruppenreisen\/\",\"url\":\"https:\/\/www.urlaubcornwall.de\/blog\/literaturreisen-in-suedengland-fuer-ihre-gruppe-massgeschneiderte-gruppenreisen\/\",\"name\":\"Literaturreisen in S\u00fcdengland f\u00fcr Ihre Gruppe - Ma\u00dfgeschneiderte Gruppenreisen - Urlaub &amp; Reisen\",\"isPartOf\":{\"@id\":\"https:\/\/www.urlaubcornwall.de\/blog\/#website\"},\"datePublished\":\"2018-12-10T08:54:28+00:00\",\"dateModified\":\"2024-05-30T14:51:32+00:00\",\"breadcrumb\":{\"@id\":\"https:\/\/www.urlaubcornwall.de\/blog\/literaturreisen-in-suedengland-fuer-ihre-gruppe-massgeschneiderte-gruppenreisen\/#breadcrumb\"},\"inLanguage\":\"en-US\",\"potentialAction\":[{\"@type\":\"ReadAction\",\"target\":[\"https:\/\/www.urlaubcornwall.de\/blog\/literaturreisen-in-suedengland-fuer-ihre-gruppe-massgeschneiderte-gruppenreisen\/\"]}]},{\"@type\":\"BreadcrumbList\",\"@id\":\"https:\/\/www.urlaubcornwall.de\/blog\/literaturreisen-in-suedengland-fuer-ihre-gruppe-massgeschneiderte-gruppenreisen\/#breadcrumb\",\"itemListElement\":[{\"@type\":\"ListItem\",\"position\":1,\"name\":\"Home\",\"item\":\"https:\/\/www.urlaubcornwall.de\/blog\/\"},{\"@type\":\"ListItem\",\"position\":2,\"name\":\"Literaturreisen in S\u00fcdengland f\u00fcr Ihre Gruppe &#8211; Ma\u00dfgeschneiderte Gruppenreisen\"}]}]}<\/script>\n<!-- \/ Yoast SEO plugin. -->","yoast_head_json":{"title":"Literaturreisen in S\u00fcdengland f\u00fcr Ihre Gruppe - Ma\u00dfgeschneiderte Gruppenreisen - Urlaub &amp; Reisen","robots":{"index":"index","follow":"follow","max-snippet":"max-snippet:-1","max-image-preview":"max-image-preview:large","max-video-preview":"max-video-preview:-1"},"canonical":"https:\/\/www.urlaubcornwall.de\/blog\/literaturreisen-in-suedengland-fuer-ihre-gruppe-massgeschneiderte-gruppenreisen\/","og_locale":"en_US","og_type":"article","og_title":"Literaturreisen in S\u00fcdengland f\u00fcr Ihre Gruppe - Ma\u00dfgeschneiderte Gruppenreisen - Urlaub &amp; Reisen","og_description":"Wir sind Experten bez\u00fcglich ma\u00dfgeschneiderter Gruppenreisen f\u00fcr kleine und gro\u00dfe Gruppen durch in S\u00fcdengland. Wenn Sie sich f\u00fcr Jane Austen interessieren, wird Sie eine Tour in ihren Fu\u00dfstapfen von ihrer Geburtsst\u00e4tte in Steventon, Hampshire, zum Dorf Chawton, Hampshire und Winchester, sowie nach Bath in Somerset f\u00fchren. Obgleich Jane Austen in Hampshire geboren wurde, war es [&hellip;]","og_url":"https:\/\/www.urlaubcornwall.de\/blog\/literaturreisen-in-suedengland-fuer-ihre-gruppe-massgeschneiderte-gruppenreisen\/","og_site_name":"Urlaub &amp; Reisen","article_modified_time":"2024-05-30T14:51:32+00:00","og_image":[{"url":"https:\/\/www.urlaubcornwall.de\/blog\/wp-content\/uploads\/2018\/06\/Trerice-herrenhaus.jpg"}],"twitter_card":"summary","twitter_misc":{"Est. reading time":"2 minutes"},"schema":{"@context":"https:\/\/schema.org","@graph":[{"@type":"WebSite","@id":"https:\/\/www.urlaubcornwall.de\/blog\/#website","url":"https:\/\/www.urlaubcornwall.de\/blog\/","name":"Urlaub &amp; Reisen","description":"Urlaub, Reisen, Cornwall und S\u00fcdengland: eine perfekte Kombination","potentialAction":[{"@type":"SearchAction","target":{"@type":"EntryPoint","urlTemplate":"https:\/\/www.urlaubcornwall.de\/blog\/?s={search_term_string}"},"query-input":"required name=search_term_string"}],"inLanguage":"en-US"},{"@type":"WebPage","@id":"https:\/\/www.urlaubcornwall.de\/blog\/literaturreisen-in-suedengland-fuer-ihre-gruppe-massgeschneiderte-gruppenreisen\/","url":"https:\/\/www.urlaubcornwall.de\/blog\/literaturreisen-in-suedengland-fuer-ihre-gruppe-massgeschneiderte-gruppenreisen\/","name":"Literaturreisen in S\u00fcdengland f\u00fcr Ihre Gruppe - Ma\u00dfgeschneiderte Gruppenreisen - Urlaub &amp; Reisen","isPartOf":{"@id":"https:\/\/www.urlaubcornwall.de\/blog\/#website"},"datePublished":"2018-12-10T08:54:28+00:00","dateModified":"2024-05-30T14:51:32+00:00","breadcrumb":{"@id":"https:\/\/www.urlaubcornwall.de\/blog\/literaturreisen-in-suedengland-fuer-ihre-gruppe-massgeschneiderte-gruppenreisen\/#breadcrumb"},"inLanguage":"en-US","potentialAction":[{"@type":"ReadAction","target":["https:\/\/www.urlaubcornwall.de\/blog\/literaturreisen-in-suedengland-fuer-ihre-gruppe-massgeschneiderte-gruppenreisen\/"]}]},{"@type":"BreadcrumbList","@id":"https:\/\/www.urlaubcornwall.de\/blog\/literaturreisen-in-suedengland-fuer-ihre-gruppe-massgeschneiderte-gruppenreisen\/#breadcrumb","itemListElement":[{"@type":"ListItem","position":1,"name":"Home","item":"https:\/\/www.urlaubcornwall.de\/blog\/"},{"@type":"ListItem","position":2,"name":"Literaturreisen in S\u00fcdengland f\u00fcr Ihre Gruppe &#8211; Ma\u00dfgeschneiderte Gruppenreisen"}]}]}},"_links":{"self":[{"href":"https:\/\/www.urlaubcornwall.de\/blog\/wp-json\/wp\/v2\/pages\/34763"}],"collection":[{"href":"https:\/\/www.urlaubcornwall.de\/blog\/wp-json\/wp\/v2\/pages"}],"about":[{"href":"https:\/\/www.urlaubcornwall.de\/blog\/wp-json\/wp\/v2\/types\/page"}],"author":[{"embeddable":true,"href":"https:\/\/www.urlaubcornwall.de\/blog\/wp-json\/wp\/v2\/users\/1"}],"replies":[{"embeddable":true,"href":"https:\/\/www.urlaubcornwall.de\/blog\/wp-json\/wp\/v2\/comments?post=34763"}],"version-history":[{"count":3,"href":"https:\/\/www.urlaubcornwall.de\/blog\/wp-json\/wp\/v2\/pages\/34763\/revisions"}],"predecessor-version":[{"id":51128,"href":"https:\/\/www.urlaubcornwall.de\/blog\/wp-json\/wp\/v2\/pages\/34763\/revisions\/51128"}],"wp:attachment":[{"href":"https:\/\/www.urlaubcornwall.de\/blog\/wp-json\/wp\/v2\/media?parent=34763"}],"curies":[{"name":"wp","href":"https:\/\/api.w.org\/{rel}","templated":true}]}}