{"id":34753,"date":"2018-12-09T17:54:15","date_gmt":"2018-12-09T17:54:15","guid":{"rendered":"https:\/\/www.urlaubcornwall.de\/blog\/?page_id=34753"},"modified":"2024-04-09T08:22:54","modified_gmt":"2024-04-09T08:22:54","slug":"experten-bezueglich-literaturreisen-in-schottland-fuer-ihre-gruppe","status":"publish","type":"page","link":"https:\/\/www.urlaubcornwall.de\/blog\/experten-bezueglich-literaturreisen-in-schottland-fuer-ihre-gruppe\/","title":{"rendered":"Experten bez\u00fcglich Literaturreisen in Schottland f\u00fcr Ihre Gruppe"},"content":{"rendered":"<p><img loading=\"lazy\" class=\"aligncenter size-full wp-image-47803\" src=\"https:\/\/www.urlaubcornwall.de\/blog\/wp-content\/uploads\/2024\/03\/schottland-seen.jpg\" alt=\"schottland loch\" width=\"750\" height=\"500\" srcset=\"https:\/\/www.urlaubcornwall.de\/blog\/wp-content\/uploads\/2024\/03\/schottland-seen.jpg 750w, https:\/\/www.urlaubcornwall.de\/blog\/wp-content\/uploads\/2024\/03\/schottland-seen-300x200.jpg 300w\" sizes=\"(max-width: 750px) 100vw, 750px\" \/><br \/>\nWir sind Experten bez\u00fcglich <a href=\"https:\/\/www.urlaubcornwall.de\/massgeschneiderte-gruppenreisen-und-touren.php\">ma\u00dfgeschneiderter Gruppenreisen f\u00fcr kleine und gro\u00dfe Gruppen durch Schottland<\/a> und die schottischen Highlands.<\/p>\n<p>Robert Burns ist der Nationalpoet Schottlands und eine sehr einflussreiche Gestalt in der schottischen Literatur und Kultur. Jedes Jahr an seinem Geburtstag, dem 25. Januar, wird an ihn in den \u201aBurns Night Celebrations\u2018 erinnert. Es gibt viele Orte im gesamten Schottland, die mit Burns in Verbindung gebracht werden, doch keiner mehr als seine Heimatstadt Alloway, South Ayrshire, wo er aufwuchs. Hier finden Sie sein Haus, das Burns Cottage, und das Robert Burns Geburtsst\u00e4ttemuseum.<\/p>\n<div class=\"snippet\"> <a class=\"featured-item\" href=\" https:\/\/www.urlaubcornwall.de\/massgeschneiderte-gruppenreisen-und-touren.php \"> <span class=\"image-holder\" style=\"background-image: url(' https:\/\/www.urlaubcornwall.de\/blog\/wp-content\/uploads\/2019\/01\/schloss-edinburgh-gruppenreise-schottland.jpg ');\"><\/span> <span class=\"featured-content\"> \n<h2 class=\"featured-title\"> Ma\u00dfgeschneiderte Gruppenreisen in Schottland<\/h2>\n<p class=\"featured-body\">Wir k\u00f6nnen Ihnen behilflich sein, eine fantastische Gruppenreise zusammenzustellen, auf der Sie die sch\u00f6nsten Sehensw\u00fcrdigkeiten Schottlands entdecken k\u00f6nnen. Auch interessante Themenreisen, wie z.B. eine Gartentour ,Literaturreise, oder Chorreise auf der Sie die ber\u00fchmten Schaupl\u00e4tze der Rosamunde Pilcher Verfilmungen besichtigen k\u00f6nnen, sind m\u00f6glich&#8230;.<\/p>\n<\/span> <span class=\"featured-link-holder\"> <span class=\"featured-extra-info\"> \n<p>M\u00f6chten Sie eine private Busreise, Vereinreise, Seniorenreise, Klassenfahrt oder Gruppenfahrt organisieren?<\/p>\n<\/span> \n<p class=\"featured-link\">DETAILS<\/p>\n<\/span> <\/a><\/div>\n<p>Wir passen Ihre Gruppenreise durch Schottland gerne an, um Ihren und den Bed\u00fcrfnissen Ihrer Kunden entgegenzukommen, indem wir Reiseziele, Redner, Besichtigungen und Erfahrungen hinzuf\u00fcgen, um eine wahrhaft einzigartige Literaturreise zu gestalten.<\/p>\n<p>Wir erforschen und designen auch sehr gerne eine komplett neue Tour um ein Thema herum. Bitte <a href=\"https:\/\/www.urlaubcornwall.de\/gruppenanfrage.php\">kontaktieren Sie uns daher mit Ihren eigenen Ideen<\/a>.<\/p>\n","protected":false},"excerpt":{"rendered":"<p>Wir sind Experten bez\u00fcglich ma\u00dfgeschneiderter Gruppenreisen f\u00fcr kleine und gro\u00dfe Gruppen durch Schottland und die schottischen Highlands. Robert Burns ist der Nationalpoet Schottlands und eine sehr einflussreiche Gestalt in der schottischen Literatur und Kultur. Jedes Jahr an seinem Geburtstag, dem 25. Januar, wird an ihn in den \u201aBurns Night Celebrations\u2018 erinnert. Es gibt viele Orte [&hellip;]<\/p>\n","protected":false},"author":1,"featured_media":0,"parent":0,"menu_order":0,"comment_status":"closed","ping_status":"closed","template":"single-four.php","meta":[],"acf":[],"yoast_head":"<!-- This site is optimized with the Yoast SEO plugin v19.4 - https:\/\/yoast.com\/wordpress\/plugins\/seo\/ -->\n<title>Experten bez\u00fcglich Literaturreisen in Schottland f\u00fcr Ihre Gruppe - Urlaub &amp; Reisen<\/title>\n<meta name=\"robots\" content=\"index, follow, max-snippet:-1, max-image-preview:large, max-video-preview:-1\" \/>\n<link rel=\"canonical\" href=\"https:\/\/www.urlaubcornwall.de\/blog\/experten-bezueglich-literaturreisen-in-schottland-fuer-ihre-gruppe\/\" \/>\n<meta property=\"og:locale\" content=\"en_US\" \/>\n<meta property=\"og:type\" content=\"article\" \/>\n<meta property=\"og:title\" content=\"Experten bez\u00fcglich Literaturreisen in Schottland f\u00fcr Ihre Gruppe - Urlaub &amp; Reisen\" \/>\n<meta property=\"og:description\" content=\"Wir sind Experten bez\u00fcglich ma\u00dfgeschneiderter Gruppenreisen f\u00fcr kleine und gro\u00dfe Gruppen durch Schottland und die schottischen Highlands. Robert Burns ist der Nationalpoet Schottlands und eine sehr einflussreiche Gestalt in der schottischen Literatur und Kultur. Jedes Jahr an seinem Geburtstag, dem 25. Januar, wird an ihn in den \u201aBurns Night Celebrations\u2018 erinnert. Es gibt viele Orte [&hellip;]\" \/>\n<meta property=\"og:url\" content=\"https:\/\/www.urlaubcornwall.de\/blog\/experten-bezueglich-literaturreisen-in-schottland-fuer-ihre-gruppe\/\" \/>\n<meta property=\"og:site_name\" content=\"Urlaub &amp; Reisen\" \/>\n<meta property=\"article:modified_time\" content=\"2024-04-09T08:22:54+00:00\" \/>\n<meta property=\"og:image\" content=\"https:\/\/www.urlaubcornwall.de\/blog\/wp-content\/uploads\/2024\/03\/schottland-seen.jpg\" \/>\n<meta name=\"twitter:card\" content=\"summary\" \/>\n<meta name=\"twitter:label1\" content=\"Est. reading time\" \/>\n\t<meta name=\"twitter:data1\" content=\"2 minutes\" \/>\n<script type=\"application\/ld+json\" class=\"yoast-schema-graph\">{\"@context\":\"https:\/\/schema.org\",\"@graph\":[{\"@type\":\"WebSite\",\"@id\":\"https:\/\/www.urlaubcornwall.de\/blog\/#website\",\"url\":\"https:\/\/www.urlaubcornwall.de\/blog\/\",\"name\":\"Urlaub &amp; Reisen\",\"description\":\"Urlaub, Reisen, Cornwall und S\u00fcdengland: eine perfekte Kombination\",\"potentialAction\":[{\"@type\":\"SearchAction\",\"target\":{\"@type\":\"EntryPoint\",\"urlTemplate\":\"https:\/\/www.urlaubcornwall.de\/blog\/?s={search_term_string}\"},\"query-input\":\"required name=search_term_string\"}],\"inLanguage\":\"en-US\"},{\"@type\":\"WebPage\",\"@id\":\"https:\/\/www.urlaubcornwall.de\/blog\/experten-bezueglich-literaturreisen-in-schottland-fuer-ihre-gruppe\/\",\"url\":\"https:\/\/www.urlaubcornwall.de\/blog\/experten-bezueglich-literaturreisen-in-schottland-fuer-ihre-gruppe\/\",\"name\":\"Experten bez\u00fcglich Literaturreisen in Schottland f\u00fcr Ihre Gruppe - Urlaub &amp; Reisen\",\"isPartOf\":{\"@id\":\"https:\/\/www.urlaubcornwall.de\/blog\/#website\"},\"datePublished\":\"2018-12-09T17:54:15+00:00\",\"dateModified\":\"2024-04-09T08:22:54+00:00\",\"breadcrumb\":{\"@id\":\"https:\/\/www.urlaubcornwall.de\/blog\/experten-bezueglich-literaturreisen-in-schottland-fuer-ihre-gruppe\/#breadcrumb\"},\"inLanguage\":\"en-US\",\"potentialAction\":[{\"@type\":\"ReadAction\",\"target\":[\"https:\/\/www.urlaubcornwall.de\/blog\/experten-bezueglich-literaturreisen-in-schottland-fuer-ihre-gruppe\/\"]}]},{\"@type\":\"BreadcrumbList\",\"@id\":\"https:\/\/www.urlaubcornwall.de\/blog\/experten-bezueglich-literaturreisen-in-schottland-fuer-ihre-gruppe\/#breadcrumb\",\"itemListElement\":[{\"@type\":\"ListItem\",\"position\":1,\"name\":\"Home\",\"item\":\"https:\/\/www.urlaubcornwall.de\/blog\/\"},{\"@type\":\"ListItem\",\"position\":2,\"name\":\"Experten bez\u00fcglich Literaturreisen in Schottland f\u00fcr Ihre Gruppe\"}]}]}<\/script>\n<!-- \/ Yoast SEO plugin. -->","yoast_head_json":{"title":"Experten bez\u00fcglich Literaturreisen in Schottland f\u00fcr Ihre Gruppe - Urlaub &amp; Reisen","robots":{"index":"index","follow":"follow","max-snippet":"max-snippet:-1","max-image-preview":"max-image-preview:large","max-video-preview":"max-video-preview:-1"},"canonical":"https:\/\/www.urlaubcornwall.de\/blog\/experten-bezueglich-literaturreisen-in-schottland-fuer-ihre-gruppe\/","og_locale":"en_US","og_type":"article","og_title":"Experten bez\u00fcglich Literaturreisen in Schottland f\u00fcr Ihre Gruppe - Urlaub &amp; Reisen","og_description":"Wir sind Experten bez\u00fcglich ma\u00dfgeschneiderter Gruppenreisen f\u00fcr kleine und gro\u00dfe Gruppen durch Schottland und die schottischen Highlands. Robert Burns ist der Nationalpoet Schottlands und eine sehr einflussreiche Gestalt in der schottischen Literatur und Kultur. Jedes Jahr an seinem Geburtstag, dem 25. Januar, wird an ihn in den \u201aBurns Night Celebrations\u2018 erinnert. Es gibt viele Orte [&hellip;]","og_url":"https:\/\/www.urlaubcornwall.de\/blog\/experten-bezueglich-literaturreisen-in-schottland-fuer-ihre-gruppe\/","og_site_name":"Urlaub &amp; Reisen","article_modified_time":"2024-04-09T08:22:54+00:00","og_image":[{"url":"https:\/\/www.urlaubcornwall.de\/blog\/wp-content\/uploads\/2024\/03\/schottland-seen.jpg"}],"twitter_card":"summary","twitter_misc":{"Est. reading time":"2 minutes"},"schema":{"@context":"https:\/\/schema.org","@graph":[{"@type":"WebSite","@id":"https:\/\/www.urlaubcornwall.de\/blog\/#website","url":"https:\/\/www.urlaubcornwall.de\/blog\/","name":"Urlaub &amp; Reisen","description":"Urlaub, Reisen, Cornwall und S\u00fcdengland: eine perfekte Kombination","potentialAction":[{"@type":"SearchAction","target":{"@type":"EntryPoint","urlTemplate":"https:\/\/www.urlaubcornwall.de\/blog\/?s={search_term_string}"},"query-input":"required name=search_term_string"}],"inLanguage":"en-US"},{"@type":"WebPage","@id":"https:\/\/www.urlaubcornwall.de\/blog\/experten-bezueglich-literaturreisen-in-schottland-fuer-ihre-gruppe\/","url":"https:\/\/www.urlaubcornwall.de\/blog\/experten-bezueglich-literaturreisen-in-schottland-fuer-ihre-gruppe\/","name":"Experten bez\u00fcglich Literaturreisen in Schottland f\u00fcr Ihre Gruppe - Urlaub &amp; Reisen","isPartOf":{"@id":"https:\/\/www.urlaubcornwall.de\/blog\/#website"},"datePublished":"2018-12-09T17:54:15+00:00","dateModified":"2024-04-09T08:22:54+00:00","breadcrumb":{"@id":"https:\/\/www.urlaubcornwall.de\/blog\/experten-bezueglich-literaturreisen-in-schottland-fuer-ihre-gruppe\/#breadcrumb"},"inLanguage":"en-US","potentialAction":[{"@type":"ReadAction","target":["https:\/\/www.urlaubcornwall.de\/blog\/experten-bezueglich-literaturreisen-in-schottland-fuer-ihre-gruppe\/"]}]},{"@type":"BreadcrumbList","@id":"https:\/\/www.urlaubcornwall.de\/blog\/experten-bezueglich-literaturreisen-in-schottland-fuer-ihre-gruppe\/#breadcrumb","itemListElement":[{"@type":"ListItem","position":1,"name":"Home","item":"https:\/\/www.urlaubcornwall.de\/blog\/"},{"@type":"ListItem","position":2,"name":"Experten bez\u00fcglich Literaturreisen in Schottland f\u00fcr Ihre Gruppe"}]}]}},"_links":{"self":[{"href":"https:\/\/www.urlaubcornwall.de\/blog\/wp-json\/wp\/v2\/pages\/34753"}],"collection":[{"href":"https:\/\/www.urlaubcornwall.de\/blog\/wp-json\/wp\/v2\/pages"}],"about":[{"href":"https:\/\/www.urlaubcornwall.de\/blog\/wp-json\/wp\/v2\/types\/page"}],"author":[{"embeddable":true,"href":"https:\/\/www.urlaubcornwall.de\/blog\/wp-json\/wp\/v2\/users\/1"}],"replies":[{"embeddable":true,"href":"https:\/\/www.urlaubcornwall.de\/blog\/wp-json\/wp\/v2\/comments?post=34753"}],"version-history":[{"count":5,"href":"https:\/\/www.urlaubcornwall.de\/blog\/wp-json\/wp\/v2\/pages\/34753\/revisions"}],"predecessor-version":[{"id":34939,"href":"https:\/\/www.urlaubcornwall.de\/blog\/wp-json\/wp\/v2\/pages\/34753\/revisions\/34939"}],"wp:attachment":[{"href":"https:\/\/www.urlaubcornwall.de\/blog\/wp-json\/wp\/v2\/media?parent=34753"}],"curies":[{"name":"wp","href":"https:\/\/api.w.org\/{rel}","templated":true}]}}