{"id":34631,"date":"2018-11-27T08:46:51","date_gmt":"2018-11-27T08:46:51","guid":{"rendered":"https:\/\/www.urlaubcornwall.de\/blog\/?page_id=34631"},"modified":"2024-05-26T13:44:19","modified_gmt":"2024-05-26T13:44:19","slug":"dmc-grossbritannien-destination-management-company-england-schottland-wales","status":"publish","type":"page","link":"https:\/\/www.urlaubcornwall.de\/blog\/dmc-grossbritannien-destination-management-company-england-schottland-wales\/","title":{"rendered":"DMC Gro\u00dfbritannien &#8211; Destination Management Company England, Schottland &#038; Wales"},"content":{"rendered":"<p><img loading=\"lazy\" class=\"aligncenter size-full wp-image-34632\" src=\"https:\/\/www.urlaubcornwall.de\/blog\/wp-content\/uploads\/2018\/11\/Destination-Management-Company-DMC-Gro\u00dfbritannien.jpg\" alt=\"Destination Management Company DMC Gro\u00dfbritannien\" width=\"749\" height=\"381\" srcset=\"https:\/\/www.urlaubcornwall.de\/blog\/wp-content\/uploads\/2018\/11\/Destination-Management-Company-DMC-Gro\u00dfbritannien.jpg 749w, https:\/\/www.urlaubcornwall.de\/blog\/wp-content\/uploads\/2018\/11\/Destination-Management-Company-DMC-Gro\u00dfbritannien-300x153.jpg 300w\" sizes=\"(max-width: 749px) 100vw, 749px\" \/><\/p>\n<p>Wir sind Experten im Organisieren sowohl von allgemeinen Touren und Touren besonderer Interessensgruppen durch England, Schottland, Wales und Irland, um jedem Geschmack und s\u00e4mtlichen Interessen entgegenzukommen. Dank ihrer Geschichte, ihres Erbes und wundersch\u00f6ner Landschaft sind das UK und Irland perfekte Reiseziele f\u00fcr Gruppenreisen.<\/p>\n<p>Im Laufe vieler Jahre wurden wir zu <a href=\"https:\/\/www.urlaubcornwall.de\/massgeschneiderte-gruppenreisen-und-touren.php\">Experten im Organisieren von Gruppenreisen<\/a> \u2013 unmittelbar und im Auftrag von Partnerreiseveranstaltern. Wir wissen, worauf es ankommt.<\/p>\n<div class=\"snippet\"> <a class=\"featured-item\" href=\" https:\/\/www.urlaubcornwall.de\/massgeschneiderte-gruppenreisen-und-touren.php \"> <span class=\"image-holder\" style=\"background-image: url(' https:\/\/www.urlaubcornwall.de\/blog\/wp-content\/uploads\/2024\/05\/gruppenreisen.jpg ');\"><\/span> <span class=\"featured-content\"> \n<h2 class=\"featured-title\"> Ma\u00dfgeschneiderte Gruppenreisen in Cornwall &#038; durch Gro\u00dfbritannien<\/h2>\n<p class=\"featured-body\">Wir k\u00f6nnen Ihnen behilflich sein, eine fantastische Gruppenreise zusammenzustellen, auf der Sie die sch\u00f6nsten Sehensw\u00fcrdigkeiten S\u00fcdenglands entdecken k\u00f6nnen. Auch interessante Themenreisen, wie z.B. eine Gartentour ,Literaturreise, oder Chorreise auf der Sie die ber\u00fchmten Schaupl\u00e4tze der Rosamunde Pilcher Verfilmungen besichtigen k\u00f6nnen, sind m\u00f6glich&#8230;.<\/p>\n<\/span> <span class=\"featured-link-holder\"> <span class=\"featured-extra-info\"> \n<p>M\u00f6chten Sie eine private Busreise, Vereinreise, Seniorenreise, Klassenfahrt oder Gruppenfahrt organisieren?<\/p>\n<\/span> \n<p class=\"featured-link\">DETAILS<\/p>\n<\/span> <\/a><\/div>\n<p>Wir werden Ihnen eine Reise oder Reiseauswahl zur Verf\u00fcgung stellen, die Ihre Kunden ansprechen wird. Von begleiteten Touren, Flug- und Fahrprogrammen bis hin zu Busreisen und Wochenendkurzreisen\u2013 wir k\u00f6nnen ein Gruppenreisepaket gestalten und managen, das Ihnen gef\u00e4llt. Wir kreieren Spezialtouren f\u00fcr besondere Interessensgruppen, wie Whiskyverkostung, Clangeschichte und Golftouren.<\/p>\n<p>Ungleich vieler anderer Firmen bieten wir Reisepakete, die beides abdecken, das UK und Irland. Da wir Erfahrung und Vertretung in beiden L\u00e4ndern haben, ist dies f\u00fcr uns kein Problem.<\/p>\n<p><strong>Gro\u03b2artiger Reiseverlauf und Preisleistung<\/strong><\/p>\n<p>Um sicher zu stellen, dass f\u00fcr Ihre Gruppe f\u00fcr alles gesorgt ist, k\u00f6nnen wir s\u00e4mtliche Aspekte Ihrer Gruppenreise buchen, einschlie\u00dflich Hotels, Busse, Reisef\u00fchrer, Automietung, Eintrittsgelder und Mahlzeiten. Wir werden mit Ihnen zusammenarbeiten, um sicher zu stellen, dass das Paket und der Reiseverlauf, die wir gestalten, Ihren Bed\u00fcrfnissen und den Budgets Ihrer Kunden entspricht.<\/p>\n<p>Unsere Kaufkraft, Verbindungen und Erfahrung bedeutet, dassuns einzigartige Orte zug\u00e4nglich sind und wir f\u00fcr Sie Sonderpreise in den besten Hotels und die besten Angebote f\u00fcr s\u00e4mtliche Aspekte Ihres Reisepakets bekommen. Wir k\u00f6nnen provisionsfreie Tarife und Sonderpreise des Reisegewerbesbieten.<\/p>\n<p>Wir bieten auch Seelenfrieden: unser Repr\u00e4sentant wird jederzeit verf\u00fcgbar sein, um sicher zu stellen, dass die Reise reibungslos verl\u00e4uft.<\/p>\n<p>Um mehr herauszufinden zu unserem Service, um Ihre Gruppenreise zu diskutieren und ein unverbindliches Angebot zu erhalten, schicken Sie uns einfach hier eine Anfrage.<\/p>\n<p style=\"text-align: center;\"><strong><a href=\"https:\/\/cornwall-dmc.co.uk\/\">Urlaub Cornwall Travel Services<\/a><\/strong><\/p>\n<p style=\"text-align: center;\"><a class=\"tidycta\" href=\"https:\/\/www.urlaubcornwall.de\/gruppenanfrage.php\">Gruppenanfrage<\/a><\/p>\n","protected":false},"excerpt":{"rendered":"<p>Wir sind Experten im Organisieren sowohl von allgemeinen Touren und Touren besonderer Interessensgruppen durch England, Schottland, Wales und Irland, um jedem Geschmack und s\u00e4mtlichen Interessen entgegenzukommen. Dank ihrer Geschichte, ihres Erbes und wundersch\u00f6ner Landschaft sind das UK und Irland perfekte Reiseziele f\u00fcr Gruppenreisen. Im Laufe vieler Jahre wurden wir zu Experten im Organisieren von Gruppenreisen [&hellip;]<\/p>\n","protected":false},"author":1,"featured_media":0,"parent":0,"menu_order":0,"comment_status":"closed","ping_status":"closed","template":"single-four.php","meta":[],"acf":[],"yoast_head":"<!-- This site is optimized with the Yoast SEO plugin v19.4 - https:\/\/yoast.com\/wordpress\/plugins\/seo\/ -->\n<title>DMC Gro\u00dfbritannien - Destination Management Company England, Schottland &amp; Wales - Urlaub &amp; Reisen<\/title>\n<meta name=\"robots\" content=\"index, follow, max-snippet:-1, max-image-preview:large, max-video-preview:-1\" \/>\n<link rel=\"canonical\" href=\"https:\/\/www.urlaubcornwall.de\/blog\/dmc-grossbritannien-destination-management-company-england-schottland-wales\/\" \/>\n<meta property=\"og:locale\" content=\"en_US\" \/>\n<meta property=\"og:type\" content=\"article\" \/>\n<meta property=\"og:title\" content=\"DMC Gro\u00dfbritannien - Destination Management Company England, Schottland &amp; Wales - Urlaub &amp; Reisen\" \/>\n<meta property=\"og:description\" content=\"Wir sind Experten im Organisieren sowohl von allgemeinen Touren und Touren besonderer Interessensgruppen durch England, Schottland, Wales und Irland, um jedem Geschmack und s\u00e4mtlichen Interessen entgegenzukommen. Dank ihrer Geschichte, ihres Erbes und wundersch\u00f6ner Landschaft sind das UK und Irland perfekte Reiseziele f\u00fcr Gruppenreisen. Im Laufe vieler Jahre wurden wir zu Experten im Organisieren von Gruppenreisen [&hellip;]\" \/>\n<meta property=\"og:url\" content=\"https:\/\/www.urlaubcornwall.de\/blog\/dmc-grossbritannien-destination-management-company-england-schottland-wales\/\" \/>\n<meta property=\"og:site_name\" content=\"Urlaub &amp; Reisen\" \/>\n<meta property=\"article:modified_time\" content=\"2024-05-26T13:44:19+00:00\" \/>\n<meta name=\"twitter:card\" content=\"summary\" \/>\n<meta name=\"twitter:label1\" content=\"Est. reading time\" \/>\n\t<meta name=\"twitter:data1\" content=\"2 minutes\" \/>\n<script type=\"application\/ld+json\" class=\"yoast-schema-graph\">{\"@context\":\"https:\/\/schema.org\",\"@graph\":[{\"@type\":\"WebSite\",\"@id\":\"https:\/\/www.urlaubcornwall.de\/blog\/#website\",\"url\":\"https:\/\/www.urlaubcornwall.de\/blog\/\",\"name\":\"Urlaub &amp; Reisen\",\"description\":\"Urlaub, Reisen, Cornwall und S\u00fcdengland: eine perfekte Kombination\",\"potentialAction\":[{\"@type\":\"SearchAction\",\"target\":{\"@type\":\"EntryPoint\",\"urlTemplate\":\"https:\/\/www.urlaubcornwall.de\/blog\/?s={search_term_string}\"},\"query-input\":\"required name=search_term_string\"}],\"inLanguage\":\"en-US\"},{\"@type\":\"WebPage\",\"@id\":\"https:\/\/www.urlaubcornwall.de\/blog\/dmc-grossbritannien-destination-management-company-england-schottland-wales\/\",\"url\":\"https:\/\/www.urlaubcornwall.de\/blog\/dmc-grossbritannien-destination-management-company-england-schottland-wales\/\",\"name\":\"DMC Gro\u00dfbritannien - Destination Management Company England, Schottland & Wales - Urlaub &amp; Reisen\",\"isPartOf\":{\"@id\":\"https:\/\/www.urlaubcornwall.de\/blog\/#website\"},\"datePublished\":\"2018-11-27T08:46:51+00:00\",\"dateModified\":\"2024-05-26T13:44:19+00:00\",\"breadcrumb\":{\"@id\":\"https:\/\/www.urlaubcornwall.de\/blog\/dmc-grossbritannien-destination-management-company-england-schottland-wales\/#breadcrumb\"},\"inLanguage\":\"en-US\",\"potentialAction\":[{\"@type\":\"ReadAction\",\"target\":[\"https:\/\/www.urlaubcornwall.de\/blog\/dmc-grossbritannien-destination-management-company-england-schottland-wales\/\"]}]},{\"@type\":\"BreadcrumbList\",\"@id\":\"https:\/\/www.urlaubcornwall.de\/blog\/dmc-grossbritannien-destination-management-company-england-schottland-wales\/#breadcrumb\",\"itemListElement\":[{\"@type\":\"ListItem\",\"position\":1,\"name\":\"Home\",\"item\":\"https:\/\/www.urlaubcornwall.de\/blog\/\"},{\"@type\":\"ListItem\",\"position\":2,\"name\":\"DMC Gro\u00dfbritannien &#8211; Destination Management Company England, Schottland &#038; Wales\"}]}]}<\/script>\n<!-- \/ Yoast SEO plugin. -->","yoast_head_json":{"title":"DMC Gro\u00dfbritannien - Destination Management Company England, Schottland & Wales - Urlaub &amp; Reisen","robots":{"index":"index","follow":"follow","max-snippet":"max-snippet:-1","max-image-preview":"max-image-preview:large","max-video-preview":"max-video-preview:-1"},"canonical":"https:\/\/www.urlaubcornwall.de\/blog\/dmc-grossbritannien-destination-management-company-england-schottland-wales\/","og_locale":"en_US","og_type":"article","og_title":"DMC Gro\u00dfbritannien - Destination Management Company England, Schottland & Wales - Urlaub &amp; Reisen","og_description":"Wir sind Experten im Organisieren sowohl von allgemeinen Touren und Touren besonderer Interessensgruppen durch England, Schottland, Wales und Irland, um jedem Geschmack und s\u00e4mtlichen Interessen entgegenzukommen. Dank ihrer Geschichte, ihres Erbes und wundersch\u00f6ner Landschaft sind das UK und Irland perfekte Reiseziele f\u00fcr Gruppenreisen. Im Laufe vieler Jahre wurden wir zu Experten im Organisieren von Gruppenreisen [&hellip;]","og_url":"https:\/\/www.urlaubcornwall.de\/blog\/dmc-grossbritannien-destination-management-company-england-schottland-wales\/","og_site_name":"Urlaub &amp; Reisen","article_modified_time":"2024-05-26T13:44:19+00:00","twitter_card":"summary","twitter_misc":{"Est. reading time":"2 minutes"},"schema":{"@context":"https:\/\/schema.org","@graph":[{"@type":"WebSite","@id":"https:\/\/www.urlaubcornwall.de\/blog\/#website","url":"https:\/\/www.urlaubcornwall.de\/blog\/","name":"Urlaub &amp; Reisen","description":"Urlaub, Reisen, Cornwall und S\u00fcdengland: eine perfekte Kombination","potentialAction":[{"@type":"SearchAction","target":{"@type":"EntryPoint","urlTemplate":"https:\/\/www.urlaubcornwall.de\/blog\/?s={search_term_string}"},"query-input":"required name=search_term_string"}],"inLanguage":"en-US"},{"@type":"WebPage","@id":"https:\/\/www.urlaubcornwall.de\/blog\/dmc-grossbritannien-destination-management-company-england-schottland-wales\/","url":"https:\/\/www.urlaubcornwall.de\/blog\/dmc-grossbritannien-destination-management-company-england-schottland-wales\/","name":"DMC Gro\u00dfbritannien - Destination Management Company England, Schottland & Wales - Urlaub &amp; Reisen","isPartOf":{"@id":"https:\/\/www.urlaubcornwall.de\/blog\/#website"},"datePublished":"2018-11-27T08:46:51+00:00","dateModified":"2024-05-26T13:44:19+00:00","breadcrumb":{"@id":"https:\/\/www.urlaubcornwall.de\/blog\/dmc-grossbritannien-destination-management-company-england-schottland-wales\/#breadcrumb"},"inLanguage":"en-US","potentialAction":[{"@type":"ReadAction","target":["https:\/\/www.urlaubcornwall.de\/blog\/dmc-grossbritannien-destination-management-company-england-schottland-wales\/"]}]},{"@type":"BreadcrumbList","@id":"https:\/\/www.urlaubcornwall.de\/blog\/dmc-grossbritannien-destination-management-company-england-schottland-wales\/#breadcrumb","itemListElement":[{"@type":"ListItem","position":1,"name":"Home","item":"https:\/\/www.urlaubcornwall.de\/blog\/"},{"@type":"ListItem","position":2,"name":"DMC Gro\u00dfbritannien &#8211; Destination Management Company England, Schottland &#038; Wales"}]}]}},"_links":{"self":[{"href":"https:\/\/www.urlaubcornwall.de\/blog\/wp-json\/wp\/v2\/pages\/34631"}],"collection":[{"href":"https:\/\/www.urlaubcornwall.de\/blog\/wp-json\/wp\/v2\/pages"}],"about":[{"href":"https:\/\/www.urlaubcornwall.de\/blog\/wp-json\/wp\/v2\/types\/page"}],"author":[{"embeddable":true,"href":"https:\/\/www.urlaubcornwall.de\/blog\/wp-json\/wp\/v2\/users\/1"}],"replies":[{"embeddable":true,"href":"https:\/\/www.urlaubcornwall.de\/blog\/wp-json\/wp\/v2\/comments?post=34631"}],"version-history":[{"count":5,"href":"https:\/\/www.urlaubcornwall.de\/blog\/wp-json\/wp\/v2\/pages\/34631\/revisions"}],"predecessor-version":[{"id":50228,"href":"https:\/\/www.urlaubcornwall.de\/blog\/wp-json\/wp\/v2\/pages\/34631\/revisions\/50228"}],"wp:attachment":[{"href":"https:\/\/www.urlaubcornwall.de\/blog\/wp-json\/wp\/v2\/media?parent=34631"}],"curies":[{"name":"wp","href":"https:\/\/api.w.org\/{rel}","templated":true}]}}