{"id":34423,"date":"2018-09-24T07:49:12","date_gmt":"2018-09-24T07:49:12","guid":{"rendered":"https:\/\/www.urlaubcornwall.de\/blog\/?page_id=34423"},"modified":"2026-01-07T10:21:05","modified_gmt":"2026-01-07T10:21:05","slug":"urlaub-in-schottland-mit-kindern-unsere-beliebtesten-urlaubsaktivitaeten","status":"publish","type":"page","link":"https:\/\/www.urlaubcornwall.de\/blog\/urlaub-in-schottland-mit-kindern-unsere-beliebtesten-urlaubsaktivitaeten\/","title":{"rendered":"Urlaub in Schottland mit Kindern &#8211; unsere beliebtesten Urlaubsaktivit\u00e4ten"},"content":{"rendered":"<div id=\"attachment_29375\" style=\"width: 757px\" class=\"wp-caption alignnone\"><a href=\"https:\/\/www.urlaubcornwall.de\/blog\/wp-content\/uploads\/2017\/09\/Loch-ness_urlaub.jpg\"><img aria-describedby=\"caption-attachment-29375\" loading=\"lazy\" class=\"size-full wp-image-29375\" src=\"https:\/\/www.urlaubcornwall.de\/blog\/wp-content\/uploads\/2017\/09\/Loch-ness_urlaub.jpg\" alt=\"Kreuzfahrt nach Loch Ness\" width=\"747\" height=\"422\" srcset=\"https:\/\/www.urlaubcornwall.de\/blog\/wp-content\/uploads\/2017\/09\/Loch-ness_urlaub.jpg 747w, https:\/\/www.urlaubcornwall.de\/blog\/wp-content\/uploads\/2017\/09\/Loch-ness_urlaub-300x169.jpg 300w\" sizes=\"(max-width: 747px) 100vw, 747px\" \/><\/a><p id=\"caption-attachment-29375\" class=\"wp-caption-text\">Kreuzfahrt nach Loch Ness<\/p><\/div>\n<p>Es gibt f\u00fcr Kinder jede Menge zu tun w\u00e4hrend eines <a href=\"https:\/\/www.urlaubcornwall.de\/reiseziel\/schottland.php\">Familienurlaubs in Schottland<\/a>, angefangen mit dem Erkunden schottischer Legenden, Beobachten von Tierleben und Wasserparkspa\u00df, und viele davon sind nicht einmal teuer. Hier sind unsere beliebtesten Urlaubsaktivit\u00e4ten f\u00fcr Kinder, jung und alt\u2026<\/p>\n<p>1 \u2013 <a href=\"http:\/\/www.jacobite.co.uk\" rel=\"nofollow\">Loch Ness Cruises<\/a>, Inverness, ist ein Muss, wenn Sie versuchen wollen, Nessie, das legend\u00e4re Monster von Loch Ness zu sehen. <a href=\"https:\/\/www.urlaubcornwall.de\/blog\/urlaub-in-inverness-sehenswuerdigkeiten-geschichte-und-unterkunft\/\">Loch Ness<\/a> ist voller Geschichte, und es sind verschiedene Fahrten in wundersch\u00f6ner Landschaft erh\u00e4ltlich, und Sie segeln vorbei an wundervollen Schl\u00f6ssern wie dem Schloss Urquart, das an seinen Ufern steht.<\/p>\n<p>2 \u2013 <a href=\"http:\/\/www.blairdrummond.com\" rel=\"nofollow\">Blair Drummond Safaripark<\/a>, Stirling, ist einer von Schottlands bekanntesten Safariparks mit Tieren aus der ganzen Welt: Zebras, L\u00f6wen, Tiger, Erdm\u00e4nnchen, Elefanten und Giraffen. Es gibt auch Bootsfahrten zur Schimpanseninsel, sowie einen Rummelplatz.<\/p>\n<p>3 \u2013 <a href=\"http:\/\/www.dundeesciencecentre.org.uk\" rel=\"nofollow\">Dundee Wissenschaftszentrum<\/a>, Dundee, ist eines der gr\u00f6\u00dften Wissenschaftszentren des UK mit mehr als 80 Hands-on-Ausstellungsst\u00fccken. Kinder lieben das ganze Jahr \u00fcber diese Sinneserfahrung.<\/p>\n<p>4 \u2013 <a href=\"http:\/\/www.edinburghcastle.scot\" rel=\"nofollow\">Edinburgh Castle<\/a> in der Hauptstadt Schottlands ist ein gro\u00dfartiger Ort, um w\u00e4hrend Ihres Urlaubs in Schottland den Tag mit der Familie zu verbringen. Diese ikonische Burg mit Blick \u00fcber die <a href=\"https:\/\/www.urlaubcornwall.de\/blog\/reisetipps-fuer-edinburgh-unsere-top-10-sie-sie-sehen-und-erleben-sollten\/\">Stadt Edinburgh<\/a> war das Zuhause einiger von Schottlands legend\u00e4rsten k\u00f6niglichen Hoheiten und war Zeuge einiger der gr\u00f6\u00dften Momente in Edinburghs Geschichte. Mit spektakul\u00e4rem Blick \u00fcber die Stadt bietet ein Besuch der Burg Edinburgh der gesamten Familie etwas.<\/p>\n<p>5 \u2013 <a href=\"http:\/\/www.mabiefarmpark.co.uk\" rel=\"nofollow\">Mabie Farm Park<\/a>, Dumfries, hat etwas f\u00fcr die gesamte Familie, von Eselsritten \u00fcber Quadbikes bis hin zu Paddelbooten k\u00f6nnen Kinder auf dieser wundersch\u00f6nen Farm, vollgepackt mit Aktionen, neue Abenteuer ausprobieren und die schottische l\u00e4ndliche Gegend erkunden. Jeden Nachmittag k\u00f6nnen Kinder unter Expertenaufsicht einige der Tiere f\u00fcttern und anfassen.<\/p>\n<p>6 \u2013 <a href=\"http:\/\/www.nms.ac.uk\/national-museum-of-flight\" rel=\"nofollow\">Das National Museum of Flight<\/a>, East Lothian, befindet sich auf einem ehemaligen Flugplatz, und hier k\u00f6nnen Sie die Geschichte der Luftfahrt vom Ersten Weltkrieg bis zum heutigen Tage erkunden; au\u00dferdem haben Sie die Chance, an Bord der einzigen Concorde Schottlands zu gehen. Sie k\u00f6nnen Stunden damit zubringen, unterhalten zu werden mit interaktiven Ausstellungen, &nbsp;\u00dcberschallerfahrungen, historischen &nbsp;Hangars, einem Hindernislauf und Hektars an Gr\u00fcnfl\u00e4che drau\u00dfen. Kinder unter 5 Jahren haben freien Eintritt.<\/p>\n<p>7 \u2013 <a href=\"http:\/\/www.westcoastrailways.co.uk\" rel=\"nofollow\">Der Jacobite Steam Train<\/a> in den <a href=\"https:\/\/www.urlaubcornwall.de\/ferienhaeuser\/schottland.php\">schottischen Highlands<\/a> ist ein Muss f\u00fcr jeden Harry Potter Fan, der sich vorstellen kann, im Zug auf der Fahrt nach Hogwarts zu sein. Der Zug f\u00e4hrt am ber\u00fchmten Glenfinnan Viadukt vorbei, das in den Harry Potter Filmen vorkam. Sie wird als eine der gro\u00dfartigsten Zugfahrten der Welt beschrieben, und die135km lange Reise f\u00fchrt vorbei am h\u00f6chsten Berg der Britischen Inseln, Ben Nevis, sowie dem tiefsten Meereswassersee in Europa, Loch Ness. Es ist f\u00fcr die gesamte Familie ein gro\u00dfartiger Ausflugstag.<\/p>\n<p>8 \u2013 <a href=\"http:\/\/www.deepseaworld.com\" rel=\"nofollow\">Deep Sea World<\/a>, North Queensferry, ist ein idealer Ort, wenn Ihre Kinder fasziniert sind vom Meeresleben und Unterwassererkundungen. Es ist Schottlands Nationales Aquarium, und es gibt dort eine Menge zu sehen und zu tun, mit einer wundervollen Reihe tropischer Fische und einer wahrhaftigen Erfahrung auf dem Ozeanboden im l\u00e4ngsten Unterwassertunnel des UK.<\/p>\n<p>9 \u2013 Der <a href=\"http:\/\/www.nlleisure.co.uk\" rel=\"nofollow\">Time Capsule Water Park<\/a>, Lanarkshire, ist w\u00e4hrend Ihres Familienurlaubs in Schottland ein gro\u00dfartiger Ort f\u00fcr einen Regentag. Der Wasserpark hat verdrehte Rutschen und Wasserl\u00e4ufe, einen Lazy River, einen Wellenpool, sowie einen Swimmingpool und \u2018Cove Island\u2019, einen gesch\u00fctzten Bereich f\u00fcr j\u00fcngere Kinder. Es gibt etwas f\u00fcr die gesamte Familie, egal welchen Alters.<\/p>\n<p>10 \u2013 <a href=\"http:\/\/www.stirlingcastle.scot\" rel=\"nofollow\">Stirling Castle<\/a>, Stirling, ist ein herrlicher k\u00f6niglicher Palast und war im 16. Jahrhundert das Herz schottischer Kunst, Kultur und des Lebens. Heute ist es ein fantastisches Familienausflugsziel, da es im Palast, sowie in den Au\u00dfengeb\u00e4uden und atemberaubendem Palastgarten so viel zu sehen und zu tun gibt.<\/p>\n<p style=\"text-align: center;\"><a class=\"tidycta\" href=\"https:\/\/www.urlaubcornwall.de\/reiseziel\/schottland.php\">Urlaub in Schottland<\/a><\/p>\n","protected":false},"excerpt":{"rendered":"<p>Es gibt f\u00fcr Kinder jede Menge zu tun w\u00e4hrend eines Familienurlaubs in Schottland, angefangen mit dem Erkunden schottischer Legenden, Beobachten von Tierleben und Wasserparkspa\u00df, und viele davon sind nicht einmal teuer. Hier sind unsere beliebtesten Urlaubsaktivit\u00e4ten f\u00fcr Kinder, jung und alt\u2026 1 \u2013 Loch Ness Cruises, Inverness, ist ein Muss, wenn Sie versuchen wollen, Nessie, [&hellip;]<\/p>\n","protected":false},"author":1,"featured_media":0,"parent":0,"menu_order":0,"comment_status":"closed","ping_status":"closed","template":"single-four.php","meta":[],"acf":[],"yoast_head":"<!-- This site is optimized with the Yoast SEO plugin v19.4 - https:\/\/yoast.com\/wordpress\/plugins\/seo\/ -->\n<title>Urlaub in Schottland mit Kindern - unsere beliebtesten Urlaubsaktivit\u00e4ten - Urlaub &amp; Reisen<\/title>\n<meta name=\"robots\" content=\"index, follow, max-snippet:-1, max-image-preview:large, max-video-preview:-1\" \/>\n<link rel=\"canonical\" href=\"https:\/\/www.urlaubcornwall.de\/blog\/urlaub-in-schottland-mit-kindern-unsere-beliebtesten-urlaubsaktivitaeten\/\" \/>\n<meta property=\"og:locale\" content=\"en_US\" \/>\n<meta property=\"og:type\" content=\"article\" \/>\n<meta property=\"og:title\" content=\"Urlaub in Schottland mit Kindern - unsere beliebtesten Urlaubsaktivit\u00e4ten - Urlaub &amp; Reisen\" \/>\n<meta property=\"og:description\" content=\"Es gibt f\u00fcr Kinder jede Menge zu tun w\u00e4hrend eines Familienurlaubs in Schottland, angefangen mit dem Erkunden schottischer Legenden, Beobachten von Tierleben und Wasserparkspa\u00df, und viele davon sind nicht einmal teuer. Hier sind unsere beliebtesten Urlaubsaktivit\u00e4ten f\u00fcr Kinder, jung und alt\u2026 1 \u2013 Loch Ness Cruises, Inverness, ist ein Muss, wenn Sie versuchen wollen, Nessie, [&hellip;]\" \/>\n<meta property=\"og:url\" content=\"https:\/\/www.urlaubcornwall.de\/blog\/urlaub-in-schottland-mit-kindern-unsere-beliebtesten-urlaubsaktivitaeten\/\" \/>\n<meta property=\"og:site_name\" content=\"Urlaub &amp; Reisen\" \/>\n<meta property=\"article:modified_time\" content=\"2026-01-07T10:21:05+00:00\" \/>\n<meta property=\"og:image\" content=\"https:\/\/www.urlaubcornwall.de\/blog\/wp-content\/uploads\/2017\/09\/Loch-ness_urlaub.jpg\" \/>\n<meta name=\"twitter:card\" content=\"summary\" \/>\n<meta name=\"twitter:label1\" content=\"Est. reading time\" \/>\n\t<meta name=\"twitter:data1\" content=\"3 minutes\" \/>\n<script type=\"application\/ld+json\" class=\"yoast-schema-graph\">{\"@context\":\"https:\/\/schema.org\",\"@graph\":[{\"@type\":\"WebSite\",\"@id\":\"https:\/\/www.urlaubcornwall.de\/blog\/#website\",\"url\":\"https:\/\/www.urlaubcornwall.de\/blog\/\",\"name\":\"Urlaub &amp; Reisen\",\"description\":\"Urlaub, Reisen, Cornwall und S\u00fcdengland: eine perfekte Kombination\",\"potentialAction\":[{\"@type\":\"SearchAction\",\"target\":{\"@type\":\"EntryPoint\",\"urlTemplate\":\"https:\/\/www.urlaubcornwall.de\/blog\/?s={search_term_string}\"},\"query-input\":\"required name=search_term_string\"}],\"inLanguage\":\"en-US\"},{\"@type\":\"WebPage\",\"@id\":\"https:\/\/www.urlaubcornwall.de\/blog\/urlaub-in-schottland-mit-kindern-unsere-beliebtesten-urlaubsaktivitaeten\/\",\"url\":\"https:\/\/www.urlaubcornwall.de\/blog\/urlaub-in-schottland-mit-kindern-unsere-beliebtesten-urlaubsaktivitaeten\/\",\"name\":\"Urlaub in Schottland mit Kindern - unsere beliebtesten Urlaubsaktivit\u00e4ten - Urlaub &amp; Reisen\",\"isPartOf\":{\"@id\":\"https:\/\/www.urlaubcornwall.de\/blog\/#website\"},\"datePublished\":\"2018-09-24T07:49:12+00:00\",\"dateModified\":\"2026-01-07T10:21:05+00:00\",\"breadcrumb\":{\"@id\":\"https:\/\/www.urlaubcornwall.de\/blog\/urlaub-in-schottland-mit-kindern-unsere-beliebtesten-urlaubsaktivitaeten\/#breadcrumb\"},\"inLanguage\":\"en-US\",\"potentialAction\":[{\"@type\":\"ReadAction\",\"target\":[\"https:\/\/www.urlaubcornwall.de\/blog\/urlaub-in-schottland-mit-kindern-unsere-beliebtesten-urlaubsaktivitaeten\/\"]}]},{\"@type\":\"BreadcrumbList\",\"@id\":\"https:\/\/www.urlaubcornwall.de\/blog\/urlaub-in-schottland-mit-kindern-unsere-beliebtesten-urlaubsaktivitaeten\/#breadcrumb\",\"itemListElement\":[{\"@type\":\"ListItem\",\"position\":1,\"name\":\"Home\",\"item\":\"https:\/\/www.urlaubcornwall.de\/blog\/\"},{\"@type\":\"ListItem\",\"position\":2,\"name\":\"Urlaub in Schottland mit Kindern &#8211; unsere beliebtesten Urlaubsaktivit\u00e4ten\"}]}]}<\/script>\n<!-- \/ Yoast SEO plugin. -->","yoast_head_json":{"title":"Urlaub in Schottland mit Kindern - unsere beliebtesten Urlaubsaktivit\u00e4ten - Urlaub &amp; Reisen","robots":{"index":"index","follow":"follow","max-snippet":"max-snippet:-1","max-image-preview":"max-image-preview:large","max-video-preview":"max-video-preview:-1"},"canonical":"https:\/\/www.urlaubcornwall.de\/blog\/urlaub-in-schottland-mit-kindern-unsere-beliebtesten-urlaubsaktivitaeten\/","og_locale":"en_US","og_type":"article","og_title":"Urlaub in Schottland mit Kindern - unsere beliebtesten Urlaubsaktivit\u00e4ten - Urlaub &amp; Reisen","og_description":"Es gibt f\u00fcr Kinder jede Menge zu tun w\u00e4hrend eines Familienurlaubs in Schottland, angefangen mit dem Erkunden schottischer Legenden, Beobachten von Tierleben und Wasserparkspa\u00df, und viele davon sind nicht einmal teuer. Hier sind unsere beliebtesten Urlaubsaktivit\u00e4ten f\u00fcr Kinder, jung und alt\u2026 1 \u2013 Loch Ness Cruises, Inverness, ist ein Muss, wenn Sie versuchen wollen, Nessie, [&hellip;]","og_url":"https:\/\/www.urlaubcornwall.de\/blog\/urlaub-in-schottland-mit-kindern-unsere-beliebtesten-urlaubsaktivitaeten\/","og_site_name":"Urlaub &amp; Reisen","article_modified_time":"2026-01-07T10:21:05+00:00","og_image":[{"url":"https:\/\/www.urlaubcornwall.de\/blog\/wp-content\/uploads\/2017\/09\/Loch-ness_urlaub.jpg"}],"twitter_card":"summary","twitter_misc":{"Est. reading time":"3 minutes"},"schema":{"@context":"https:\/\/schema.org","@graph":[{"@type":"WebSite","@id":"https:\/\/www.urlaubcornwall.de\/blog\/#website","url":"https:\/\/www.urlaubcornwall.de\/blog\/","name":"Urlaub &amp; Reisen","description":"Urlaub, Reisen, Cornwall und S\u00fcdengland: eine perfekte Kombination","potentialAction":[{"@type":"SearchAction","target":{"@type":"EntryPoint","urlTemplate":"https:\/\/www.urlaubcornwall.de\/blog\/?s={search_term_string}"},"query-input":"required name=search_term_string"}],"inLanguage":"en-US"},{"@type":"WebPage","@id":"https:\/\/www.urlaubcornwall.de\/blog\/urlaub-in-schottland-mit-kindern-unsere-beliebtesten-urlaubsaktivitaeten\/","url":"https:\/\/www.urlaubcornwall.de\/blog\/urlaub-in-schottland-mit-kindern-unsere-beliebtesten-urlaubsaktivitaeten\/","name":"Urlaub in Schottland mit Kindern - unsere beliebtesten Urlaubsaktivit\u00e4ten - Urlaub &amp; Reisen","isPartOf":{"@id":"https:\/\/www.urlaubcornwall.de\/blog\/#website"},"datePublished":"2018-09-24T07:49:12+00:00","dateModified":"2026-01-07T10:21:05+00:00","breadcrumb":{"@id":"https:\/\/www.urlaubcornwall.de\/blog\/urlaub-in-schottland-mit-kindern-unsere-beliebtesten-urlaubsaktivitaeten\/#breadcrumb"},"inLanguage":"en-US","potentialAction":[{"@type":"ReadAction","target":["https:\/\/www.urlaubcornwall.de\/blog\/urlaub-in-schottland-mit-kindern-unsere-beliebtesten-urlaubsaktivitaeten\/"]}]},{"@type":"BreadcrumbList","@id":"https:\/\/www.urlaubcornwall.de\/blog\/urlaub-in-schottland-mit-kindern-unsere-beliebtesten-urlaubsaktivitaeten\/#breadcrumb","itemListElement":[{"@type":"ListItem","position":1,"name":"Home","item":"https:\/\/www.urlaubcornwall.de\/blog\/"},{"@type":"ListItem","position":2,"name":"Urlaub in Schottland mit Kindern &#8211; unsere beliebtesten Urlaubsaktivit\u00e4ten"}]}]}},"_links":{"self":[{"href":"https:\/\/www.urlaubcornwall.de\/blog\/wp-json\/wp\/v2\/pages\/34423"}],"collection":[{"href":"https:\/\/www.urlaubcornwall.de\/blog\/wp-json\/wp\/v2\/pages"}],"about":[{"href":"https:\/\/www.urlaubcornwall.de\/blog\/wp-json\/wp\/v2\/types\/page"}],"author":[{"embeddable":true,"href":"https:\/\/www.urlaubcornwall.de\/blog\/wp-json\/wp\/v2\/users\/1"}],"replies":[{"embeddable":true,"href":"https:\/\/www.urlaubcornwall.de\/blog\/wp-json\/wp\/v2\/comments?post=34423"}],"version-history":[{"count":3,"href":"https:\/\/www.urlaubcornwall.de\/blog\/wp-json\/wp\/v2\/pages\/34423\/revisions"}],"predecessor-version":[{"id":52019,"href":"https:\/\/www.urlaubcornwall.de\/blog\/wp-json\/wp\/v2\/pages\/34423\/revisions\/52019"}],"wp:attachment":[{"href":"https:\/\/www.urlaubcornwall.de\/blog\/wp-json\/wp\/v2\/media?parent=34423"}],"curies":[{"name":"wp","href":"https:\/\/api.w.org\/{rel}","templated":true}]}}