{"id":34266,"date":"2018-09-06T09:54:04","date_gmt":"2018-09-06T09:54:04","guid":{"rendered":"https:\/\/www.urlaubcornwall.de\/blog\/?page_id=34266"},"modified":"2018-09-06T09:54:04","modified_gmt":"2018-09-06T09:54:04","slug":"hundefreundliche-orte-an-denen-sie-einen-cornischen-cream-tea-geniessen-koennen","status":"publish","type":"page","link":"https:\/\/www.urlaubcornwall.de\/blog\/hundefreundliche-orte-an-denen-sie-einen-cornischen-cream-tea-geniessen-koennen\/","title":{"rendered":"Hundefreundliche Orte, an denen Sie einen cornischen Cream Tea  genie\u00dfen k\u00f6nnen"},"content":{"rendered":"<p><img loading=\"lazy\" class=\"aligncenter size-full wp-image-34267\" src=\"https:\/\/www.urlaubcornwall.de\/blog\/wp-content\/uploads\/2018\/09\/Cornwall-Cream-Tea.jpg\" alt=\"Cornwall Cream Tea\" width=\"745\" height=\"392\" srcset=\"https:\/\/www.urlaubcornwall.de\/blog\/wp-content\/uploads\/2018\/09\/Cornwall-Cream-Tea.jpg 745w, https:\/\/www.urlaubcornwall.de\/blog\/wp-content\/uploads\/2018\/09\/Cornwall-Cream-Tea-300x158.jpg 300w\" sizes=\"(max-width: 745px) 100vw, 745px\" \/><br \/>\nWenn Sie mit Ihrem Hund Urlaub in Cornwall verbringen, so gibt es zahlreiche Orte, wo Sie einen \u201eCornish Cream Tea\u201c genie\u00dfen k\u00f6nnen und Hunde willkommen sind. Hier finden Sie die 5 besten:<\/p>\n<p><a href=\"http:\/\/www.dollysbar.co.uk\" rel=\"nofollow\">Dolly\u2019s Tea Room und Weinbar<\/a> in Falmouth ist tags\u00fcber ein wundersch\u00f6nes Teehaus und abends Weinbar und Ginpalast. Tags\u00fcber k\u00f6nnen Sie hausgemachte Kuchen, k\u00f6stliche s\u00fc\u00dfe Br\u00f6tchen und exotische Tees genie\u00dfen. Das hundefreundliche Caf\u00e9 hat seinen eigenen goldenen Labrador: Hebe.<\/p>\n<p><a href=\"http:\/\/www.woodscafe.co.uk\" rel=\"nofollow\">Cardinham Woods Caf\u00e9<\/a> ist ein nettes hundefreundliches Caf\u00e9 inmitten der Cardinham Woods bei Bodmin. Das Caf\u00e9 hat sich einen guten Ruf erworben aufgrund seiner frisch gebackenen s\u00fc\u00dfen Br\u00f6tchen, der Erdbeermarmelade und dicker geschlagener Creme, die Sie mit einer Tasse Tregothnan Tee genie\u00dfen k\u00f6nnen, der in Cornwall angebaut wird. Es ist ein herrlicher Ort, um nach einem Spaziergang durch die W\u00e4lder eine Pause einzulegen.<\/p>\n<p><a href=\"http:\/\/www.duchyofcornwallnursery.co.uk\" rel=\"nofollow\">Duchy of Cornwall Nursery Caf\u00e9<\/a>, Lostwithiel, bietet wundervollen Blick auf das Fowey Valley, sowie Burg Restormel. Es gibt gen\u00fcgend Sitzm\u00f6glichkeit im Freien, wo Sie mit Ihrem Hund k\u00f6stlichen \u201eCornish Cream Tea\u201c genie\u00dfen k\u00f6nnen.<\/p>\n<p>Das <a href=\"http:\/\/www.appletreecafe.co.uk\" rel=\"nofollow\">Apple Tree Caf\u00e9<\/a>, Sennen, ist ein hundefreundliches Caf\u00e9 in der N\u00e4he eines herrlichen Spazierweges zur Nanjizal Cove. Es serviert k\u00f6stlichen \u201eCornish Cream Tea\u201c aus Produkten vor Ort.<\/p>\n<p><a href=\"http:\/\/www.julietsgardenrestaurant.co.uk\" rel=\"nofollow\">Juliets Gartenrestaurant<\/a>, St Mary\u2019s, Scilly Inseln, befindet sich in einer idyllischen Lage mit Blick \u00fcber den Hafen und in Richtung der anderen Inseln. Dieses hundefreundliche Caf\u00e9 serviert wundervolle \u201eCream Teas\u201c in herrlicher Lage.<\/p>\n<p>Ein Ferienhaus ist die perfekte Ausgangsbasis f\u00fcr Urlaub in Cornwall gemeinsam mit Ihrem Hund. Hier finden Sie eine Auswahl unserer <a href=\"https:\/\/www.urlaubcornwall.de\/ferienhaeuser-fewos\/hundefreundlich-cornwall.html\">handverlesenen hundefreundlichen Ferienh\u00e4user und Ferienappartements<\/a>.<\/p>\n","protected":false},"excerpt":{"rendered":"<p>Wenn Sie mit Ihrem Hund Urlaub in Cornwall verbringen, so gibt es zahlreiche Orte, wo Sie einen \u201eCornish Cream Tea\u201c genie\u00dfen k\u00f6nnen und Hunde willkommen sind. Hier finden Sie die 5 besten: Dolly\u2019s Tea Room und Weinbar in Falmouth ist tags\u00fcber ein wundersch\u00f6nes Teehaus und abends Weinbar und Ginpalast. Tags\u00fcber k\u00f6nnen Sie hausgemachte Kuchen, k\u00f6stliche [&hellip;]<\/p>\n","protected":false},"author":1,"featured_media":0,"parent":0,"menu_order":0,"comment_status":"closed","ping_status":"closed","template":"single-four.php","meta":[],"acf":[],"yoast_head":"<!-- This site is optimized with the Yoast SEO plugin v19.4 - https:\/\/yoast.com\/wordpress\/plugins\/seo\/ -->\n<title>Hundefreundliche Orte, an denen Sie einen cornischen Cream Tea genie\u00dfen k\u00f6nnen - Urlaub &amp; Reisen<\/title>\n<meta name=\"robots\" content=\"index, follow, max-snippet:-1, max-image-preview:large, max-video-preview:-1\" \/>\n<link rel=\"canonical\" href=\"https:\/\/www.urlaubcornwall.de\/blog\/hundefreundliche-orte-an-denen-sie-einen-cornischen-cream-tea-geniessen-koennen\/\" \/>\n<meta property=\"og:locale\" content=\"en_US\" \/>\n<meta property=\"og:type\" content=\"article\" \/>\n<meta property=\"og:title\" content=\"Hundefreundliche Orte, an denen Sie einen cornischen Cream Tea genie\u00dfen k\u00f6nnen - Urlaub &amp; Reisen\" \/>\n<meta property=\"og:description\" content=\"Wenn Sie mit Ihrem Hund Urlaub in Cornwall verbringen, so gibt es zahlreiche Orte, wo Sie einen \u201eCornish Cream Tea\u201c genie\u00dfen k\u00f6nnen und Hunde willkommen sind. Hier finden Sie die 5 besten: Dolly\u2019s Tea Room und Weinbar in Falmouth ist tags\u00fcber ein wundersch\u00f6nes Teehaus und abends Weinbar und Ginpalast. Tags\u00fcber k\u00f6nnen Sie hausgemachte Kuchen, k\u00f6stliche [&hellip;]\" \/>\n<meta property=\"og:url\" content=\"https:\/\/www.urlaubcornwall.de\/blog\/hundefreundliche-orte-an-denen-sie-einen-cornischen-cream-tea-geniessen-koennen\/\" \/>\n<meta property=\"og:site_name\" content=\"Urlaub &amp; Reisen\" \/>\n<meta property=\"og:image\" content=\"https:\/\/www.urlaubcornwall.de\/blog\/wp-content\/uploads\/2018\/09\/Cornwall-Cream-Tea.jpg\" \/>\n<meta name=\"twitter:card\" content=\"summary\" \/>\n<meta name=\"twitter:label1\" content=\"Est. reading time\" \/>\n\t<meta name=\"twitter:data1\" content=\"1 minute\" \/>\n<script type=\"application\/ld+json\" class=\"yoast-schema-graph\">{\"@context\":\"https:\/\/schema.org\",\"@graph\":[{\"@type\":\"WebSite\",\"@id\":\"https:\/\/www.urlaubcornwall.de\/blog\/#website\",\"url\":\"https:\/\/www.urlaubcornwall.de\/blog\/\",\"name\":\"Urlaub &amp; Reisen\",\"description\":\"Urlaub, Reisen, Cornwall und S\u00fcdengland: eine perfekte Kombination\",\"potentialAction\":[{\"@type\":\"SearchAction\",\"target\":{\"@type\":\"EntryPoint\",\"urlTemplate\":\"https:\/\/www.urlaubcornwall.de\/blog\/?s={search_term_string}\"},\"query-input\":\"required name=search_term_string\"}],\"inLanguage\":\"en-US\"},{\"@type\":\"WebPage\",\"@id\":\"https:\/\/www.urlaubcornwall.de\/blog\/hundefreundliche-orte-an-denen-sie-einen-cornischen-cream-tea-geniessen-koennen\/\",\"url\":\"https:\/\/www.urlaubcornwall.de\/blog\/hundefreundliche-orte-an-denen-sie-einen-cornischen-cream-tea-geniessen-koennen\/\",\"name\":\"Hundefreundliche Orte, an denen Sie einen cornischen Cream Tea genie\u00dfen k\u00f6nnen - Urlaub &amp; Reisen\",\"isPartOf\":{\"@id\":\"https:\/\/www.urlaubcornwall.de\/blog\/#website\"},\"datePublished\":\"2018-09-06T09:54:04+00:00\",\"dateModified\":\"2018-09-06T09:54:04+00:00\",\"breadcrumb\":{\"@id\":\"https:\/\/www.urlaubcornwall.de\/blog\/hundefreundliche-orte-an-denen-sie-einen-cornischen-cream-tea-geniessen-koennen\/#breadcrumb\"},\"inLanguage\":\"en-US\",\"potentialAction\":[{\"@type\":\"ReadAction\",\"target\":[\"https:\/\/www.urlaubcornwall.de\/blog\/hundefreundliche-orte-an-denen-sie-einen-cornischen-cream-tea-geniessen-koennen\/\"]}]},{\"@type\":\"BreadcrumbList\",\"@id\":\"https:\/\/www.urlaubcornwall.de\/blog\/hundefreundliche-orte-an-denen-sie-einen-cornischen-cream-tea-geniessen-koennen\/#breadcrumb\",\"itemListElement\":[{\"@type\":\"ListItem\",\"position\":1,\"name\":\"Home\",\"item\":\"https:\/\/www.urlaubcornwall.de\/blog\/\"},{\"@type\":\"ListItem\",\"position\":2,\"name\":\"Hundefreundliche Orte, an denen Sie einen cornischen Cream Tea genie\u00dfen k\u00f6nnen\"}]}]}<\/script>\n<!-- \/ Yoast SEO plugin. -->","yoast_head_json":{"title":"Hundefreundliche Orte, an denen Sie einen cornischen Cream Tea genie\u00dfen k\u00f6nnen - Urlaub &amp; Reisen","robots":{"index":"index","follow":"follow","max-snippet":"max-snippet:-1","max-image-preview":"max-image-preview:large","max-video-preview":"max-video-preview:-1"},"canonical":"https:\/\/www.urlaubcornwall.de\/blog\/hundefreundliche-orte-an-denen-sie-einen-cornischen-cream-tea-geniessen-koennen\/","og_locale":"en_US","og_type":"article","og_title":"Hundefreundliche Orte, an denen Sie einen cornischen Cream Tea genie\u00dfen k\u00f6nnen - Urlaub &amp; Reisen","og_description":"Wenn Sie mit Ihrem Hund Urlaub in Cornwall verbringen, so gibt es zahlreiche Orte, wo Sie einen \u201eCornish Cream Tea\u201c genie\u00dfen k\u00f6nnen und Hunde willkommen sind. Hier finden Sie die 5 besten: Dolly\u2019s Tea Room und Weinbar in Falmouth ist tags\u00fcber ein wundersch\u00f6nes Teehaus und abends Weinbar und Ginpalast. Tags\u00fcber k\u00f6nnen Sie hausgemachte Kuchen, k\u00f6stliche [&hellip;]","og_url":"https:\/\/www.urlaubcornwall.de\/blog\/hundefreundliche-orte-an-denen-sie-einen-cornischen-cream-tea-geniessen-koennen\/","og_site_name":"Urlaub &amp; Reisen","og_image":[{"url":"https:\/\/www.urlaubcornwall.de\/blog\/wp-content\/uploads\/2018\/09\/Cornwall-Cream-Tea.jpg"}],"twitter_card":"summary","twitter_misc":{"Est. reading time":"1 minute"},"schema":{"@context":"https:\/\/schema.org","@graph":[{"@type":"WebSite","@id":"https:\/\/www.urlaubcornwall.de\/blog\/#website","url":"https:\/\/www.urlaubcornwall.de\/blog\/","name":"Urlaub &amp; Reisen","description":"Urlaub, Reisen, Cornwall und S\u00fcdengland: eine perfekte Kombination","potentialAction":[{"@type":"SearchAction","target":{"@type":"EntryPoint","urlTemplate":"https:\/\/www.urlaubcornwall.de\/blog\/?s={search_term_string}"},"query-input":"required name=search_term_string"}],"inLanguage":"en-US"},{"@type":"WebPage","@id":"https:\/\/www.urlaubcornwall.de\/blog\/hundefreundliche-orte-an-denen-sie-einen-cornischen-cream-tea-geniessen-koennen\/","url":"https:\/\/www.urlaubcornwall.de\/blog\/hundefreundliche-orte-an-denen-sie-einen-cornischen-cream-tea-geniessen-koennen\/","name":"Hundefreundliche Orte, an denen Sie einen cornischen Cream Tea genie\u00dfen k\u00f6nnen - Urlaub &amp; Reisen","isPartOf":{"@id":"https:\/\/www.urlaubcornwall.de\/blog\/#website"},"datePublished":"2018-09-06T09:54:04+00:00","dateModified":"2018-09-06T09:54:04+00:00","breadcrumb":{"@id":"https:\/\/www.urlaubcornwall.de\/blog\/hundefreundliche-orte-an-denen-sie-einen-cornischen-cream-tea-geniessen-koennen\/#breadcrumb"},"inLanguage":"en-US","potentialAction":[{"@type":"ReadAction","target":["https:\/\/www.urlaubcornwall.de\/blog\/hundefreundliche-orte-an-denen-sie-einen-cornischen-cream-tea-geniessen-koennen\/"]}]},{"@type":"BreadcrumbList","@id":"https:\/\/www.urlaubcornwall.de\/blog\/hundefreundliche-orte-an-denen-sie-einen-cornischen-cream-tea-geniessen-koennen\/#breadcrumb","itemListElement":[{"@type":"ListItem","position":1,"name":"Home","item":"https:\/\/www.urlaubcornwall.de\/blog\/"},{"@type":"ListItem","position":2,"name":"Hundefreundliche Orte, an denen Sie einen cornischen Cream Tea genie\u00dfen k\u00f6nnen"}]}]}},"_links":{"self":[{"href":"https:\/\/www.urlaubcornwall.de\/blog\/wp-json\/wp\/v2\/pages\/34266"}],"collection":[{"href":"https:\/\/www.urlaubcornwall.de\/blog\/wp-json\/wp\/v2\/pages"}],"about":[{"href":"https:\/\/www.urlaubcornwall.de\/blog\/wp-json\/wp\/v2\/types\/page"}],"author":[{"embeddable":true,"href":"https:\/\/www.urlaubcornwall.de\/blog\/wp-json\/wp\/v2\/users\/1"}],"replies":[{"embeddable":true,"href":"https:\/\/www.urlaubcornwall.de\/blog\/wp-json\/wp\/v2\/comments?post=34266"}],"version-history":[{"count":1,"href":"https:\/\/www.urlaubcornwall.de\/blog\/wp-json\/wp\/v2\/pages\/34266\/revisions"}],"predecessor-version":[{"id":34269,"href":"https:\/\/www.urlaubcornwall.de\/blog\/wp-json\/wp\/v2\/pages\/34266\/revisions\/34269"}],"wp:attachment":[{"href":"https:\/\/www.urlaubcornwall.de\/blog\/wp-json\/wp\/v2\/media?parent=34266"}],"curies":[{"name":"wp","href":"https:\/\/api.w.org\/{rel}","templated":true}]}}