{"id":34223,"date":"2018-08-31T13:14:26","date_gmt":"2018-08-31T13:14:26","guid":{"rendered":"https:\/\/www.urlaubcornwall.de\/blog\/?page_id=34223"},"modified":"2021-11-27T14:02:03","modified_gmt":"2021-11-27T14:02:03","slug":"urlaubsaktivitaeten-auf-jersey-kanalinseln","status":"publish","type":"page","link":"https:\/\/www.urlaubcornwall.de\/blog\/urlaubsaktivitaeten-auf-jersey-kanalinseln\/","title":{"rendered":"Urlaubsaktivit\u00e4ten auf Jersey \u2013 Kanalinseln"},"content":{"rendered":"<p><img loading=\"lazy\" class=\"aligncenter size-full wp-image-34224\" src=\"https:\/\/www.urlaubcornwall.de\/blog\/wp-content\/uploads\/2018\/08\/Urlaubsaktivit\u00e4ten-auf-Jersey-\u2013-Kanalinseln.jpg\" alt=\"Urlaubsaktivit\u00e4ten auf Jersey wandern radreise\" width=\"748\" height=\"497\"\/><\/p>\n<p><a href=\"https:\/\/www.urlaubcornwall.de\/reiseziel\/kanalinseln\/jersey.php\">Jersey<\/a> ist ein Paradies f\u00fcr all diejenigen, die w\u00e4hrend ihres Urlaubs Aktivit\u00e4ten im Freien  und Sportarten lieben. Die Insel ist ideal f\u00fcr Familien mit Kindern, Abenteurer oder all jene, die die herrlichen Str\u00e4nde und K\u00fcstenlandschaft zu Fu\u00df oder mit dem Fahrrad erkunden wollen.<\/p>\n<p><strong>Radfahren<\/strong> &#8211; <a href=\"https:\/\/www.urlaubcornwall.de\/blog\/kanalinseln-jersey-und-guernsey-mit-dem-rad\/\">Jersey ist ein Paradies f\u00fcr Radfahrer<\/a>. Die Insel misst lediglich 14,4km auf 8km, doch gibt es viele unterschiedliche, wundersch\u00f6ne und herausfordernde Radtouren. Aufgrund des milden Klimas, herrlicher Landschaft und variationsreichem Terrain hat Jersey Radfahrern jeglicher F\u00e4higkeiten etwas zu bieten. <\/p>\n<p><strong>Wandern <\/strong>&#8211; <a href=\"https:\/\/www.urlaubcornwall.de\/blog\/kanalinseln-wandern-auf-jersey-und-guernsey\/\">Jersey ist ideal f\u00fcr Wanderurlaub<\/a>; es ist einfach, sich zu Fu\u00df aufzumachen und die Landschaft zu genie\u00dfen. Jersey misst lediglich 14,4km auf 8km mit variationsreichem Terrain, von Pfaden entlang der herrlichen K\u00fcste, durch bewaldete T\u00e4ler, ruhige, mit B\u00e4umen umgebenen Pfaden und zerkl\u00fcftete Strandpfade, so gibt es etwas f\u00fcr Jedermann. Gef\u00fchrte Wandertouren sind ebenfalls erh\u00e4ltlich; F\u00fchrer vor Ort werden Sie mitnehmen auf eine Reise durch Jerseys 800 Jahre alte Geschichte durch versteckte Pfade, und sie werden lokale Geheimnisse mit Ihnen teilen.<\/p>\n<p><strong>Wassersportarten<\/strong> &#8211; Jersey eignet sich hervorragend f\u00fcr s\u00e4mtliche Arten von Wassersport. Bei Gorey am Royal Bay of Grouville Beach k\u00f6nnen Sie Wasserski genie\u00dfen, Wakeboarden, Kajak fahren, Stand- up-Paddleboarden und Motorboote mieten. Es gibt au\u00dferdem Meeressafaris, w\u00e4hrend derer Sie die wundersch\u00f6ne Landschaft genie\u00dfen k\u00f6nnen und Ausschau halten nach Tierleben wie Delfinen und Robben. Jersey eignet sich gro\u00dfartig zum Surfen; St Ouens Bay galt einst als die Surfhauptstadt Europas; der 8km lange Strand \u00f6ffnet sich hin zum atlantischen Ozean mit starken Welleng\u00e4ngen und Str\u00f6mungen im Wasser. Coasteering entlang der Klippen und Buchten von Jerseys K\u00fcste ist eine weitere M\u00f6glichkeit, um mehr zu dieser wundersch\u00f6nen Insel herauszufinden. Aufgrund der meilenlangen K\u00fcste, kristallklarem Wasser und Meeresbadepools gibt es eine Vielzahl an Orten auf Jersey, um zu schwimmen und zu tauchen. Angeln ist eine weitere Wassersportart, die Sie w\u00e4hrend eines Urlaubs hier genie\u00dfen k\u00f6nnen mit einer breiten Vielfalt an Fisch im Meer.<\/p>\n<p><strong>Golf<\/strong> &#8211;<a href=\"https:\/\/www.urlaubcornwall.de\/blog\/golfurlaub-auf-den-kanalinseln-golfclubs-golfplaetze\/\"> Golfspieler haben die Qual der Wahl<\/a> mit einer Auswahl an 6 Golfpl\u00e4tzen. Es gibt drei 18-Loch Meisterschaftspl\u00e4tze, La Moye Golf Club, The Royal Jersey Golf Club und Les Mielles Golf and Country Club. Au\u00dferdem gibt es kleinere 9-Loch-Pl\u00e4tze, allesamt mit fantastischem Blick und Spielbedingungen.<\/p>\n<p style=\"text-align: center;\"><a class=\"tidycta\" href=\"https:\/\/www.urlaubcornwall.de\/blog\/spezialist-reisen-kanalinseln\/\">Urlaubsinspiration &#8211; zu den Kanalinseln Angeboten<\/a><\/p>\n","protected":false},"excerpt":{"rendered":"<p>Jersey ist ein Paradies f\u00fcr all diejenigen, die w\u00e4hrend ihres Urlaubs Aktivit\u00e4ten im Freien und Sportarten lieben. Die Insel ist ideal f\u00fcr Familien mit Kindern, Abenteurer oder all jene, die die herrlichen Str\u00e4nde und K\u00fcstenlandschaft zu Fu\u00df oder mit dem Fahrrad erkunden wollen. Radfahren &#8211; Jersey ist ein Paradies f\u00fcr Radfahrer. Die Insel misst lediglich [&hellip;]<\/p>\n","protected":false},"author":1,"featured_media":0,"parent":0,"menu_order":0,"comment_status":"closed","ping_status":"closed","template":"single-four.php","meta":[],"acf":[],"yoast_head":"<!-- This site is optimized with the Yoast SEO plugin v19.4 - https:\/\/yoast.com\/wordpress\/plugins\/seo\/ -->\n<title>Urlaubsaktivit\u00e4ten auf Jersey \u2013 Kanalinseln - Urlaub &amp; Reisen<\/title>\n<meta name=\"robots\" content=\"index, follow, max-snippet:-1, max-image-preview:large, max-video-preview:-1\" \/>\n<link rel=\"canonical\" href=\"https:\/\/www.urlaubcornwall.de\/blog\/urlaubsaktivitaeten-auf-jersey-kanalinseln\/\" \/>\n<meta property=\"og:locale\" content=\"en_US\" \/>\n<meta property=\"og:type\" content=\"article\" \/>\n<meta property=\"og:title\" content=\"Urlaubsaktivit\u00e4ten auf Jersey \u2013 Kanalinseln - Urlaub &amp; Reisen\" \/>\n<meta property=\"og:description\" content=\"Jersey ist ein Paradies f\u00fcr all diejenigen, die w\u00e4hrend ihres Urlaubs Aktivit\u00e4ten im Freien und Sportarten lieben. Die Insel ist ideal f\u00fcr Familien mit Kindern, Abenteurer oder all jene, die die herrlichen Str\u00e4nde und K\u00fcstenlandschaft zu Fu\u00df oder mit dem Fahrrad erkunden wollen. Radfahren &#8211; Jersey ist ein Paradies f\u00fcr Radfahrer. Die Insel misst lediglich [&hellip;]\" \/>\n<meta property=\"og:url\" content=\"https:\/\/www.urlaubcornwall.de\/blog\/urlaubsaktivitaeten-auf-jersey-kanalinseln\/\" \/>\n<meta property=\"og:site_name\" content=\"Urlaub &amp; Reisen\" \/>\n<meta property=\"article:modified_time\" content=\"2021-11-27T14:02:03+00:00\" \/>\n<meta property=\"og:image\" content=\"https:\/\/www.urlaubcornwall.de\/blog\/wp-content\/uploads\/2018\/08\/Urlaubsaktivit\u00e4ten-auf-Jersey-\u2013-Kanalinseln.jpg\" \/>\n<meta name=\"twitter:card\" content=\"summary\" \/>\n<meta name=\"twitter:label1\" content=\"Est. reading time\" \/>\n\t<meta name=\"twitter:data1\" content=\"2 minutes\" \/>\n<script type=\"application\/ld+json\" class=\"yoast-schema-graph\">{\"@context\":\"https:\/\/schema.org\",\"@graph\":[{\"@type\":\"WebSite\",\"@id\":\"https:\/\/www.urlaubcornwall.de\/blog\/#website\",\"url\":\"https:\/\/www.urlaubcornwall.de\/blog\/\",\"name\":\"Urlaub &amp; Reisen\",\"description\":\"Urlaub, Reisen, Cornwall und S\u00fcdengland: eine perfekte Kombination\",\"potentialAction\":[{\"@type\":\"SearchAction\",\"target\":{\"@type\":\"EntryPoint\",\"urlTemplate\":\"https:\/\/www.urlaubcornwall.de\/blog\/?s={search_term_string}\"},\"query-input\":\"required name=search_term_string\"}],\"inLanguage\":\"en-US\"},{\"@type\":\"WebPage\",\"@id\":\"https:\/\/www.urlaubcornwall.de\/blog\/urlaubsaktivitaeten-auf-jersey-kanalinseln\/\",\"url\":\"https:\/\/www.urlaubcornwall.de\/blog\/urlaubsaktivitaeten-auf-jersey-kanalinseln\/\",\"name\":\"Urlaubsaktivit\u00e4ten auf Jersey \u2013 Kanalinseln - Urlaub &amp; Reisen\",\"isPartOf\":{\"@id\":\"https:\/\/www.urlaubcornwall.de\/blog\/#website\"},\"datePublished\":\"2018-08-31T13:14:26+00:00\",\"dateModified\":\"2021-11-27T14:02:03+00:00\",\"breadcrumb\":{\"@id\":\"https:\/\/www.urlaubcornwall.de\/blog\/urlaubsaktivitaeten-auf-jersey-kanalinseln\/#breadcrumb\"},\"inLanguage\":\"en-US\",\"potentialAction\":[{\"@type\":\"ReadAction\",\"target\":[\"https:\/\/www.urlaubcornwall.de\/blog\/urlaubsaktivitaeten-auf-jersey-kanalinseln\/\"]}]},{\"@type\":\"BreadcrumbList\",\"@id\":\"https:\/\/www.urlaubcornwall.de\/blog\/urlaubsaktivitaeten-auf-jersey-kanalinseln\/#breadcrumb\",\"itemListElement\":[{\"@type\":\"ListItem\",\"position\":1,\"name\":\"Home\",\"item\":\"https:\/\/www.urlaubcornwall.de\/blog\/\"},{\"@type\":\"ListItem\",\"position\":2,\"name\":\"Urlaubsaktivit\u00e4ten auf Jersey \u2013 Kanalinseln\"}]}]}<\/script>\n<!-- \/ Yoast SEO plugin. -->","yoast_head_json":{"title":"Urlaubsaktivit\u00e4ten auf Jersey \u2013 Kanalinseln - Urlaub &amp; Reisen","robots":{"index":"index","follow":"follow","max-snippet":"max-snippet:-1","max-image-preview":"max-image-preview:large","max-video-preview":"max-video-preview:-1"},"canonical":"https:\/\/www.urlaubcornwall.de\/blog\/urlaubsaktivitaeten-auf-jersey-kanalinseln\/","og_locale":"en_US","og_type":"article","og_title":"Urlaubsaktivit\u00e4ten auf Jersey \u2013 Kanalinseln - Urlaub &amp; Reisen","og_description":"Jersey ist ein Paradies f\u00fcr all diejenigen, die w\u00e4hrend ihres Urlaubs Aktivit\u00e4ten im Freien und Sportarten lieben. Die Insel ist ideal f\u00fcr Familien mit Kindern, Abenteurer oder all jene, die die herrlichen Str\u00e4nde und K\u00fcstenlandschaft zu Fu\u00df oder mit dem Fahrrad erkunden wollen. Radfahren &#8211; Jersey ist ein Paradies f\u00fcr Radfahrer. Die Insel misst lediglich [&hellip;]","og_url":"https:\/\/www.urlaubcornwall.de\/blog\/urlaubsaktivitaeten-auf-jersey-kanalinseln\/","og_site_name":"Urlaub &amp; Reisen","article_modified_time":"2021-11-27T14:02:03+00:00","og_image":[{"url":"https:\/\/www.urlaubcornwall.de\/blog\/wp-content\/uploads\/2018\/08\/Urlaubsaktivit\u00e4ten-auf-Jersey-\u2013-Kanalinseln.jpg"}],"twitter_card":"summary","twitter_misc":{"Est. reading time":"2 minutes"},"schema":{"@context":"https:\/\/schema.org","@graph":[{"@type":"WebSite","@id":"https:\/\/www.urlaubcornwall.de\/blog\/#website","url":"https:\/\/www.urlaubcornwall.de\/blog\/","name":"Urlaub &amp; Reisen","description":"Urlaub, Reisen, Cornwall und S\u00fcdengland: eine perfekte Kombination","potentialAction":[{"@type":"SearchAction","target":{"@type":"EntryPoint","urlTemplate":"https:\/\/www.urlaubcornwall.de\/blog\/?s={search_term_string}"},"query-input":"required name=search_term_string"}],"inLanguage":"en-US"},{"@type":"WebPage","@id":"https:\/\/www.urlaubcornwall.de\/blog\/urlaubsaktivitaeten-auf-jersey-kanalinseln\/","url":"https:\/\/www.urlaubcornwall.de\/blog\/urlaubsaktivitaeten-auf-jersey-kanalinseln\/","name":"Urlaubsaktivit\u00e4ten auf Jersey \u2013 Kanalinseln - Urlaub &amp; Reisen","isPartOf":{"@id":"https:\/\/www.urlaubcornwall.de\/blog\/#website"},"datePublished":"2018-08-31T13:14:26+00:00","dateModified":"2021-11-27T14:02:03+00:00","breadcrumb":{"@id":"https:\/\/www.urlaubcornwall.de\/blog\/urlaubsaktivitaeten-auf-jersey-kanalinseln\/#breadcrumb"},"inLanguage":"en-US","potentialAction":[{"@type":"ReadAction","target":["https:\/\/www.urlaubcornwall.de\/blog\/urlaubsaktivitaeten-auf-jersey-kanalinseln\/"]}]},{"@type":"BreadcrumbList","@id":"https:\/\/www.urlaubcornwall.de\/blog\/urlaubsaktivitaeten-auf-jersey-kanalinseln\/#breadcrumb","itemListElement":[{"@type":"ListItem","position":1,"name":"Home","item":"https:\/\/www.urlaubcornwall.de\/blog\/"},{"@type":"ListItem","position":2,"name":"Urlaubsaktivit\u00e4ten auf Jersey \u2013 Kanalinseln"}]}]}},"_links":{"self":[{"href":"https:\/\/www.urlaubcornwall.de\/blog\/wp-json\/wp\/v2\/pages\/34223"}],"collection":[{"href":"https:\/\/www.urlaubcornwall.de\/blog\/wp-json\/wp\/v2\/pages"}],"about":[{"href":"https:\/\/www.urlaubcornwall.de\/blog\/wp-json\/wp\/v2\/types\/page"}],"author":[{"embeddable":true,"href":"https:\/\/www.urlaubcornwall.de\/blog\/wp-json\/wp\/v2\/users\/1"}],"replies":[{"embeddable":true,"href":"https:\/\/www.urlaubcornwall.de\/blog\/wp-json\/wp\/v2\/comments?post=34223"}],"version-history":[{"count":8,"href":"https:\/\/www.urlaubcornwall.de\/blog\/wp-json\/wp\/v2\/pages\/34223\/revisions"}],"predecessor-version":[{"id":44183,"href":"https:\/\/www.urlaubcornwall.de\/blog\/wp-json\/wp\/v2\/pages\/34223\/revisions\/44183"}],"wp:attachment":[{"href":"https:\/\/www.urlaubcornwall.de\/blog\/wp-json\/wp\/v2\/media?parent=34223"}],"curies":[{"name":"wp","href":"https:\/\/api.w.org\/{rel}","templated":true}]}}