{"id":34205,"date":"2018-08-28T09:35:33","date_gmt":"2018-08-28T09:35:33","guid":{"rendered":"https:\/\/www.urlaubcornwall.de\/blog\/?page_id=34205"},"modified":"2024-08-22T12:53:58","modified_gmt":"2024-08-22T12:53:58","slug":"die-wunderschoensten-straende-auf-jersey-urlaubstipps-kanalinseln","status":"publish","type":"page","link":"https:\/\/www.urlaubcornwall.de\/blog\/die-wunderschoensten-straende-auf-jersey-urlaubstipps-kanalinseln\/","title":{"rendered":"Die wundersch\u00f6nsten Str\u00e4nde auf Jersey \u2013 Urlaubstipps Kanalinseln"},"content":{"rendered":"<p>Als eine kompakte Insel mit lediglich 100 Quadratkilometern hat <a href=\"https:\/\/www.urlaubcornwall.de\/reiseziel\/kanalinseln\/jersey.php\">Jersey<\/a> 20 Str\u00e4nde und Buchten zu erkunden, sowie eine spektakul\u00e4re Landschaft, von Kehrbuchten im S\u00fcden bis hin zu dramatischen Klippen im Norden.<\/p>\n<p>Die St Brelades Bucht ist eine von Jerseys beliebtesten Str\u00e4nden mit goldenem Sand und sicherer Schwimmm\u00f6glichkeit. Sie ist bei Familien beliebt, sowie bei Wassersportlern wie Windsurfern und Wasserskifahrern. Bei Ebbe sind dort mehr als 1,6km wundersch\u00f6ner Sand, und es gibt einen behindertengerechten Zugang mit aufblasbaren Rollst\u00fchlen, die am Strand benutzt werden k\u00f6nnen. Im Hintergrund des Strandes befindet sich eine attraktive Promenade, wo es jede Menge Restaurants und Caf\u00e9s gibt. Hunde sind willkommen, m\u00fcssen jedoch von Mai-September, von 10.00-18.00 Uhr, angeleint bleiben.<\/p>\n<p>St Clements Bay ist ein langer Sandstrand am s\u00fcd\u00f6stlichen Zipfel von Jersey in der N\u00e4he von St Helier. Direkt vor der K\u00fcste befindet sich Green Island, der s\u00fcdlichste Strand der britischen Inseln. Er kann bei Ebbe erreicht werden, doch bei Flut ist er abgeschnitten. Planen Sie also Ihr Strandabenteuer so, dass es mit den Gezeiten \u00fcbereinstimmt. Hunde sind am Strand zwischen dem 1. Mai und 30. September nicht erlaubt.<\/p>\n<p><img loading=\"lazy\" class=\"aligncenter size-full wp-image-41348\" src=\"https:\/\/www.urlaubcornwall.de\/blog\/wp-content\/uploads\/2020\/12\/St-Ouens-Bay_strand-1.jpg\" alt=\"St Ouens Bay_strand\" width=\"1000\" height=\"500\"\/><\/p>\n<p>St Ouens Bay ist Jerseys feinster Strand mit wundersch\u00f6nem Sand, der sich fast die gesamte L\u00e4nge der Westk\u00fcste der Insel entlang zieht. Bei Ebbe verschwindet der Wasserrand nahezu aus dem Blick. Mit seiner frischen westlichen Brise ist der Strand ideal zum Surfen und Gokarten mit Windantrieb. Das Meer hier ist lediglich f\u00fcr starke Schwimmer geeignet, doch der Strand ist ein idealer Ort, um den Sonnenuntergang zu sehen.<\/p>\n<p style=\"text-align: center;\"><a class=\"tidycta\" href=\"https:\/\/www.urlaubcornwall.de\/blog\/spezialist-reisen-kanalinseln\/\">Urlaubsinspiration &#8211; zu den Kanalinseln Angeboten<\/a><\/p>\n<p>Die Str\u00e4nde Havre de Pas und Greved\u2019Azette befinden sich einen kurzen Spaziergang entfernt vom Stadtzentrum. Diese gesch\u00fctzten, nach S\u00fcden hin ausgerichteten Str\u00e4nde, sind bei Familien beliebt und es gibt einen Gezeiten abh\u00e4ngigen Badepool, wo Sie unter den wachsamen Augen der Lebensretter vor Ort schwimmen k\u00f6nnen. Hunde sind willkommen, m\u00fcssen jedoch von Mai-September, von 10.00-18.00 Uhr, angeleint bleiben.<\/p>\n<p>St Aubins Bay erstreckt sich \u00fcber den Gro\u00dfteil der S\u00fcdk\u00fcste von Jersey. Dieser weite Sandstrand erstreckt sich von St Helier bis nach St Aubin. Der Strand ist bei Familien beliebt, da das Schwimmen hier sicher ist. Er ist auch hervorragend f\u00fcr Aktivit\u00e4ten wie Strandvolleyball, Wasserski und Jetski. Hunde sind willkommen, m\u00fcssen jedoch von Mai-September, von 10.00-18.00 Uhr, angeleint bleiben.<br \/>\nBelcroute Bay ist ein verborgenes Juwel an der S\u00fcdk\u00fcste von Jersey. Bei Flut ist dieser gesch\u00fctzte Kieselstrand ideal zum Schnorcheln und Stand-up-Paddleboarden. Hunde sind willkommen, m\u00fcssen jedoch von Mai-September, von 10.00-18.00 Uhr, angeleint bleiben.<\/p>\n<p>Portelet Bay ist eine wundersch\u00f6ne Felsenbucht, die von Klippen gesch\u00fctzt ist. Zum Strand hinunter zu gelangen, kann recht schwierig sein, doch ist es wert, den steilen Abstieg \u00fcber die Stufen von der Klippe aus zu nehmen, um im kristallklaren Wasser zu schwimmen.<br \/>\nRozel Bay an der Nordk\u00fcste von Jersey ist eher ein Fischerhafen als ein Ort zum Schwimmen, doch bei Ebbe ist der Abschnitt wei\u00dfen Sandes f\u00fcr Kinder ideal zum Spielen.<\/p>\n<p>Bonne Nuit Bay ist ein kleines Fischerdorf an der Nordk\u00fcste von Jersey. Der Sandstrand ist ein herrlicher Platz zum Spielen und Picknicken, doch das Meer hier ist nicht gut zum Schwimmen.<\/p>\n<p>Plemont an der Nordwestk\u00fcste von Jersey ist eine makellose Sandbucht, die \u00fcber viele Stufen erreicht wird. Sobald Sie das Ende erreichen, werden Sie belohnt mit herrlichen nat\u00fcrlichen Felspools und Meeresschluchten. Wenn das Meer ruhig ist, ist es herrlich, hier zu schwimmen, und bei Wellengang ist es ideal zum Surfen. Bei Flut ist der Strand komplett von Wasser bedeckt.<\/p>\n","protected":false},"excerpt":{"rendered":"<p>Als eine kompakte Insel mit lediglich 100 Quadratkilometern hat Jersey 20 Str\u00e4nde und Buchten zu erkunden, sowie eine spektakul\u00e4re Landschaft, von Kehrbuchten im S\u00fcden bis hin zu dramatischen Klippen im Norden. Die St Brelades Bucht ist eine von Jerseys beliebtesten Str\u00e4nden mit goldenem Sand und sicherer Schwimmm\u00f6glichkeit. Sie ist bei Familien beliebt, sowie bei Wassersportlern [&hellip;]<\/p>\n","protected":false},"author":1,"featured_media":0,"parent":0,"menu_order":0,"comment_status":"closed","ping_status":"closed","template":"page-products.php","meta":[],"acf":[],"yoast_head":"<!-- This site is optimized with the Yoast SEO plugin v19.4 - https:\/\/yoast.com\/wordpress\/plugins\/seo\/ -->\n<title>Die wundersch\u00f6nsten Str\u00e4nde auf Jersey \u2013 Urlaubstipps Kanalinseln - Urlaub &amp; Reisen<\/title>\n<meta name=\"description\" content=\"Als eine kompakte Insel mit lediglich 100 Quadratkilometern hat Jersey 20 Str\u00e4nde und Buchten zu erkunden, sowie eine spektakul\u00e4re Landschaft\" \/>\n<meta name=\"robots\" content=\"index, follow, max-snippet:-1, max-image-preview:large, max-video-preview:-1\" \/>\n<link rel=\"canonical\" href=\"https:\/\/www.urlaubcornwall.de\/blog\/die-wunderschoensten-straende-auf-jersey-urlaubstipps-kanalinseln\/\" \/>\n<meta property=\"og:locale\" content=\"en_US\" \/>\n<meta property=\"og:type\" content=\"article\" \/>\n<meta property=\"og:title\" content=\"Die wundersch\u00f6nsten Str\u00e4nde auf Jersey \u2013 Urlaubstipps Kanalinseln - Urlaub &amp; Reisen\" \/>\n<meta property=\"og:description\" content=\"Als eine kompakte Insel mit lediglich 100 Quadratkilometern hat Jersey 20 Str\u00e4nde und Buchten zu erkunden, sowie eine spektakul\u00e4re Landschaft\" \/>\n<meta property=\"og:url\" content=\"https:\/\/www.urlaubcornwall.de\/blog\/die-wunderschoensten-straende-auf-jersey-urlaubstipps-kanalinseln\/\" \/>\n<meta property=\"og:site_name\" content=\"Urlaub &amp; Reisen\" \/>\n<meta property=\"article:modified_time\" content=\"2024-08-22T12:53:58+00:00\" \/>\n<meta property=\"og:image\" content=\"https:\/\/www.urlaubcornwall.de\/blog\/wp-content\/uploads\/2020\/12\/St-Ouens-Bay_strand-1.jpg\" \/>\n<meta name=\"twitter:card\" content=\"summary\" \/>\n<meta name=\"twitter:label1\" content=\"Est. reading time\" \/>\n\t<meta name=\"twitter:data1\" content=\"4 minutes\" \/>\n<script type=\"application\/ld+json\" class=\"yoast-schema-graph\">{\"@context\":\"https:\/\/schema.org\",\"@graph\":[{\"@type\":\"WebSite\",\"@id\":\"https:\/\/www.urlaubcornwall.de\/blog\/#website\",\"url\":\"https:\/\/www.urlaubcornwall.de\/blog\/\",\"name\":\"Urlaub &amp; Reisen\",\"description\":\"Urlaub, Reisen, Cornwall und S\u00fcdengland: eine perfekte Kombination\",\"potentialAction\":[{\"@type\":\"SearchAction\",\"target\":{\"@type\":\"EntryPoint\",\"urlTemplate\":\"https:\/\/www.urlaubcornwall.de\/blog\/?s={search_term_string}\"},\"query-input\":\"required name=search_term_string\"}],\"inLanguage\":\"en-US\"},{\"@type\":\"WebPage\",\"@id\":\"https:\/\/www.urlaubcornwall.de\/blog\/die-wunderschoensten-straende-auf-jersey-urlaubstipps-kanalinseln\/\",\"url\":\"https:\/\/www.urlaubcornwall.de\/blog\/die-wunderschoensten-straende-auf-jersey-urlaubstipps-kanalinseln\/\",\"name\":\"Die wundersch\u00f6nsten Str\u00e4nde auf Jersey \u2013 Urlaubstipps Kanalinseln - Urlaub &amp; Reisen\",\"isPartOf\":{\"@id\":\"https:\/\/www.urlaubcornwall.de\/blog\/#website\"},\"datePublished\":\"2018-08-28T09:35:33+00:00\",\"dateModified\":\"2024-08-22T12:53:58+00:00\",\"description\":\"Als eine kompakte Insel mit lediglich 100 Quadratkilometern hat Jersey 20 Str\u00e4nde und Buchten zu erkunden, sowie eine spektakul\u00e4re Landschaft\",\"breadcrumb\":{\"@id\":\"https:\/\/www.urlaubcornwall.de\/blog\/die-wunderschoensten-straende-auf-jersey-urlaubstipps-kanalinseln\/#breadcrumb\"},\"inLanguage\":\"en-US\",\"potentialAction\":[{\"@type\":\"ReadAction\",\"target\":[\"https:\/\/www.urlaubcornwall.de\/blog\/die-wunderschoensten-straende-auf-jersey-urlaubstipps-kanalinseln\/\"]}]},{\"@type\":\"BreadcrumbList\",\"@id\":\"https:\/\/www.urlaubcornwall.de\/blog\/die-wunderschoensten-straende-auf-jersey-urlaubstipps-kanalinseln\/#breadcrumb\",\"itemListElement\":[{\"@type\":\"ListItem\",\"position\":1,\"name\":\"Home\",\"item\":\"https:\/\/www.urlaubcornwall.de\/blog\/\"},{\"@type\":\"ListItem\",\"position\":2,\"name\":\"Die wundersch\u00f6nsten Str\u00e4nde auf Jersey \u2013 Urlaubstipps Kanalinseln\"}]}]}<\/script>\n<!-- \/ Yoast SEO plugin. -->","yoast_head_json":{"title":"Die wundersch\u00f6nsten Str\u00e4nde auf Jersey \u2013 Urlaubstipps Kanalinseln - Urlaub &amp; Reisen","description":"Als eine kompakte Insel mit lediglich 100 Quadratkilometern hat Jersey 20 Str\u00e4nde und Buchten zu erkunden, sowie eine spektakul\u00e4re Landschaft","robots":{"index":"index","follow":"follow","max-snippet":"max-snippet:-1","max-image-preview":"max-image-preview:large","max-video-preview":"max-video-preview:-1"},"canonical":"https:\/\/www.urlaubcornwall.de\/blog\/die-wunderschoensten-straende-auf-jersey-urlaubstipps-kanalinseln\/","og_locale":"en_US","og_type":"article","og_title":"Die wundersch\u00f6nsten Str\u00e4nde auf Jersey \u2013 Urlaubstipps Kanalinseln - Urlaub &amp; Reisen","og_description":"Als eine kompakte Insel mit lediglich 100 Quadratkilometern hat Jersey 20 Str\u00e4nde und Buchten zu erkunden, sowie eine spektakul\u00e4re Landschaft","og_url":"https:\/\/www.urlaubcornwall.de\/blog\/die-wunderschoensten-straende-auf-jersey-urlaubstipps-kanalinseln\/","og_site_name":"Urlaub &amp; Reisen","article_modified_time":"2024-08-22T12:53:58+00:00","og_image":[{"url":"https:\/\/www.urlaubcornwall.de\/blog\/wp-content\/uploads\/2020\/12\/St-Ouens-Bay_strand-1.jpg"}],"twitter_card":"summary","twitter_misc":{"Est. reading time":"4 minutes"},"schema":{"@context":"https:\/\/schema.org","@graph":[{"@type":"WebSite","@id":"https:\/\/www.urlaubcornwall.de\/blog\/#website","url":"https:\/\/www.urlaubcornwall.de\/blog\/","name":"Urlaub &amp; Reisen","description":"Urlaub, Reisen, Cornwall und S\u00fcdengland: eine perfekte Kombination","potentialAction":[{"@type":"SearchAction","target":{"@type":"EntryPoint","urlTemplate":"https:\/\/www.urlaubcornwall.de\/blog\/?s={search_term_string}"},"query-input":"required name=search_term_string"}],"inLanguage":"en-US"},{"@type":"WebPage","@id":"https:\/\/www.urlaubcornwall.de\/blog\/die-wunderschoensten-straende-auf-jersey-urlaubstipps-kanalinseln\/","url":"https:\/\/www.urlaubcornwall.de\/blog\/die-wunderschoensten-straende-auf-jersey-urlaubstipps-kanalinseln\/","name":"Die wundersch\u00f6nsten Str\u00e4nde auf Jersey \u2013 Urlaubstipps Kanalinseln - Urlaub &amp; Reisen","isPartOf":{"@id":"https:\/\/www.urlaubcornwall.de\/blog\/#website"},"datePublished":"2018-08-28T09:35:33+00:00","dateModified":"2024-08-22T12:53:58+00:00","description":"Als eine kompakte Insel mit lediglich 100 Quadratkilometern hat Jersey 20 Str\u00e4nde und Buchten zu erkunden, sowie eine spektakul\u00e4re Landschaft","breadcrumb":{"@id":"https:\/\/www.urlaubcornwall.de\/blog\/die-wunderschoensten-straende-auf-jersey-urlaubstipps-kanalinseln\/#breadcrumb"},"inLanguage":"en-US","potentialAction":[{"@type":"ReadAction","target":["https:\/\/www.urlaubcornwall.de\/blog\/die-wunderschoensten-straende-auf-jersey-urlaubstipps-kanalinseln\/"]}]},{"@type":"BreadcrumbList","@id":"https:\/\/www.urlaubcornwall.de\/blog\/die-wunderschoensten-straende-auf-jersey-urlaubstipps-kanalinseln\/#breadcrumb","itemListElement":[{"@type":"ListItem","position":1,"name":"Home","item":"https:\/\/www.urlaubcornwall.de\/blog\/"},{"@type":"ListItem","position":2,"name":"Die wundersch\u00f6nsten Str\u00e4nde auf Jersey \u2013 Urlaubstipps Kanalinseln"}]}]}},"_links":{"self":[{"href":"https:\/\/www.urlaubcornwall.de\/blog\/wp-json\/wp\/v2\/pages\/34205"}],"collection":[{"href":"https:\/\/www.urlaubcornwall.de\/blog\/wp-json\/wp\/v2\/pages"}],"about":[{"href":"https:\/\/www.urlaubcornwall.de\/blog\/wp-json\/wp\/v2\/types\/page"}],"author":[{"embeddable":true,"href":"https:\/\/www.urlaubcornwall.de\/blog\/wp-json\/wp\/v2\/users\/1"}],"replies":[{"embeddable":true,"href":"https:\/\/www.urlaubcornwall.de\/blog\/wp-json\/wp\/v2\/comments?post=34205"}],"version-history":[{"count":15,"href":"https:\/\/www.urlaubcornwall.de\/blog\/wp-json\/wp\/v2\/pages\/34205\/revisions"}],"predecessor-version":[{"id":51551,"href":"https:\/\/www.urlaubcornwall.de\/blog\/wp-json\/wp\/v2\/pages\/34205\/revisions\/51551"}],"wp:attachment":[{"href":"https:\/\/www.urlaubcornwall.de\/blog\/wp-json\/wp\/v2\/media?parent=34205"}],"curies":[{"name":"wp","href":"https:\/\/api.w.org\/{rel}","templated":true}]}}