{"id":34078,"date":"2018-07-30T11:00:57","date_gmt":"2018-07-30T11:00:57","guid":{"rendered":"https:\/\/www.urlaubcornwall.de\/blog\/?page_id=34078"},"modified":"2024-05-28T13:02:52","modified_gmt":"2024-05-28T13:02:52","slug":"wunderschoene-gaerten-in-den-cotswolds","status":"publish","type":"page","link":"https:\/\/www.urlaubcornwall.de\/blog\/wunderschoene-gaerten-in-den-cotswolds\/","title":{"rendered":"Wundersch\u00f6ne G\u00e4rten in den Cotswolds"},"content":{"rendered":"<p><a href=\"https:\/\/www.urlaubcornwall.de\/blog\/wp-content\/uploads\/2024\/03\/Masgeschneiderte-Gartentouren-fur-Gruppen-cornwall-england.jpg\"><img loading=\"lazy\" src=\"https:\/\/www.urlaubcornwall.de\/blog\/wp-content\/uploads\/2024\/03\/Masgeschneiderte-Gartentouren-fur-Gruppen-cornwall-england.jpg\" alt=\"Wundersch\u00f6ne G\u00e4rten in den Cotswolds\" width=\"745\" height=\"468\" class=\"alignnone size-full wp-image-48102\" srcset=\"https:\/\/www.urlaubcornwall.de\/blog\/wp-content\/uploads\/2024\/03\/Masgeschneiderte-Gartentouren-fur-Gruppen-cornwall-england.jpg 745w, https:\/\/www.urlaubcornwall.de\/blog\/wp-content\/uploads\/2024\/03\/Masgeschneiderte-Gartentouren-fur-Gruppen-cornwall-england-300x188.jpg 300w\" sizes=\"(max-width: 745px) 100vw, 745px\" \/><\/a><\/p>\n<p>Mit postkartensch\u00f6nen D\u00f6rfern und goldenen Kalksteincottages sind <a href=\"https:\/\/www.urlaubcornwall.de\/reiseziel\/cotswolds.php\">die Cotwolds<\/a> einer der h\u00fcbschesten Teile des UK. Fl\u00fcsse flie\u00dfen durch die h\u00fcbschen D\u00f6rfer, und es gibt sch\u00f6ne G\u00e4rten jeder Gr\u00f6\u00dfe zu besuchen, einige prachtvoll, andere eher bescheiden, doch allesamt gef\u00fcllt mit wundersch\u00f6nen Blumen.<\/p>\n<p>1. Von all den G\u00e4rten muss der <a href=\"http:\/\/www.highgrovegardens.com\"rel=\"nofollow\">Highgrove Garten, Tetbury<\/a>, \u2013 das Zuhause der K\u00f6niglichen Hoheit, des Prinzen Charles, einer der besten sein. Der Garten zeugt von seinem Glauben an nachhaltige Methoden, die sowohl Pflanzen als auch Tierleben f\u00f6rdern. Der Garten besteht aus einer Serie an verbundenen Fl\u00e4chen, die jede ihr eigenes Thema hat. Gartentouren m\u00fcssen im Voraus gebucht werden.<\/p>\n<p>2. Ein weiterer der feinsten G\u00e4rten des UK ist der <a href=\"http:\/\/www.nationaltrust.org.uk\/hidcote\"rel=\"nofollow\">Hidcote Manor Garten<\/a>, Chipping Camden. Dieser weltbekannte \u2018Arts &amp; Crafts\u2019 Garten hat kompliziert designte Au\u00dfenr\u00e4ume, die sich in Harmonie mit den Jahreszeiten ver\u00e4ndern. Der Garten befindet sich im Besitz des National Trust und ist das ganze Jahr \u00fcber ge\u00f6ffnet.<\/p>\n<p>3. <a href=\"http:\/\/www.bourtonhouse.com\"rel=\"nofollow\">Bourton House Garten<\/a> ist ein preisgekr\u00f6nter, 1,2 Hektar umfassende Garten, der eine feine Villa aus dem 18. Jahrhundert umgibt. Der Garten hat wundervolle Terrassen, breite Kr\u00e4uterbegrenzungen mit herrlichen Pflanzen-, Texturen- und Farbkombinationen. Es gibt auch einige wundervolle Formschnitte, einschlie\u00dflich eines Knotengartens, einem Parterre und einem Formschnittweg. Der Garten ist von April-Oktober ge\u00f6ffnet.<\/p>\n<p>4. Bei Malmesbury befindet sich der <a href=\"http:\/\/www.abbeyhousegardens.co.uk\"rel=\"nofollow\">Abbey House Garten<\/a>. Hier ist der 1. K\u00f6nig von England \u2013 Athelstan begraben. Dieser spektakul\u00e4re Landhausgarten am Fluss Avon verf\u00fcgt \u00fcber eine Sammlung von mehr als 2000 Rosen und mehr als 250000 Tulpen. Ge\u00f6ffnet von April bis September.<\/p>\n<p>5. <a href=\"http:\/\/www.asthallmanor.com\"rel=\"nofollow\">Asthall Manor<\/a> bei Burford war einst das Zuhause der ber\u00fchmten Familie Mitford. Mit 2,5 Hektar dramatischer Bepflanzungen ist der Garten eine Mischung an Zeitgen\u00f6ssischem und Traditionellem, mit duftenden Begrenzungen, abf\u00e4lligen Parterres, Wildblumen, einer Rasenskulptur und einem versteckten See. Pr\u00fcfen Sie die Website bez\u00fcglich Details zu den \u00d6ffnungszeiten.<\/p>\n<p style=\"text-align: center;\"><a class=\"tidycta\" href=\"https:\/\/www.urlaubcornwall.de\/gartenreise.php\">Gartenreisen in England<\/a><\/p>\n","protected":false},"excerpt":{"rendered":"<p>Mit postkartensch\u00f6nen D\u00f6rfern und goldenen Kalksteincottages sind die Cotwolds einer der h\u00fcbschesten Teile des UK. Fl\u00fcsse flie\u00dfen durch die h\u00fcbschen D\u00f6rfer, und es gibt sch\u00f6ne G\u00e4rten jeder Gr\u00f6\u00dfe zu besuchen, einige prachtvoll, andere eher bescheiden, doch allesamt gef\u00fcllt mit wundersch\u00f6nen Blumen. 1. Von all den G\u00e4rten muss der Highgrove Garten, Tetbury, \u2013 das Zuhause der [&hellip;]<\/p>\n","protected":false},"author":1,"featured_media":0,"parent":0,"menu_order":0,"comment_status":"closed","ping_status":"closed","template":"single-four.php","meta":[],"acf":[],"yoast_head":"<!-- This site is optimized with the Yoast SEO plugin v19.4 - https:\/\/yoast.com\/wordpress\/plugins\/seo\/ -->\n<title>Wundersch\u00f6ne G\u00e4rten in den Cotswolds - Urlaub &amp; Reisen<\/title>\n<meta name=\"robots\" content=\"index, follow, max-snippet:-1, max-image-preview:large, max-video-preview:-1\" \/>\n<link rel=\"canonical\" href=\"https:\/\/www.urlaubcornwall.de\/blog\/wunderschoene-gaerten-in-den-cotswolds\/\" \/>\n<meta property=\"og:locale\" content=\"en_US\" \/>\n<meta property=\"og:type\" content=\"article\" \/>\n<meta property=\"og:title\" content=\"Wundersch\u00f6ne G\u00e4rten in den Cotswolds - Urlaub &amp; Reisen\" \/>\n<meta property=\"og:description\" content=\"Mit postkartensch\u00f6nen D\u00f6rfern und goldenen Kalksteincottages sind die Cotwolds einer der h\u00fcbschesten Teile des UK. Fl\u00fcsse flie\u00dfen durch die h\u00fcbschen D\u00f6rfer, und es gibt sch\u00f6ne G\u00e4rten jeder Gr\u00f6\u00dfe zu besuchen, einige prachtvoll, andere eher bescheiden, doch allesamt gef\u00fcllt mit wundersch\u00f6nen Blumen. 1. Von all den G\u00e4rten muss der Highgrove Garten, Tetbury, \u2013 das Zuhause der [&hellip;]\" \/>\n<meta property=\"og:url\" content=\"https:\/\/www.urlaubcornwall.de\/blog\/wunderschoene-gaerten-in-den-cotswolds\/\" \/>\n<meta property=\"og:site_name\" content=\"Urlaub &amp; Reisen\" \/>\n<meta property=\"article:modified_time\" content=\"2024-05-28T13:02:52+00:00\" \/>\n<meta property=\"og:image\" content=\"https:\/\/www.urlaubcornwall.de\/blog\/wp-content\/uploads\/2024\/03\/Masgeschneiderte-Gartentouren-fur-Gruppen-cornwall-england.jpg\" \/>\n<meta name=\"twitter:card\" content=\"summary\" \/>\n<meta name=\"twitter:label1\" content=\"Est. reading time\" \/>\n\t<meta name=\"twitter:data1\" content=\"2 minutes\" \/>\n<script type=\"application\/ld+json\" class=\"yoast-schema-graph\">{\"@context\":\"https:\/\/schema.org\",\"@graph\":[{\"@type\":\"WebSite\",\"@id\":\"https:\/\/www.urlaubcornwall.de\/blog\/#website\",\"url\":\"https:\/\/www.urlaubcornwall.de\/blog\/\",\"name\":\"Urlaub &amp; Reisen\",\"description\":\"Urlaub, Reisen, Cornwall und S\u00fcdengland: eine perfekte Kombination\",\"potentialAction\":[{\"@type\":\"SearchAction\",\"target\":{\"@type\":\"EntryPoint\",\"urlTemplate\":\"https:\/\/www.urlaubcornwall.de\/blog\/?s={search_term_string}\"},\"query-input\":\"required name=search_term_string\"}],\"inLanguage\":\"en-US\"},{\"@type\":\"WebPage\",\"@id\":\"https:\/\/www.urlaubcornwall.de\/blog\/wunderschoene-gaerten-in-den-cotswolds\/\",\"url\":\"https:\/\/www.urlaubcornwall.de\/blog\/wunderschoene-gaerten-in-den-cotswolds\/\",\"name\":\"Wundersch\u00f6ne G\u00e4rten in den Cotswolds - Urlaub &amp; Reisen\",\"isPartOf\":{\"@id\":\"https:\/\/www.urlaubcornwall.de\/blog\/#website\"},\"datePublished\":\"2018-07-30T11:00:57+00:00\",\"dateModified\":\"2024-05-28T13:02:52+00:00\",\"breadcrumb\":{\"@id\":\"https:\/\/www.urlaubcornwall.de\/blog\/wunderschoene-gaerten-in-den-cotswolds\/#breadcrumb\"},\"inLanguage\":\"en-US\",\"potentialAction\":[{\"@type\":\"ReadAction\",\"target\":[\"https:\/\/www.urlaubcornwall.de\/blog\/wunderschoene-gaerten-in-den-cotswolds\/\"]}]},{\"@type\":\"BreadcrumbList\",\"@id\":\"https:\/\/www.urlaubcornwall.de\/blog\/wunderschoene-gaerten-in-den-cotswolds\/#breadcrumb\",\"itemListElement\":[{\"@type\":\"ListItem\",\"position\":1,\"name\":\"Home\",\"item\":\"https:\/\/www.urlaubcornwall.de\/blog\/\"},{\"@type\":\"ListItem\",\"position\":2,\"name\":\"Wundersch\u00f6ne G\u00e4rten in den Cotswolds\"}]}]}<\/script>\n<!-- \/ Yoast SEO plugin. -->","yoast_head_json":{"title":"Wundersch\u00f6ne G\u00e4rten in den Cotswolds - Urlaub &amp; Reisen","robots":{"index":"index","follow":"follow","max-snippet":"max-snippet:-1","max-image-preview":"max-image-preview:large","max-video-preview":"max-video-preview:-1"},"canonical":"https:\/\/www.urlaubcornwall.de\/blog\/wunderschoene-gaerten-in-den-cotswolds\/","og_locale":"en_US","og_type":"article","og_title":"Wundersch\u00f6ne G\u00e4rten in den Cotswolds - Urlaub &amp; Reisen","og_description":"Mit postkartensch\u00f6nen D\u00f6rfern und goldenen Kalksteincottages sind die Cotwolds einer der h\u00fcbschesten Teile des UK. Fl\u00fcsse flie\u00dfen durch die h\u00fcbschen D\u00f6rfer, und es gibt sch\u00f6ne G\u00e4rten jeder Gr\u00f6\u00dfe zu besuchen, einige prachtvoll, andere eher bescheiden, doch allesamt gef\u00fcllt mit wundersch\u00f6nen Blumen. 1. Von all den G\u00e4rten muss der Highgrove Garten, Tetbury, \u2013 das Zuhause der [&hellip;]","og_url":"https:\/\/www.urlaubcornwall.de\/blog\/wunderschoene-gaerten-in-den-cotswolds\/","og_site_name":"Urlaub &amp; Reisen","article_modified_time":"2024-05-28T13:02:52+00:00","og_image":[{"url":"https:\/\/www.urlaubcornwall.de\/blog\/wp-content\/uploads\/2024\/03\/Masgeschneiderte-Gartentouren-fur-Gruppen-cornwall-england.jpg"}],"twitter_card":"summary","twitter_misc":{"Est. reading time":"2 minutes"},"schema":{"@context":"https:\/\/schema.org","@graph":[{"@type":"WebSite","@id":"https:\/\/www.urlaubcornwall.de\/blog\/#website","url":"https:\/\/www.urlaubcornwall.de\/blog\/","name":"Urlaub &amp; Reisen","description":"Urlaub, Reisen, Cornwall und S\u00fcdengland: eine perfekte Kombination","potentialAction":[{"@type":"SearchAction","target":{"@type":"EntryPoint","urlTemplate":"https:\/\/www.urlaubcornwall.de\/blog\/?s={search_term_string}"},"query-input":"required name=search_term_string"}],"inLanguage":"en-US"},{"@type":"WebPage","@id":"https:\/\/www.urlaubcornwall.de\/blog\/wunderschoene-gaerten-in-den-cotswolds\/","url":"https:\/\/www.urlaubcornwall.de\/blog\/wunderschoene-gaerten-in-den-cotswolds\/","name":"Wundersch\u00f6ne G\u00e4rten in den Cotswolds - Urlaub &amp; Reisen","isPartOf":{"@id":"https:\/\/www.urlaubcornwall.de\/blog\/#website"},"datePublished":"2018-07-30T11:00:57+00:00","dateModified":"2024-05-28T13:02:52+00:00","breadcrumb":{"@id":"https:\/\/www.urlaubcornwall.de\/blog\/wunderschoene-gaerten-in-den-cotswolds\/#breadcrumb"},"inLanguage":"en-US","potentialAction":[{"@type":"ReadAction","target":["https:\/\/www.urlaubcornwall.de\/blog\/wunderschoene-gaerten-in-den-cotswolds\/"]}]},{"@type":"BreadcrumbList","@id":"https:\/\/www.urlaubcornwall.de\/blog\/wunderschoene-gaerten-in-den-cotswolds\/#breadcrumb","itemListElement":[{"@type":"ListItem","position":1,"name":"Home","item":"https:\/\/www.urlaubcornwall.de\/blog\/"},{"@type":"ListItem","position":2,"name":"Wundersch\u00f6ne G\u00e4rten in den Cotswolds"}]}]}},"_links":{"self":[{"href":"https:\/\/www.urlaubcornwall.de\/blog\/wp-json\/wp\/v2\/pages\/34078"}],"collection":[{"href":"https:\/\/www.urlaubcornwall.de\/blog\/wp-json\/wp\/v2\/pages"}],"about":[{"href":"https:\/\/www.urlaubcornwall.de\/blog\/wp-json\/wp\/v2\/types\/page"}],"author":[{"embeddable":true,"href":"https:\/\/www.urlaubcornwall.de\/blog\/wp-json\/wp\/v2\/users\/1"}],"replies":[{"embeddable":true,"href":"https:\/\/www.urlaubcornwall.de\/blog\/wp-json\/wp\/v2\/comments?post=34078"}],"version-history":[{"count":4,"href":"https:\/\/www.urlaubcornwall.de\/blog\/wp-json\/wp\/v2\/pages\/34078\/revisions"}],"predecessor-version":[{"id":50394,"href":"https:\/\/www.urlaubcornwall.de\/blog\/wp-json\/wp\/v2\/pages\/34078\/revisions\/50394"}],"wp:attachment":[{"href":"https:\/\/www.urlaubcornwall.de\/blog\/wp-json\/wp\/v2\/media?parent=34078"}],"curies":[{"name":"wp","href":"https:\/\/api.w.org\/{rel}","templated":true}]}}