{"id":34025,"date":"2018-07-23T11:25:10","date_gmt":"2018-07-23T11:25:10","guid":{"rendered":"https:\/\/www.urlaubcornwall.de\/blog\/?page_id=34025"},"modified":"2024-05-01T14:25:26","modified_gmt":"2024-05-01T14:25:26","slug":"die-wunderschoensten-englischen-rosengaerten-gartenreisen","status":"publish","type":"page","link":"https:\/\/www.urlaubcornwall.de\/blog\/die-wunderschoensten-englischen-rosengaerten-gartenreisen\/","title":{"rendered":"Die wundersch\u00f6nsten englischen Roseng\u00e4rten &#8211; Gartenreisen"},"content":{"rendered":"<p>England &nbsp;hat einige gro\u00dfartige besuchenswerte Roseng\u00e4rten. Hier finden Sie eine Auswahl, die Sie w\u00e4hrend Ihres Urlaubs genie\u00dfen k\u00f6nnen, und die beste Zeit, diese G\u00e4rten zu sehen, ist im Juni oder Juli.<\/p>\n<p><a href=\"https:\/\/www.urlaubcornwall.de\/blog\/wp-content\/uploads\/2018\/07\/mottisfont-abbey-garten-rose.jpg\"><img loading=\"lazy\" class=\"alignnone size-full wp-image-34026\" src=\"https:\/\/www.urlaubcornwall.de\/blog\/wp-content\/uploads\/2018\/07\/mottisfont-abbey-garten-rose.jpg\" alt=\"mottisfont abbey garten rose\" width=\"747\" height=\"395\" srcset=\"https:\/\/www.urlaubcornwall.de\/blog\/wp-content\/uploads\/2018\/07\/mottisfont-abbey-garten-rose.jpg 747w, https:\/\/www.urlaubcornwall.de\/blog\/wp-content\/uploads\/2018\/07\/mottisfont-abbey-garten-rose-300x159.jpg 300w\" sizes=\"(max-width: 747px) 100vw, 747px\" \/><\/a><\/p>\n<p><strong><a href=\"http:\/\/www.nationaltrust.org.uk\/mottisfont\"rel=\"nofollow\">Mottisfont<\/a> &#8211; <\/strong>Der Mauergarten bei Mottisfont, Hampshire, beherbergt eine weltbekannte Nationalsammlung von altmodischen Rosen von vor 1900. Sie k\u00f6nnen hier mehr als 500 Variationen an Rosen genie\u00dfen.<\/p>\n<p><strong><a href=\"http:\/\/www.bordehill.co.uk\"rel=\"nofollow\">Borde Hill Garten<\/a> &#8211; <\/strong>In der N\u00e4he von Haywards Heath, Sussex, befinden sich im Rosengarten bei Borde Hill mehr als 750 David Austin Englische Rosen, die in formellen Beeten mit Buchshecken gepflanzt sind, erg\u00e4nzt mit Rittersporn, Pfingstrosen und Flammenblumen.<\/p>\n<p><strong><a href=\"https:\/\/www.rhs.org.uk\/gardens\/rosemoor\"rel=\"nofollow\">RHS Garten Rosemoor<\/a> &#8211; <\/strong>In Norddevon ist der RHS Garten Rosemoor bekannt f\u00fcr seine beiden Roseng\u00e4rten, den Queen Mothers Rosengarten mit mehr als 100 modernen Rosen und den Buschrosengarten mit traditionellen Rosen.<\/p>\n<p><a href=\"https:\/\/www.urlaubcornwall.de\/blog\/wp-content\/uploads\/2024\/03\/sissinghirst.jpg\"><img loading=\"lazy\" src=\"https:\/\/www.urlaubcornwall.de\/blog\/wp-content\/uploads\/2024\/03\/sissinghirst.jpg\" alt=\"sissinghirst\" width=\"750\" height=\"563\" class=\"alignnone size-full wp-image-47832\" srcset=\"https:\/\/www.urlaubcornwall.de\/blog\/wp-content\/uploads\/2024\/03\/sissinghirst.jpg 750w, https:\/\/www.urlaubcornwall.de\/blog\/wp-content\/uploads\/2024\/03\/sissinghirst-300x225.jpg 300w\" sizes=\"(max-width: 750px) 100vw, 750px\" \/><\/a><\/p>\n<p><strong><a href=\"http:\/\/www.nationaltrust.org.uk\/sissinghurst-castle\"rel=\"nofollow\">Sissinghurst Castle<\/a> &#8211; <\/strong>In Kent verf\u00fcgt Sissinghurst Castle \u00fcber einen der feinsten G\u00e4rten des UK mit einer &nbsp;spektakul\u00e4ren Schau an bunten und atemberaubenden Rosen. Der Garten wurde in den 1930ern von der ber\u00fchmten Gartenschriftstellerin Vita Sackville-West designt.<\/p>\n<p><strong><a href=\"http:\/\/www.nationaltrust.org.uk\/chartwell\"rel=\"nofollow\">Chartwell<\/a> &#8211; <\/strong>Bei Chartwell, Kent, wurde der herrliche ummauerte Rosengarten von Lady Churchill mit Hilfe ihres Hauptg\u00e4rtners gepflanzt. Er ist voller weich pinker und wei\u00dfer Bl\u00fcten und ist ein wundersch\u00f6ner und romantischer R\u00fcckzugsort. Es gibt hier auch den Golden Rose Walk, der mit 32 Variationen an gelben Rosen bepflanzt ist, die den Churchills von ihren Kindern anl\u00e4sslich der Goldenen Hochzeit geschenkt wurden.<\/p>\n<p><strong><a href=\"http:\/\/www.alnwickgarden.com\"rel=\"nofollow\">Der Alnwick Garten<\/a> &#8211; <\/strong>Der Alnwick Garten, der sich an Schloss Alnwick anschlie\u00dft, wurde von der Herzogin von Northumberland designt. Es befinden sich hier mehr als 3000 David Austin Englische Rosen, einschlie\u00dflich der \u2018Alnwick Rose\u2019 \u2013 einer wundersch\u00f6nen, satt &nbsp;pinken, duftenden Rose, die eigens f\u00fcr den Garten von David Austin selbst kreiert wurde.<\/p>\n<p><strong><a href=\"http:\/\/www.royalparks.org.uk\/parks\/the-regents-park\"rel=\"nofollow\">Queen Mary\u2019s Garten<\/a> &#8211; <\/strong>Im Regent\u2019s Park, London, finden Sie den Queen Mary\u2019s Garten, der \u00fcber die gr\u00f6\u00dfte Sammlung an Rosen in London verf\u00fcgt. Hier sind mehr als 12000 Rosen gepflanzt, einschlie\u00dflich der \u2018Royal Parks\u2019 Rose.<\/p>\n<p>Wenn Sie eine Rundreise zusammenstellen m\u00f6chten, auf der Sie diese herrlichen Roseng\u00e4rten besuchen oder weitere der zahlreichen Highlights in S\u00fcdengland, dann schicken Sie uns <a href=\"https:\/\/www.urlaubcornwall.de\/reisebuchung.php\">eine Nachfrage<\/a>. Wir bieten handverlesene Unterk\u00fcnfte, pers\u00f6nlichen Service und <a href=\"https:\/\/www.urlaubcornwall.de\/rundreisenservice.php\">unverpflichtende Angebote<\/a> an.<\/p>\n<p style=\"text-align: center;\"><a class=\"tidycta\" href=\"https:\/\/www.urlaubcornwall.de\/gartenreise.php\">Gartenreisen in England<\/a><\/p>\n","protected":false},"excerpt":{"rendered":"<p>England &nbsp;hat einige gro\u00dfartige besuchenswerte Roseng\u00e4rten. Hier finden Sie eine Auswahl, die Sie w\u00e4hrend Ihres Urlaubs genie\u00dfen k\u00f6nnen, und die beste Zeit, diese G\u00e4rten zu sehen, ist im Juni oder Juli. Mottisfont &#8211; Der Mauergarten bei Mottisfont, Hampshire, beherbergt eine weltbekannte Nationalsammlung von altmodischen Rosen von vor 1900. Sie k\u00f6nnen hier mehr als 500 Variationen [&hellip;]<\/p>\n","protected":false},"author":1,"featured_media":0,"parent":0,"menu_order":0,"comment_status":"closed","ping_status":"closed","template":"single-four.php","meta":[],"acf":[],"yoast_head":"<!-- This site is optimized with the Yoast SEO plugin v19.4 - https:\/\/yoast.com\/wordpress\/plugins\/seo\/ -->\n<title>Die wundersch\u00f6nsten englischen Roseng\u00e4rten - Gartenreisen - Urlaub &amp; Reisen<\/title>\n<meta name=\"robots\" content=\"index, follow, max-snippet:-1, max-image-preview:large, max-video-preview:-1\" \/>\n<link rel=\"canonical\" href=\"https:\/\/www.urlaubcornwall.de\/blog\/die-wunderschoensten-englischen-rosengaerten-gartenreisen\/\" \/>\n<meta property=\"og:locale\" content=\"en_US\" \/>\n<meta property=\"og:type\" content=\"article\" \/>\n<meta property=\"og:title\" content=\"Die wundersch\u00f6nsten englischen Roseng\u00e4rten - Gartenreisen - Urlaub &amp; Reisen\" \/>\n<meta property=\"og:description\" content=\"England &nbsp;hat einige gro\u00dfartige besuchenswerte Roseng\u00e4rten. Hier finden Sie eine Auswahl, die Sie w\u00e4hrend Ihres Urlaubs genie\u00dfen k\u00f6nnen, und die beste Zeit, diese G\u00e4rten zu sehen, ist im Juni oder Juli. Mottisfont &#8211; Der Mauergarten bei Mottisfont, Hampshire, beherbergt eine weltbekannte Nationalsammlung von altmodischen Rosen von vor 1900. Sie k\u00f6nnen hier mehr als 500 Variationen [&hellip;]\" \/>\n<meta property=\"og:url\" content=\"https:\/\/www.urlaubcornwall.de\/blog\/die-wunderschoensten-englischen-rosengaerten-gartenreisen\/\" \/>\n<meta property=\"og:site_name\" content=\"Urlaub &amp; Reisen\" \/>\n<meta property=\"article:modified_time\" content=\"2024-05-01T14:25:26+00:00\" \/>\n<meta property=\"og:image\" content=\"https:\/\/www.urlaubcornwall.de\/blog\/wp-content\/uploads\/2018\/07\/mottisfont-abbey-garten-rose.jpg\" \/>\n<meta name=\"twitter:card\" content=\"summary\" \/>\n<meta name=\"twitter:label1\" content=\"Est. reading time\" \/>\n\t<meta name=\"twitter:data1\" content=\"2 minutes\" \/>\n<script type=\"application\/ld+json\" class=\"yoast-schema-graph\">{\"@context\":\"https:\/\/schema.org\",\"@graph\":[{\"@type\":\"WebSite\",\"@id\":\"https:\/\/www.urlaubcornwall.de\/blog\/#website\",\"url\":\"https:\/\/www.urlaubcornwall.de\/blog\/\",\"name\":\"Urlaub &amp; Reisen\",\"description\":\"Urlaub, Reisen, Cornwall und S\u00fcdengland: eine perfekte Kombination\",\"potentialAction\":[{\"@type\":\"SearchAction\",\"target\":{\"@type\":\"EntryPoint\",\"urlTemplate\":\"https:\/\/www.urlaubcornwall.de\/blog\/?s={search_term_string}\"},\"query-input\":\"required name=search_term_string\"}],\"inLanguage\":\"en-US\"},{\"@type\":\"WebPage\",\"@id\":\"https:\/\/www.urlaubcornwall.de\/blog\/die-wunderschoensten-englischen-rosengaerten-gartenreisen\/\",\"url\":\"https:\/\/www.urlaubcornwall.de\/blog\/die-wunderschoensten-englischen-rosengaerten-gartenreisen\/\",\"name\":\"Die wundersch\u00f6nsten englischen Roseng\u00e4rten - Gartenreisen - Urlaub &amp; Reisen\",\"isPartOf\":{\"@id\":\"https:\/\/www.urlaubcornwall.de\/blog\/#website\"},\"datePublished\":\"2018-07-23T11:25:10+00:00\",\"dateModified\":\"2024-05-01T14:25:26+00:00\",\"breadcrumb\":{\"@id\":\"https:\/\/www.urlaubcornwall.de\/blog\/die-wunderschoensten-englischen-rosengaerten-gartenreisen\/#breadcrumb\"},\"inLanguage\":\"en-US\",\"potentialAction\":[{\"@type\":\"ReadAction\",\"target\":[\"https:\/\/www.urlaubcornwall.de\/blog\/die-wunderschoensten-englischen-rosengaerten-gartenreisen\/\"]}]},{\"@type\":\"BreadcrumbList\",\"@id\":\"https:\/\/www.urlaubcornwall.de\/blog\/die-wunderschoensten-englischen-rosengaerten-gartenreisen\/#breadcrumb\",\"itemListElement\":[{\"@type\":\"ListItem\",\"position\":1,\"name\":\"Home\",\"item\":\"https:\/\/www.urlaubcornwall.de\/blog\/\"},{\"@type\":\"ListItem\",\"position\":2,\"name\":\"Die wundersch\u00f6nsten englischen Roseng\u00e4rten &#8211; Gartenreisen\"}]}]}<\/script>\n<!-- \/ Yoast SEO plugin. -->","yoast_head_json":{"title":"Die wundersch\u00f6nsten englischen Roseng\u00e4rten - Gartenreisen - Urlaub &amp; Reisen","robots":{"index":"index","follow":"follow","max-snippet":"max-snippet:-1","max-image-preview":"max-image-preview:large","max-video-preview":"max-video-preview:-1"},"canonical":"https:\/\/www.urlaubcornwall.de\/blog\/die-wunderschoensten-englischen-rosengaerten-gartenreisen\/","og_locale":"en_US","og_type":"article","og_title":"Die wundersch\u00f6nsten englischen Roseng\u00e4rten - Gartenreisen - Urlaub &amp; Reisen","og_description":"England &nbsp;hat einige gro\u00dfartige besuchenswerte Roseng\u00e4rten. Hier finden Sie eine Auswahl, die Sie w\u00e4hrend Ihres Urlaubs genie\u00dfen k\u00f6nnen, und die beste Zeit, diese G\u00e4rten zu sehen, ist im Juni oder Juli. Mottisfont &#8211; Der Mauergarten bei Mottisfont, Hampshire, beherbergt eine weltbekannte Nationalsammlung von altmodischen Rosen von vor 1900. Sie k\u00f6nnen hier mehr als 500 Variationen [&hellip;]","og_url":"https:\/\/www.urlaubcornwall.de\/blog\/die-wunderschoensten-englischen-rosengaerten-gartenreisen\/","og_site_name":"Urlaub &amp; Reisen","article_modified_time":"2024-05-01T14:25:26+00:00","og_image":[{"url":"https:\/\/www.urlaubcornwall.de\/blog\/wp-content\/uploads\/2018\/07\/mottisfont-abbey-garten-rose.jpg"}],"twitter_card":"summary","twitter_misc":{"Est. reading time":"2 minutes"},"schema":{"@context":"https:\/\/schema.org","@graph":[{"@type":"WebSite","@id":"https:\/\/www.urlaubcornwall.de\/blog\/#website","url":"https:\/\/www.urlaubcornwall.de\/blog\/","name":"Urlaub &amp; Reisen","description":"Urlaub, Reisen, Cornwall und S\u00fcdengland: eine perfekte Kombination","potentialAction":[{"@type":"SearchAction","target":{"@type":"EntryPoint","urlTemplate":"https:\/\/www.urlaubcornwall.de\/blog\/?s={search_term_string}"},"query-input":"required name=search_term_string"}],"inLanguage":"en-US"},{"@type":"WebPage","@id":"https:\/\/www.urlaubcornwall.de\/blog\/die-wunderschoensten-englischen-rosengaerten-gartenreisen\/","url":"https:\/\/www.urlaubcornwall.de\/blog\/die-wunderschoensten-englischen-rosengaerten-gartenreisen\/","name":"Die wundersch\u00f6nsten englischen Roseng\u00e4rten - Gartenreisen - Urlaub &amp; Reisen","isPartOf":{"@id":"https:\/\/www.urlaubcornwall.de\/blog\/#website"},"datePublished":"2018-07-23T11:25:10+00:00","dateModified":"2024-05-01T14:25:26+00:00","breadcrumb":{"@id":"https:\/\/www.urlaubcornwall.de\/blog\/die-wunderschoensten-englischen-rosengaerten-gartenreisen\/#breadcrumb"},"inLanguage":"en-US","potentialAction":[{"@type":"ReadAction","target":["https:\/\/www.urlaubcornwall.de\/blog\/die-wunderschoensten-englischen-rosengaerten-gartenreisen\/"]}]},{"@type":"BreadcrumbList","@id":"https:\/\/www.urlaubcornwall.de\/blog\/die-wunderschoensten-englischen-rosengaerten-gartenreisen\/#breadcrumb","itemListElement":[{"@type":"ListItem","position":1,"name":"Home","item":"https:\/\/www.urlaubcornwall.de\/blog\/"},{"@type":"ListItem","position":2,"name":"Die wundersch\u00f6nsten englischen Roseng\u00e4rten &#8211; Gartenreisen"}]}]}},"_links":{"self":[{"href":"https:\/\/www.urlaubcornwall.de\/blog\/wp-json\/wp\/v2\/pages\/34025"}],"collection":[{"href":"https:\/\/www.urlaubcornwall.de\/blog\/wp-json\/wp\/v2\/pages"}],"about":[{"href":"https:\/\/www.urlaubcornwall.de\/blog\/wp-json\/wp\/v2\/types\/page"}],"author":[{"embeddable":true,"href":"https:\/\/www.urlaubcornwall.de\/blog\/wp-json\/wp\/v2\/users\/1"}],"replies":[{"embeddable":true,"href":"https:\/\/www.urlaubcornwall.de\/blog\/wp-json\/wp\/v2\/comments?post=34025"}],"version-history":[{"count":6,"href":"https:\/\/www.urlaubcornwall.de\/blog\/wp-json\/wp\/v2\/pages\/34025\/revisions"}],"predecessor-version":[{"id":50040,"href":"https:\/\/www.urlaubcornwall.de\/blog\/wp-json\/wp\/v2\/pages\/34025\/revisions\/50040"}],"wp:attachment":[{"href":"https:\/\/www.urlaubcornwall.de\/blog\/wp-json\/wp\/v2\/media?parent=34025"}],"curies":[{"name":"wp","href":"https:\/\/api.w.org\/{rel}","templated":true}]}}