{"id":33968,"date":"2018-07-20T08:24:45","date_gmt":"2018-07-20T08:24:45","guid":{"rendered":"https:\/\/www.urlaubcornwall.de\/blog\/?page_id=33968"},"modified":"2018-08-01T13:31:06","modified_gmt":"2018-08-01T13:31:06","slug":"gartenreise-in-england-gaerten-entlang-des-flusses-thames","status":"publish","type":"page","link":"https:\/\/www.urlaubcornwall.de\/blog\/gartenreise-in-england-gaerten-entlang-des-flusses-thames\/","title":{"rendered":"Gartenreise in England \u2013 G\u00e4rten entlang des Flusses Thames."},"content":{"rendered":"<p>Die Themse ist der l\u00e4ngste Fluss Englands und f\u00fchrt durch Oxford, Windsor und London. Hier finden Sie eine Auswahl an G\u00e4rten entlang des Flusses, die Sie w\u00e4hrend Ihres <a href=\"https:\/\/www.urlaubcornwall.de\/reiseziel\/suedengland.php\">Urlaubs in S\u00fcdengland<\/a> besuchen k\u00f6nnen.<\/p>\n<p>Damit wir Ihnen eine <a href=\"https:\/\/www.urlaubcornwall.de\/rundreisen\/cornwall-suedengland.php\">pers\u00f6nliche Rundreise<\/a> zusammenstellen k\u00f6nnen, w\u00e4hrend der Sie diese und weitere wundervolle G\u00e4rten in S\u00fcdengland besuchen k\u00f6nnen, <a href=\"https:\/\/www.urlaubcornwall.de\/reisebuchung.php\"><strong>schicken Sie uns bitte hier eine Nachfrage<\/strong><\/a>.<\/p>\n<p><a href=\"https:\/\/www.bealepark.org.uk\/\"><strong>Beale Park<\/strong><\/a><\/p>\n<p><img loading=\"lazy\" class=\"aligncenter size-full wp-image-33969\" src=\"https:\/\/www.urlaubcornwall.de\/blog\/wp-content\/uploads\/2018\/07\/Beale-Park.jpg\" alt=\"Beale Park Gartenreise in England \" width=\"749\" height=\"392\" srcset=\"https:\/\/www.urlaubcornwall.de\/blog\/wp-content\/uploads\/2018\/07\/Beale-Park.jpg 749w, https:\/\/www.urlaubcornwall.de\/blog\/wp-content\/uploads\/2018\/07\/Beale-Park-300x157.jpg 300w\" sizes=\"(max-width: 749px) 100vw, 749px\" \/><br \/>\nBeale Park ist ein wundersch\u00f6ner, 140 Hektar gro\u00dfer Park in der N\u00e4he von Pangbourne, Berkshire. Gilbert Beale stiftete im Jahre 1956 seinen Garten der Bev\u00f6lkerung. Er besteht aus weitl\u00e4ufigem Waldgebiet und G\u00e4rten mit feinen B\u00e4umen und ungew\u00f6hnlichen Skulpturen. Neben den atemberaubenden G\u00e4rten ist Beale Park auch Naturpark mit Attraktionen f\u00fcr die gesamte Familie, einschlie\u00dflich eines Miniaturb\u00e4hnleins. Beale Park hat von Februar bis November 7 Tage die Woche ge\u00f6ffnet.<\/p>\n<p><a href=\"https:\/\/www.nationaltrust.org.uk\/cliveden\"><strong>Cliveden House Gardens<\/strong><\/a><\/p>\n<p><img loading=\"lazy\" class=\"aligncenter size-full wp-image-33970\" src=\"https:\/\/www.urlaubcornwall.de\/blog\/wp-content\/uploads\/2018\/07\/Cliveden-House-Garden.jpg\" alt=\"Cliveden House Garden Gartenreise london\" width=\"748\" height=\"422\" srcset=\"https:\/\/www.urlaubcornwall.de\/blog\/wp-content\/uploads\/2018\/07\/Cliveden-House-Garden.jpg 748w, https:\/\/www.urlaubcornwall.de\/blog\/wp-content\/uploads\/2018\/07\/Cliveden-House-Garden-300x169.jpg 300w\" sizes=\"(max-width: 748px) 100vw, 748px\" \/><br \/>\nHoch gelegen \u00fcber dem Fluss Thames in Berkshire mit weitreichendem Blick, spiegelt das Cliveden Grundst\u00fcck die Pracht vergangener Zeiten wider. Gehen Sie in den Fu\u00dfstapfen k\u00f6niglicher Hoheiten, wenn Sie eine Reihe charmanter Gartenbereiche erkunden. Der Garten befinden sich im Besitz des National Trust und ist einer der besten G\u00e4rten, die es im Fr\u00fchling zu besuchen gilt, wenn er am buntesten ist mit seiner schillernden Pracht an Glockenblumen, Narzissen und Bl\u00fcten.<\/p>\n<p><a href=\"http:\/\/www.windsorgreatpark.co.uk\/en\/experiences\/the-savill-garden\"><strong>Der Savill Garten<\/strong><\/a><\/p>\n<p><img loading=\"lazy\" class=\"aligncenter size-full wp-image-33971\" src=\"https:\/\/www.urlaubcornwall.de\/blog\/wp-content\/uploads\/2018\/07\/WC-Savill-Garden-large.jpg\" alt=\"Savill Garten windsor\" width=\"749\" height=\"394\" srcset=\"https:\/\/www.urlaubcornwall.de\/blog\/wp-content\/uploads\/2018\/07\/WC-Savill-Garden-large.jpg 749w, https:\/\/www.urlaubcornwall.de\/blog\/wp-content\/uploads\/2018\/07\/WC-Savill-Garden-large-300x158.jpg 300w\" sizes=\"(max-width: 749px) 100vw, 749px\" \/><br \/>\nDieser 14 Hektar gro\u00dfe friedvolle Garten in Windsor hat jahreszeitliche H\u00f6hepunkte, wie den Sommergarten, den Sommerwald und den Rosengarten. Der Garten ist das ganze Jahr \u00fcber ge\u00f6ffnet, und jede Jahreszeit bringt etwas Neues.<\/p>\n<p><a href=\"https:\/\/www.spelthorne.gov.uk\/article\/2251\/Sunbury-Walled-Garden\"><strong>Sunbury Mauergarten<\/strong><\/a><\/p>\n<p><img loading=\"lazy\" class=\"aligncenter size-full wp-image-33972\" src=\"https:\/\/www.urlaubcornwall.de\/blog\/wp-content\/uploads\/2018\/07\/Sunbury-garden.jpg\" alt=\"Sunbury Garten\" width=\"749\" height=\"393\" srcset=\"https:\/\/www.urlaubcornwall.de\/blog\/wp-content\/uploads\/2018\/07\/Sunbury-garden.jpg 749w, https:\/\/www.urlaubcornwall.de\/blog\/wp-content\/uploads\/2018\/07\/Sunbury-garden-300x157.jpg 300w\" sizes=\"(max-width: 749px) 100vw, 749px\" \/><br \/>\nDieser Mauergarten aus dem 18. Jahrhundert befindet sich neben der Themse in Surrey. Er besteht aus einem Ziergarten und einem Rosengarten. Der Garten ist an 7 Tagen des Jahres ge\u00f6ffnet und eintrittsfrei. www.spelthorne.gov.uk<\/p>\n<p><strong>Der Terrassengarten<\/strong><\/p>\n<p><img loading=\"lazy\" class=\"aligncenter size-full wp-image-33973\" src=\"https:\/\/www.urlaubcornwall.de\/blog\/wp-content\/uploads\/2018\/07\/terrace-garden-richmond.jpg\" alt=\"Terrassengarten Richmond garten london\" width=\"747\" height=\"419\" srcset=\"https:\/\/www.urlaubcornwall.de\/blog\/wp-content\/uploads\/2018\/07\/terrace-garden-richmond.jpg 747w, https:\/\/www.urlaubcornwall.de\/blog\/wp-content\/uploads\/2018\/07\/terrace-garden-richmond-300x168.jpg 300w\" sizes=\"(max-width: 747px) 100vw, 747px\" \/><br \/>\nDieser restaurierte viktorianische Park in der N\u00e4he des Zentrums von Richmond verf\u00fcgt \u00fcber Skulpturen, formelle Blumenbeete, sowie einen Rosengarten, dazu herrlichen Blick \u00fcber die Themse. Es ist ein perfekter Ort f\u00fcr ein Picknick; der Eintritt ist frei, und der Garten ist 7 Tage die Woche ge\u00f6ffnet.<\/p>\n<p style=\"text-align: center;\"><a class=\"tidycta\" href=\"https:\/\/www.urlaubcornwall.de\/gartenreise.php\">Gartenreisen in England<\/a><\/p>\n","protected":false},"excerpt":{"rendered":"<p>Die Themse ist der l\u00e4ngste Fluss Englands und f\u00fchrt durch Oxford, Windsor und London. Hier finden Sie eine Auswahl an G\u00e4rten entlang des Flusses, die Sie w\u00e4hrend Ihres Urlaubs in S\u00fcdengland besuchen k\u00f6nnen. Damit wir Ihnen eine pers\u00f6nliche Rundreise zusammenstellen k\u00f6nnen, w\u00e4hrend der Sie diese und weitere wundervolle G\u00e4rten in S\u00fcdengland besuchen k\u00f6nnen, schicken Sie [&hellip;]<\/p>\n","protected":false},"author":1,"featured_media":0,"parent":0,"menu_order":0,"comment_status":"closed","ping_status":"closed","template":"single-four.php","meta":[],"acf":[],"yoast_head":"<!-- This site is optimized with the Yoast SEO plugin v19.4 - https:\/\/yoast.com\/wordpress\/plugins\/seo\/ -->\n<title>Gartenreise in England \u2013 G\u00e4rten entlang des Flusses Thames. - Urlaub &amp; Reisen<\/title>\n<meta name=\"robots\" content=\"index, follow, max-snippet:-1, max-image-preview:large, max-video-preview:-1\" \/>\n<link rel=\"canonical\" href=\"https:\/\/www.urlaubcornwall.de\/blog\/gartenreise-in-england-gaerten-entlang-des-flusses-thames\/\" \/>\n<meta property=\"og:locale\" content=\"en_US\" \/>\n<meta property=\"og:type\" content=\"article\" \/>\n<meta property=\"og:title\" content=\"Gartenreise in England \u2013 G\u00e4rten entlang des Flusses Thames. - Urlaub &amp; Reisen\" \/>\n<meta property=\"og:description\" content=\"Die Themse ist der l\u00e4ngste Fluss Englands und f\u00fchrt durch Oxford, Windsor und London. Hier finden Sie eine Auswahl an G\u00e4rten entlang des Flusses, die Sie w\u00e4hrend Ihres Urlaubs in S\u00fcdengland besuchen k\u00f6nnen. Damit wir Ihnen eine pers\u00f6nliche Rundreise zusammenstellen k\u00f6nnen, w\u00e4hrend der Sie diese und weitere wundervolle G\u00e4rten in S\u00fcdengland besuchen k\u00f6nnen, schicken Sie [&hellip;]\" \/>\n<meta property=\"og:url\" content=\"https:\/\/www.urlaubcornwall.de\/blog\/gartenreise-in-england-gaerten-entlang-des-flusses-thames\/\" \/>\n<meta property=\"og:site_name\" content=\"Urlaub &amp; Reisen\" \/>\n<meta property=\"article:modified_time\" content=\"2018-08-01T13:31:06+00:00\" \/>\n<meta property=\"og:image\" content=\"https:\/\/www.urlaubcornwall.de\/blog\/wp-content\/uploads\/2018\/07\/Beale-Park.jpg\" \/>\n<meta name=\"twitter:card\" content=\"summary\" \/>\n<meta name=\"twitter:label1\" content=\"Est. reading time\" \/>\n\t<meta name=\"twitter:data1\" content=\"2 minutes\" \/>\n<script type=\"application\/ld+json\" class=\"yoast-schema-graph\">{\"@context\":\"https:\/\/schema.org\",\"@graph\":[{\"@type\":\"WebSite\",\"@id\":\"https:\/\/www.urlaubcornwall.de\/blog\/#website\",\"url\":\"https:\/\/www.urlaubcornwall.de\/blog\/\",\"name\":\"Urlaub &amp; Reisen\",\"description\":\"Urlaub, Reisen, Cornwall und S\u00fcdengland: eine perfekte Kombination\",\"potentialAction\":[{\"@type\":\"SearchAction\",\"target\":{\"@type\":\"EntryPoint\",\"urlTemplate\":\"https:\/\/www.urlaubcornwall.de\/blog\/?s={search_term_string}\"},\"query-input\":\"required name=search_term_string\"}],\"inLanguage\":\"en-US\"},{\"@type\":\"WebPage\",\"@id\":\"https:\/\/www.urlaubcornwall.de\/blog\/gartenreise-in-england-gaerten-entlang-des-flusses-thames\/\",\"url\":\"https:\/\/www.urlaubcornwall.de\/blog\/gartenreise-in-england-gaerten-entlang-des-flusses-thames\/\",\"name\":\"Gartenreise in England \u2013 G\u00e4rten entlang des Flusses Thames. - Urlaub &amp; Reisen\",\"isPartOf\":{\"@id\":\"https:\/\/www.urlaubcornwall.de\/blog\/#website\"},\"datePublished\":\"2018-07-20T08:24:45+00:00\",\"dateModified\":\"2018-08-01T13:31:06+00:00\",\"breadcrumb\":{\"@id\":\"https:\/\/www.urlaubcornwall.de\/blog\/gartenreise-in-england-gaerten-entlang-des-flusses-thames\/#breadcrumb\"},\"inLanguage\":\"en-US\",\"potentialAction\":[{\"@type\":\"ReadAction\",\"target\":[\"https:\/\/www.urlaubcornwall.de\/blog\/gartenreise-in-england-gaerten-entlang-des-flusses-thames\/\"]}]},{\"@type\":\"BreadcrumbList\",\"@id\":\"https:\/\/www.urlaubcornwall.de\/blog\/gartenreise-in-england-gaerten-entlang-des-flusses-thames\/#breadcrumb\",\"itemListElement\":[{\"@type\":\"ListItem\",\"position\":1,\"name\":\"Home\",\"item\":\"https:\/\/www.urlaubcornwall.de\/blog\/\"},{\"@type\":\"ListItem\",\"position\":2,\"name\":\"Gartenreise in England \u2013 G\u00e4rten entlang des Flusses Thames.\"}]}]}<\/script>\n<!-- \/ Yoast SEO plugin. -->","yoast_head_json":{"title":"Gartenreise in England \u2013 G\u00e4rten entlang des Flusses Thames. - Urlaub &amp; Reisen","robots":{"index":"index","follow":"follow","max-snippet":"max-snippet:-1","max-image-preview":"max-image-preview:large","max-video-preview":"max-video-preview:-1"},"canonical":"https:\/\/www.urlaubcornwall.de\/blog\/gartenreise-in-england-gaerten-entlang-des-flusses-thames\/","og_locale":"en_US","og_type":"article","og_title":"Gartenreise in England \u2013 G\u00e4rten entlang des Flusses Thames. - Urlaub &amp; Reisen","og_description":"Die Themse ist der l\u00e4ngste Fluss Englands und f\u00fchrt durch Oxford, Windsor und London. Hier finden Sie eine Auswahl an G\u00e4rten entlang des Flusses, die Sie w\u00e4hrend Ihres Urlaubs in S\u00fcdengland besuchen k\u00f6nnen. Damit wir Ihnen eine pers\u00f6nliche Rundreise zusammenstellen k\u00f6nnen, w\u00e4hrend der Sie diese und weitere wundervolle G\u00e4rten in S\u00fcdengland besuchen k\u00f6nnen, schicken Sie [&hellip;]","og_url":"https:\/\/www.urlaubcornwall.de\/blog\/gartenreise-in-england-gaerten-entlang-des-flusses-thames\/","og_site_name":"Urlaub &amp; Reisen","article_modified_time":"2018-08-01T13:31:06+00:00","og_image":[{"url":"https:\/\/www.urlaubcornwall.de\/blog\/wp-content\/uploads\/2018\/07\/Beale-Park.jpg"}],"twitter_card":"summary","twitter_misc":{"Est. reading time":"2 minutes"},"schema":{"@context":"https:\/\/schema.org","@graph":[{"@type":"WebSite","@id":"https:\/\/www.urlaubcornwall.de\/blog\/#website","url":"https:\/\/www.urlaubcornwall.de\/blog\/","name":"Urlaub &amp; Reisen","description":"Urlaub, Reisen, Cornwall und S\u00fcdengland: eine perfekte Kombination","potentialAction":[{"@type":"SearchAction","target":{"@type":"EntryPoint","urlTemplate":"https:\/\/www.urlaubcornwall.de\/blog\/?s={search_term_string}"},"query-input":"required name=search_term_string"}],"inLanguage":"en-US"},{"@type":"WebPage","@id":"https:\/\/www.urlaubcornwall.de\/blog\/gartenreise-in-england-gaerten-entlang-des-flusses-thames\/","url":"https:\/\/www.urlaubcornwall.de\/blog\/gartenreise-in-england-gaerten-entlang-des-flusses-thames\/","name":"Gartenreise in England \u2013 G\u00e4rten entlang des Flusses Thames. - Urlaub &amp; Reisen","isPartOf":{"@id":"https:\/\/www.urlaubcornwall.de\/blog\/#website"},"datePublished":"2018-07-20T08:24:45+00:00","dateModified":"2018-08-01T13:31:06+00:00","breadcrumb":{"@id":"https:\/\/www.urlaubcornwall.de\/blog\/gartenreise-in-england-gaerten-entlang-des-flusses-thames\/#breadcrumb"},"inLanguage":"en-US","potentialAction":[{"@type":"ReadAction","target":["https:\/\/www.urlaubcornwall.de\/blog\/gartenreise-in-england-gaerten-entlang-des-flusses-thames\/"]}]},{"@type":"BreadcrumbList","@id":"https:\/\/www.urlaubcornwall.de\/blog\/gartenreise-in-england-gaerten-entlang-des-flusses-thames\/#breadcrumb","itemListElement":[{"@type":"ListItem","position":1,"name":"Home","item":"https:\/\/www.urlaubcornwall.de\/blog\/"},{"@type":"ListItem","position":2,"name":"Gartenreise in England \u2013 G\u00e4rten entlang des Flusses Thames."}]}]}},"_links":{"self":[{"href":"https:\/\/www.urlaubcornwall.de\/blog\/wp-json\/wp\/v2\/pages\/33968"}],"collection":[{"href":"https:\/\/www.urlaubcornwall.de\/blog\/wp-json\/wp\/v2\/pages"}],"about":[{"href":"https:\/\/www.urlaubcornwall.de\/blog\/wp-json\/wp\/v2\/types\/page"}],"author":[{"embeddable":true,"href":"https:\/\/www.urlaubcornwall.de\/blog\/wp-json\/wp\/v2\/users\/1"}],"replies":[{"embeddable":true,"href":"https:\/\/www.urlaubcornwall.de\/blog\/wp-json\/wp\/v2\/comments?post=33968"}],"version-history":[{"count":3,"href":"https:\/\/www.urlaubcornwall.de\/blog\/wp-json\/wp\/v2\/pages\/33968\/revisions"}],"predecessor-version":[{"id":34154,"href":"https:\/\/www.urlaubcornwall.de\/blog\/wp-json\/wp\/v2\/pages\/33968\/revisions\/34154"}],"wp:attachment":[{"href":"https:\/\/www.urlaubcornwall.de\/blog\/wp-json\/wp\/v2\/media?parent=33968"}],"curies":[{"name":"wp","href":"https:\/\/api.w.org\/{rel}","templated":true}]}}