{"id":33951,"date":"2018-07-12T08:30:13","date_gmt":"2018-07-12T08:30:13","guid":{"rendered":"https:\/\/www.urlaubcornwall.de\/blog\/?page_id=33951"},"modified":"2026-01-06T13:58:49","modified_gmt":"2026-01-06T13:58:49","slug":"10-der-besten-strandspaziergaenge-in-cornwall","status":"publish","type":"page","link":"https:\/\/www.urlaubcornwall.de\/blog\/10-der-besten-strandspaziergaenge-in-cornwall\/","title":{"rendered":"10 der besten Strandspazierg\u00e4nge in Cornwall"},"content":{"rendered":"<p>Planen Sie, Cornwall zu besuchen? Mit mehr als 500 Kilometern K\u00fcste finden Sie hier unsere Auswahl der wundersch\u00f6nsten Str\u00e4nde Cornwalls, die sich f\u00fcr K\u00fcstenwanderungen anbieten. Sie k\u00f6nnen sich hier noch mehr <a href=\"https:\/\/www.urlaubcornwall.de\/blog\/schoensten-straende-in-cornwall\/\">cornische Str\u00e4nde anschauen eine Auswahl der besten <\/a> und <a href=\"https:\/\/www.urlaubcornwall.de\/ferienhaeuser-fewos\/am-meer-cornwall.html\">Ferienh\u00e4user am Meer in Cornwall<\/a> finden.<\/p>\n<p><strong><a href=\"https:\/\/www.urlaubcornwall.de\/ferienhaeuser-fewos\/newquay-am-meer.html\">Polly Joke, Newquay<\/a> <\/strong> &#8211; Polly Joke, auch bekannt unter dem Namen Porth Joke, ist ein viel ruhigerer Strand, eine unber\u00fchrte Sch\u00f6nheit, die Sie genie\u00dfen sollten. Hier gibt es auch H\u00f6hlen und Felspools zu erkunden. Er befindet sich zwischen dem Crantock Strand im Norden und Hollywell Bay im S\u00fcden und ist normalerweise das ganze Jahr \u00fcber ein ruhiger und entspannter Strand.<\/p>\n<p><img loading=\"lazy\" class=\"aligncenter size-full wp-image-48081\" src=\"https:\/\/www.urlaubcornwall.de\/blog\/wp-content\/uploads\/2024\/03\/sennen-1.jpg\" alt=\"sennen\" width=\"750\" height=\"421\" srcset=\"https:\/\/www.urlaubcornwall.de\/blog\/wp-content\/uploads\/2024\/03\/sennen-1.jpg 750w, https:\/\/www.urlaubcornwall.de\/blog\/wp-content\/uploads\/2024\/03\/sennen-1-300x168.jpg 300w\" sizes=\"(max-width: 750px) 100vw, 750px\" \/><\/p>\n<p><a href=\"https:\/\/www.urlaubcornwall.de\/ferienhaeuser-fewos\/sennen-am-meer.html\"><strong>Sennen, Land\u2019s End<\/strong><\/a> &#8211; Sennen ist aufgrund der bestgewerteten Meeresbedingungen Cornwalls westlichster Surfstrand. Es ist ein sehr beliebter Sandstrand von einer Meile, der an den Gwenver Strand grenzt. Er befindet sich direkt um die Ecke von Lands End und ist ein atemberaubender Ort zum Genie\u00dfen. Besucher k\u00f6nnen auch das Dorf erkunden mit einer Vielzahl an Caf\u00e9s, Restaurants, Kneipen, Galerien und Gesch\u00e4ften.<\/p>\n<p><a href=\"https:\/\/www.urlaubcornwall.de\/ferienhaeuser-fewos\/st-austell.html\"><strong>Porthpean, St Austell<\/strong><\/a> &#8211; Porthpean ist ein Sandstrand, der bei Familien mit Kindern beliebt ist. Er befindet sich in der N\u00e4he des historischen Dorfes Charlestown, das sich einen kurzen und unbeschwerlichen Spaziergang entfernt liegt. Aufgrund des gesch\u00fctzten Wassers bietet er Sicherheit zum Schwimmen und f\u00fcr weitere <a href=\"https:\/\/www.urlaubcornwall.de\/blog\/kann-man-in-cornwall-wassersport-betreiben\/\">Wassersportarten wie Windsurfen und Segeln<\/a>, mit denen sich Besucher engagieren k\u00f6nnen. Es gibt zudem Platz f\u00fcr Strandspiele, und er befindet sich in der N\u00e4he von einigen von Cornwalls besten Attraktionen, einschlie\u00dflich des <a href=\"https:\/\/www.urlaubcornwall.de\/blog\/all-das-was-sie-schon-immer-ueber-das-eden-project-wissen-wollten\/\">Eden Projekts<\/a> und der Lost Gardens of Heligan, was einen Besuch dieses Strandes umso lohnenswerter sein l\u00e4sst.<\/p>\n<div class=\"snippet\"> <a class=\"featured-item\" href=\"https:\/\/www.urlaubcornwall.de\/ferienhaeuser\/cornwall.php\"> <span class=\"image-holder\" style=\"background-image: url('https:\/\/www.urlaubcornwall.de\/blog\/wp-content\/uploads\/2018\/12\/familienurlaub-corwnall-snippet.jpg');\"><\/span> <span class=\"featured-content\"> \n<h2 class=\"featured-title\">Ferienh\u00e4user in Cornwall am Meer<\/h2>\n<p class=\"featured-body\">Cornwall besitzt mehr K\u00fcstenlinien als jede andere Grafschaft und bietet einige der besten Str\u00e4nde, K\u00fcstenwanderwege und Klippenlandschaften, die man \u00fcberhaupt finden kann&#8230; <\/p><\/span> <span class=\"featured-link-holder\"> <span class=\"featured-extra-info\"> \n<p>F\u00fcr Paare, Familien &#038; Gruppen<\/p>\n<\/span> \n<p class=\"featured-link\">DETAILS<\/p>\n<\/span> <\/a><\/div>\n<p><a href=\"https:\/\/www.urlaubcornwall.de\/ferienhaeuser-fewos\/summerleaze.html\"><strong>Summerleaze, Bude<\/strong><\/a> &#8211; Summerleaze befindet sich einen lediglich f\u00fcnfmin\u00fctigen Spaziergang entfernt vom Zentrum Budes mit eindrucksvoll hohen Wellen, die ihn bei Surfern beliebt sein lassen. Der breite Sandstrand hat zudem einen einzigartigen Meerespool am Fu\u00dfe der Klippen, ideal f\u00fcr Familien, die ihren Urlaub hier verbringen, und Einheimische gleicherma\u00dfen. Es gibt am Summerleaze Strand zudem eine Vielzahl an Aktivit\u00e4ten zu genie\u00dfen wie Kajak fahren, Meeresangeln, Klettern oder Coasteering mit freundlichen Experten.<\/p>\n<p><img loading=\"lazy\" class=\"aligncenter size-full wp-image-47783\" src=\"https:\/\/www.urlaubcornwall.de\/blog\/wp-content\/uploads\/2024\/03\/Fistral-strand.jpg\" alt=\"Fistral strand\" width=\"750\" height=\"482\" srcset=\"https:\/\/www.urlaubcornwall.de\/blog\/wp-content\/uploads\/2024\/03\/Fistral-strand.jpg 750w, https:\/\/www.urlaubcornwall.de\/blog\/wp-content\/uploads\/2024\/03\/Fistral-strand-300x193.jpg 300w\" sizes=\"(max-width: 750px) 100vw, 750px\" \/><\/p>\n<p><a href=\"https:\/\/www.urlaubcornwall.de\/ferienhaeuser-fewos\/fistral-strand-newquay.html\"><strong>Fistral, Newquay<\/strong><\/a> &#8211; Fistral Beach ist aufgrund seiner hohen Surfqualit\u00e4t Newquays ikonischster Strand. Der wundersch\u00f6ne lange Strand hat im Hintergrund herrliche hohe Klippen und Sandd\u00fcnen und ist einer der besten Surfstr\u00e4nde des UK und Europas. Sie k\u00f6nnen die Gelegenheit ergreifen und von der Surfschule lernen oder in Wellen, die regelm\u00e4\u00dfig eine H\u00f6he von 2-3m erreichen, Ihre F\u00e4higkeiten trainieren.<\/p>\n<p><a href=\"https:\/\/www.urlaubcornwall.de\/ferienhaeuser-fewos\/whitsand-bay.html\"><strong>Whitsand Bay, Torpoint<\/strong><\/a> &#8211; Whitsand Bay Beach in S\u00fcdostcornwall ist ein atemberaubender Strandabschnitt von drei Meilen von Rame Head nach Portwrinkle. Die dramatische Landschaft hoher Klippen und langer Abschnitte an Sandstr\u00e4nden machen ihn zu einem von Cornwalls versteckten Juwelen, zu dem Sie \u00fcber steile Pfade und Stufen hinuntersteigen. Sie k\u00f6nnen den Strand mit Ihrem Vierbeiner genie\u00dfen, da er das ganze Jahr \u00fcber hundefreundlich ist.<\/p>\n<p><img loading=\"lazy\" class=\"aligncenter size-full wp-image-42216\" src=\"https:\/\/www.urlaubcornwall.de\/blog\/wp-content\/uploads\/2021\/08\/pendower-strand_urlaub2.jpg\" alt=\"pendower strand_urlaub\" width=\"750\" height=\"536\" srcset=\"https:\/\/www.urlaubcornwall.de\/blog\/wp-content\/uploads\/2021\/08\/pendower-strand_urlaub2.jpg 750w, https:\/\/www.urlaubcornwall.de\/blog\/wp-content\/uploads\/2021\/08\/pendower-strand_urlaub2-300x214.jpg 300w\" sizes=\"(max-width: 750px) 100vw, 750px\" \/><\/p>\n<p><a href=\"https:\/\/www.urlaubcornwall.de\/ferienhaeuser-fewos\/roseland-halbinsel-am-meer.html\"><strong>Pendower, The Roseland<\/strong><\/a> &#8211;<br \/>\nPendower ist ein wundersch\u00f6ner, nach S\u00fcden hin ausgerichteter Sandstrand mit feinem K\u00fcstenblick \u00fcber die Gerrans Bucht. Er ist ungef\u00e4hr eine Meile lang und im Herzen der Roseland Halbinsel. Der Strand ist herrlich aufgrund der Menge an faszinierenden Felspools, die es zu erkunden gibt, samt seines Sandes, der sich perfekt eignet zum Sandburgenbauen. Sie finden hier auch einen sanften Bachlauf, der Kinder stundenlang besch\u00e4ftigt sein l\u00e4sst!<\/p>\n<p><strong><a href=\"https:\/\/www.urlaubcornwall.de\/ferienhaeuser-fewos\/gunwalloe-am-meer.html\">Gunwalloe, Helston<\/a> <\/strong> &#8211; Church Cove Gunwalloe auf der Lizard Halbinsel ist eine attraktive, nach S\u00fcdwesten hin ausgerichtete sandige Bucht mit der winzigen Kirche des St Wynwallow. Der Strand befindet sich in einem daf\u00fcr ausgezeichneten Gebiet hervorragender Natursch\u00f6nheit. Das wird Ihnen sofort klar, wenn Sie den Strand besuchen. Sie erkennen ihn vielleicht aus der Poldarkserie, da die n\u00e4chtlichen Schiffswracksszenen hier gefilmt wurden.<\/p>\n<p><a href=\"https:\/\/www.urlaubcornwall.de\/blog\/wp-content\/uploads\/2024\/03\/fluss-camel-padstow-strand.jpg\"><img loading=\"lazy\" src=\"https:\/\/www.urlaubcornwall.de\/blog\/wp-content\/uploads\/2024\/03\/fluss-camel-padstow-strand.jpg\" alt=\"fluss camel padstow strand\" width=\"750\" height=\"504\" class=\"alignnone size-full wp-image-48125\" srcset=\"https:\/\/www.urlaubcornwall.de\/blog\/wp-content\/uploads\/2024\/03\/fluss-camel-padstow-strand.jpg 750w, https:\/\/www.urlaubcornwall.de\/blog\/wp-content\/uploads\/2024\/03\/fluss-camel-padstow-strand-300x202.jpg 300w\" sizes=\"(max-width: 750px) 100vw, 750px\" \/><\/a><\/p>\n<p><a href=\"https:\/\/www.urlaubcornwall.de\/ferienhaeuser-fewos\/daymer-bay-strand.html\"><strong>Daymer Bay, Rock<\/strong><\/a> &#8211; Hier finden Sie lange Abschnitte goldenen Sandes mit D\u00fcnen im Hintergrund von der Daymer Bay bis nach Rock mit herrlichem Blick \u00fcber die Camel Flussm\u00fcndung. Dieser wundersch\u00f6ne Strand befindet sich einen kurzen Spaziergang vom Parkplatz entfernt und ist \u00fcber Stufen zug\u00e4nglich. Der Spazierweg entlang der Landspitze nach Polzeath hei\u00dft Greenaways, und ist sowohl vom Daymer Parkplatz als auch dem Tristram Parkplatz in Polzeath erreichbar. Dies ist ein wundervoller Teil der Nordk\u00fcste Cornwalls.<\/p>\n<p><a href=\"https:\/\/www.urlaubcornwall.de\/ferienhaeuser-fewos\/polperro.html\"><strong>Lantic Bay, Polperro<\/strong><\/a> &#8211; Wenn Sie mit einer kleinen Wanderung gl\u00fccklich sind, dann wird Sie die Lantic Bay mit einer der herrlichsten Lagen Cornwalls belohnen. Der Pfad zum Strand hinunter ist steil und dauert ungef\u00e4hr 20 Minuten. Nehmen Sie sich also Zeit und genie\u00dfen Sie den Blick. Wenn Sie erst einmal das Ufer erreichen, r\u00e4keln Sie sich am Strand und entspannen Sie oder paddeln sie ein bisschen herum. Aufgrund des beschwerlichen Zugangs ist dieser Strand normalerwiese ruhig und somit ein gro\u00dfartiger Ort, um allem zu entkommen!<\/p>\n<div class=\"snippet\"> <a class=\"featured-item\" href=\" https:\/\/www.urlaubcornwall.de\/rundreisen\/cornwall-suedengland.php\"> <span class=\"image-holder\" style=\"background-image: url(' https:\/\/www.urlaubcornwall.de\/blog\/wp-content\/uploads\/2018\/11\/rundreise-cornwall.jpg ');\"><\/span> <span class=\"featured-content\"> \n<h2 class=\"featured-title\">Individuelle Rundreise in Cornwall &#038; S\u00fcdengland<\/h2>\n<p class=\"featured-body\"> Bei dieser Cornwall Rundreise entdecken Sie die H\u00f6hepunkte S\u00fcdenglands. Kultur, Geschichte, Landschaft und heutiges Leben werden Sie hierbei kennenlernen&#8230;<\/p>\n<\/span> <span class=\"featured-link-holder\"> <span class=\"featured-extra-info\"> \n<p>Urlaub im eigenen Schritttempo<\/p>\n<\/span> \n<p class=\"featured-link\">DETAILS<\/p>\n<\/span> <\/a><\/div>\n","protected":false},"excerpt":{"rendered":"<p>Planen Sie, Cornwall zu besuchen? Mit mehr als 500 Kilometern K\u00fcste finden Sie hier unsere Auswahl der wundersch\u00f6nsten Str\u00e4nde Cornwalls, die sich f\u00fcr K\u00fcstenwanderungen anbieten. Sie k\u00f6nnen sich hier noch mehr cornische Str\u00e4nde anschauen eine Auswahl der besten und Ferienh\u00e4user am Meer in Cornwall finden. Polly Joke, Newquay &#8211; Polly Joke, auch bekannt unter dem [&hellip;]<\/p>\n","protected":false},"author":1,"featured_media":0,"parent":0,"menu_order":0,"comment_status":"closed","ping_status":"closed","template":"single-four.php","meta":[],"acf":[],"yoast_head":"<!-- This site is optimized with the Yoast SEO plugin v19.4 - https:\/\/yoast.com\/wordpress\/plugins\/seo\/ -->\n<title>10 der besten Strandspazierg\u00e4nge in Cornwall - Urlaub &amp; Reisen<\/title>\n<meta name=\"robots\" content=\"index, follow, max-snippet:-1, max-image-preview:large, max-video-preview:-1\" \/>\n<link rel=\"canonical\" href=\"https:\/\/www.urlaubcornwall.de\/blog\/10-der-besten-strandspaziergaenge-in-cornwall\/\" \/>\n<meta property=\"og:locale\" content=\"en_US\" \/>\n<meta property=\"og:type\" content=\"article\" \/>\n<meta property=\"og:title\" content=\"10 der besten Strandspazierg\u00e4nge in Cornwall - Urlaub &amp; Reisen\" \/>\n<meta property=\"og:description\" content=\"Planen Sie, Cornwall zu besuchen? Mit mehr als 500 Kilometern K\u00fcste finden Sie hier unsere Auswahl der wundersch\u00f6nsten Str\u00e4nde Cornwalls, die sich f\u00fcr K\u00fcstenwanderungen anbieten. Sie k\u00f6nnen sich hier noch mehr cornische Str\u00e4nde anschauen eine Auswahl der besten und Ferienh\u00e4user am Meer in Cornwall finden. Polly Joke, Newquay &#8211; Polly Joke, auch bekannt unter dem [&hellip;]\" \/>\n<meta property=\"og:url\" content=\"https:\/\/www.urlaubcornwall.de\/blog\/10-der-besten-strandspaziergaenge-in-cornwall\/\" \/>\n<meta property=\"og:site_name\" content=\"Urlaub &amp; Reisen\" \/>\n<meta property=\"article:modified_time\" content=\"2026-01-06T13:58:49+00:00\" \/>\n<meta property=\"og:image\" content=\"https:\/\/www.urlaubcornwall.de\/blog\/wp-content\/uploads\/2024\/03\/sennen-1.jpg\" \/>\n<meta name=\"twitter:card\" content=\"summary\" \/>\n<meta name=\"twitter:label1\" content=\"Est. reading time\" \/>\n\t<meta name=\"twitter:data1\" content=\"5 minutes\" \/>\n<script type=\"application\/ld+json\" class=\"yoast-schema-graph\">{\"@context\":\"https:\/\/schema.org\",\"@graph\":[{\"@type\":\"WebSite\",\"@id\":\"https:\/\/www.urlaubcornwall.de\/blog\/#website\",\"url\":\"https:\/\/www.urlaubcornwall.de\/blog\/\",\"name\":\"Urlaub &amp; Reisen\",\"description\":\"Urlaub, Reisen, Cornwall und S\u00fcdengland: eine perfekte Kombination\",\"potentialAction\":[{\"@type\":\"SearchAction\",\"target\":{\"@type\":\"EntryPoint\",\"urlTemplate\":\"https:\/\/www.urlaubcornwall.de\/blog\/?s={search_term_string}\"},\"query-input\":\"required name=search_term_string\"}],\"inLanguage\":\"en-US\"},{\"@type\":\"WebPage\",\"@id\":\"https:\/\/www.urlaubcornwall.de\/blog\/10-der-besten-strandspaziergaenge-in-cornwall\/\",\"url\":\"https:\/\/www.urlaubcornwall.de\/blog\/10-der-besten-strandspaziergaenge-in-cornwall\/\",\"name\":\"10 der besten Strandspazierg\u00e4nge in Cornwall - Urlaub &amp; Reisen\",\"isPartOf\":{\"@id\":\"https:\/\/www.urlaubcornwall.de\/blog\/#website\"},\"datePublished\":\"2018-07-12T08:30:13+00:00\",\"dateModified\":\"2026-01-06T13:58:49+00:00\",\"breadcrumb\":{\"@id\":\"https:\/\/www.urlaubcornwall.de\/blog\/10-der-besten-strandspaziergaenge-in-cornwall\/#breadcrumb\"},\"inLanguage\":\"en-US\",\"potentialAction\":[{\"@type\":\"ReadAction\",\"target\":[\"https:\/\/www.urlaubcornwall.de\/blog\/10-der-besten-strandspaziergaenge-in-cornwall\/\"]}]},{\"@type\":\"BreadcrumbList\",\"@id\":\"https:\/\/www.urlaubcornwall.de\/blog\/10-der-besten-strandspaziergaenge-in-cornwall\/#breadcrumb\",\"itemListElement\":[{\"@type\":\"ListItem\",\"position\":1,\"name\":\"Home\",\"item\":\"https:\/\/www.urlaubcornwall.de\/blog\/\"},{\"@type\":\"ListItem\",\"position\":2,\"name\":\"10 der besten Strandspazierg\u00e4nge in Cornwall\"}]}]}<\/script>\n<!-- \/ Yoast SEO plugin. -->","yoast_head_json":{"title":"10 der besten Strandspazierg\u00e4nge in Cornwall - Urlaub &amp; Reisen","robots":{"index":"index","follow":"follow","max-snippet":"max-snippet:-1","max-image-preview":"max-image-preview:large","max-video-preview":"max-video-preview:-1"},"canonical":"https:\/\/www.urlaubcornwall.de\/blog\/10-der-besten-strandspaziergaenge-in-cornwall\/","og_locale":"en_US","og_type":"article","og_title":"10 der besten Strandspazierg\u00e4nge in Cornwall - Urlaub &amp; Reisen","og_description":"Planen Sie, Cornwall zu besuchen? Mit mehr als 500 Kilometern K\u00fcste finden Sie hier unsere Auswahl der wundersch\u00f6nsten Str\u00e4nde Cornwalls, die sich f\u00fcr K\u00fcstenwanderungen anbieten. Sie k\u00f6nnen sich hier noch mehr cornische Str\u00e4nde anschauen eine Auswahl der besten und Ferienh\u00e4user am Meer in Cornwall finden. Polly Joke, Newquay &#8211; Polly Joke, auch bekannt unter dem [&hellip;]","og_url":"https:\/\/www.urlaubcornwall.de\/blog\/10-der-besten-strandspaziergaenge-in-cornwall\/","og_site_name":"Urlaub &amp; Reisen","article_modified_time":"2026-01-06T13:58:49+00:00","og_image":[{"url":"https:\/\/www.urlaubcornwall.de\/blog\/wp-content\/uploads\/2024\/03\/sennen-1.jpg"}],"twitter_card":"summary","twitter_misc":{"Est. reading time":"5 minutes"},"schema":{"@context":"https:\/\/schema.org","@graph":[{"@type":"WebSite","@id":"https:\/\/www.urlaubcornwall.de\/blog\/#website","url":"https:\/\/www.urlaubcornwall.de\/blog\/","name":"Urlaub &amp; Reisen","description":"Urlaub, Reisen, Cornwall und S\u00fcdengland: eine perfekte Kombination","potentialAction":[{"@type":"SearchAction","target":{"@type":"EntryPoint","urlTemplate":"https:\/\/www.urlaubcornwall.de\/blog\/?s={search_term_string}"},"query-input":"required name=search_term_string"}],"inLanguage":"en-US"},{"@type":"WebPage","@id":"https:\/\/www.urlaubcornwall.de\/blog\/10-der-besten-strandspaziergaenge-in-cornwall\/","url":"https:\/\/www.urlaubcornwall.de\/blog\/10-der-besten-strandspaziergaenge-in-cornwall\/","name":"10 der besten Strandspazierg\u00e4nge in Cornwall - Urlaub &amp; Reisen","isPartOf":{"@id":"https:\/\/www.urlaubcornwall.de\/blog\/#website"},"datePublished":"2018-07-12T08:30:13+00:00","dateModified":"2026-01-06T13:58:49+00:00","breadcrumb":{"@id":"https:\/\/www.urlaubcornwall.de\/blog\/10-der-besten-strandspaziergaenge-in-cornwall\/#breadcrumb"},"inLanguage":"en-US","potentialAction":[{"@type":"ReadAction","target":["https:\/\/www.urlaubcornwall.de\/blog\/10-der-besten-strandspaziergaenge-in-cornwall\/"]}]},{"@type":"BreadcrumbList","@id":"https:\/\/www.urlaubcornwall.de\/blog\/10-der-besten-strandspaziergaenge-in-cornwall\/#breadcrumb","itemListElement":[{"@type":"ListItem","position":1,"name":"Home","item":"https:\/\/www.urlaubcornwall.de\/blog\/"},{"@type":"ListItem","position":2,"name":"10 der besten Strandspazierg\u00e4nge in Cornwall"}]}]}},"_links":{"self":[{"href":"https:\/\/www.urlaubcornwall.de\/blog\/wp-json\/wp\/v2\/pages\/33951"}],"collection":[{"href":"https:\/\/www.urlaubcornwall.de\/blog\/wp-json\/wp\/v2\/pages"}],"about":[{"href":"https:\/\/www.urlaubcornwall.de\/blog\/wp-json\/wp\/v2\/types\/page"}],"author":[{"embeddable":true,"href":"https:\/\/www.urlaubcornwall.de\/blog\/wp-json\/wp\/v2\/users\/1"}],"replies":[{"embeddable":true,"href":"https:\/\/www.urlaubcornwall.de\/blog\/wp-json\/wp\/v2\/comments?post=33951"}],"version-history":[{"count":25,"href":"https:\/\/www.urlaubcornwall.de\/blog\/wp-json\/wp\/v2\/pages\/33951\/revisions"}],"predecessor-version":[{"id":51947,"href":"https:\/\/www.urlaubcornwall.de\/blog\/wp-json\/wp\/v2\/pages\/33951\/revisions\/51947"}],"wp:attachment":[{"href":"https:\/\/www.urlaubcornwall.de\/blog\/wp-json\/wp\/v2\/media?parent=33951"}],"curies":[{"name":"wp","href":"https:\/\/api.w.org\/{rel}","templated":true}]}}