{"id":33765,"date":"2018-05-01T10:40:42","date_gmt":"2018-05-01T10:40:42","guid":{"rendered":"https:\/\/www.urlaubcornwall.de\/blog\/?page_id=33765"},"modified":"2026-01-07T10:18:52","modified_gmt":"2026-01-07T10:18:52","slug":"die-schoensten-orte-in-cornwall-unsere-top-10","status":"publish","type":"page","link":"https:\/\/www.urlaubcornwall.de\/blog\/die-schoensten-orte-in-cornwall-unsere-top-10\/","title":{"rendered":"Die sch\u00f6nsten K\u00fcstenorte in Cornwall &#8211; unsere Top 10"},"content":{"rendered":"<p style=\"text-align: right;\"><img loading=\"lazy\" class=\"aligncenter size-full wp-image-47731\" src=\"https:\/\/www.urlaubcornwall.de\/blog\/wp-content\/uploads\/2024\/02\/padstow_hafen.jpg\" alt=\"padstow_hafen\" width=\"750\" height=\"432\" srcset=\"https:\/\/www.urlaubcornwall.de\/blog\/wp-content\/uploads\/2024\/02\/padstow_hafen.jpg 750w, https:\/\/www.urlaubcornwall.de\/blog\/wp-content\/uploads\/2024\/02\/padstow_hafen-300x173.jpg 300w\" sizes=\"(max-width: 750px) 100vw, 750px\" \/><\/p>\n<p><a href=\"https:\/\/www.urlaubcornwall.de\/ferienhaeuser-fewos\/padstow.html\">Padstow ist ein Fischer- und Badeort.<\/a> &#8211; Der im Schutze des Camel-\u00c4stuars liegt. Der Ort ist bekannt f\u00fcr seine ber\u00fchmten Restaurants und sehr guten Fisch- und Meeresfr\u00fcchte, zudem ist dort die nationale Hummeraufzucht beheimatet. Jenseits des \u00c4stuars k\u00f6nnen Sie Rock, Polzeath und das idyllische Fischerdorf von Port Isaac besuchen.<\/p>\n<p style=\"text-align: right;\"><img loading=\"lazy\" class=\"aligncenter size-full wp-image-47732\" src=\"https:\/\/www.urlaubcornwall.de\/blog\/wp-content\/uploads\/2024\/02\/st-ives-hafen.jpg\" alt=\"st ives hafen\" width=\"750\" height=\"562\" srcset=\"https:\/\/www.urlaubcornwall.de\/blog\/wp-content\/uploads\/2024\/02\/st-ives-hafen.jpg 750w, https:\/\/www.urlaubcornwall.de\/blog\/wp-content\/uploads\/2024\/02\/st-ives-hafen-300x225.jpg 300w\" sizes=\"(max-width: 750px) 100vw, 750px\" \/><\/p>\n<p><a href=\"https:\/\/www.urlaubcornwall.de\/ferienhaeuser-fewos\/st-ives-umgebung.html\">St Ives eines der Juwelen der britischen Krone<\/a> &#8211; St Ives ist ein Labyrinth mit gepflasterten Stra\u00dfen, Fischerh\u00e4uschen, Gesch\u00e4ften, Galerien und Restaurants, die alle f\u00f6rmlich darauf warten, entdeckt zu werden. Mit In dem St\u00e4dtchen ist die Tate St Ives Galerie beheimatet, die zu einer der beliebtesten Attraktionen in Cornwall z\u00e4hlt.<\/p>\n<p style=\"text-align: right;\"><img loading=\"lazy\" class=\"aligncenter size-full wp-image-47733\" src=\"https:\/\/www.urlaubcornwall.de\/blog\/wp-content\/uploads\/2024\/02\/gyllyngvase-strand-falmouth.jpg\" alt=\"gyllyngvase strand falmouth\" width=\"746\" height=\"399\"\" alt=\"falmouth stand gyllyngvase\" width=\"747\" height=\"403\" srcset=\"https:\/\/www.urlaubcornwall.de\/blog\/wp-content\/uploads\/2024\/02\/gyllyngvase-strand-falmouth.jpg 746w, https:\/\/www.urlaubcornwall.de\/blog\/wp-content\/uploads\/2024\/02\/gyllyngvase-strand-falmouth-300x160.jpg 300w\" sizes=\"(max-width: 746px) 100vw, 746px\" \/><\/p>\n<p><a href=\"https:\/\/www.urlaubcornwall.de\/ferienhaeuser-fewos\/falmouth-umgebung.html\">Falmouth liegt am \u00c4stuar des Flusses Fal.<\/a> &#8211; Auf einer Landspitze mit Blick auf die Bucht von Falmouth befindet sich die Burg Pendennis Castle und \u00fcber dem Fluss in St Mawes liegt die St Mawes Burg. Beide Burgen wurden im 16. Jahrhundert erbaut, um die lang gestreckte Wasserstra\u00dfe Carrick Roads zu besch\u00fctzen.<\/p>\n<p><img loading=\"lazy\" class=\"aligncenter size-full wp-image-47734\" src=\"https:\/\/www.urlaubcornwall.de\/blog\/wp-content\/uploads\/2024\/02\/ferienhaus-fowey-am-meer.jpg\" alt=\"ferienhaus fowey am meer\" width=\"750\" height=\"442\"\/><\/p>\n<p><a href=\"https:\/\/www.urlaubcornwall.de\/ferienhaeuser-fewos\/fowey.html\">Fowey ist ein bezauberndes Hafenst\u00e4dtchen.<\/a> &#8211; Das sich von hoch auf einem H\u00fcgel bis zum Meer hinunter erstreckt. Enge schiefe Str\u00e4\u00dfchen verleihen Fowey eine klassisch kornische Atmosph\u00e4re. <\/p>\n<div class=\"snippet\"> <a class=\"featured-item\" href=\"https:\/\/www.urlaubcornwall.de\/ferienhaeuser\/cornwall.php\"> <span class=\"image-holder\" style=\"background-image: url('https:\/\/www.urlaubcornwall.de\/blog\/wp-content\/uploads\/2018\/12\/familienurlaub-corwnall-snippet.jpg');\"><\/span> <span class=\"featured-content\"> \n<h2 class=\"featured-title\">Ferienh\u00e4user in Cornwall am Strand<\/h2>\n<p class=\"featured-body\">Cornwall besitzt mehr K\u00fcstenlinien als jede andere Grafschaft und bietet einige der besten Str\u00e4nde, K\u00fcstenwanderwege und Klippenlandschaften, die man \u00fcberhaupt finden kann&#8230; <\/p><\/span> <span class=\"featured-link-holder\"> <span class=\"featured-extra-info\"> \n<p>F\u00fcr Paare, Familien &#038; Gruppen<\/p>\n<\/span> \n<p class=\"featured-link\">DETAILS<\/p>\n<\/span> <\/a><\/div>\n<p>Die Inspiration f\u00fcr den Gro\u00dfteil der von Daphne du Maurier geschriebenen Geschichten l\u00e4sst sich an der K\u00fcste und Landschaft in der N\u00e4he ihres Anwesens Menabilly erkennen.<\/p>\n<p style=\"text-align: right;\"><img loading=\"lazy\" class=\"aligncenter size-full wp-image-47735\" src=\"https:\/\/www.urlaubcornwall.de\/blog\/wp-content\/uploads\/2024\/02\/mousehole-am-meer-meerblick.jpg\" alt=\"mousehole am meer meerblick\" width=\"750\" height=\"500\" srcset=\"https:\/\/www.urlaubcornwall.de\/blog\/wp-content\/uploads\/2024\/02\/mousehole-am-meer-meerblick.jpg 750w, https:\/\/www.urlaubcornwall.de\/blog\/wp-content\/uploads\/2024\/02\/mousehole-am-meer-meerblick-300x200.jpg 300w\" sizes=\"(max-width: 750px) 100vw, 750px\" \/><\/p>\n<p><a href=\"https:\/\/www.urlaubcornwall.de\/ferienhaeuser-fewos\/mousehole.html\">Mousehole &#8211; Dieses gem\u00fctliche Dorf ist \u00fcberflutet mit Mythen und Sagen.<\/a> &#8211; Seine Weihnachtslichter ziehen Menschen von nah und fern an. Mousehole liegt am westlichen Rand von Mount\u2018s Bay. Die h\u00fcbsche Bucht von Lamorna ist ganz in der N\u00e4he sowie das in einen Granitfelsen eingebettete Minack Theatre. Der Strand von Porthcurno, eines der feinsten Buchten der Penwith-Halbinsel, und das Telegraph Museum befinden sich alle in der N\u00e4he.<\/p>\n<p style=\"text-align: right;\"><img loading=\"lazy\" class=\"aligncenter size-full wp-image-47736\" src=\"https:\/\/www.urlaubcornwall.de\/blog\/wp-content\/uploads\/2024\/02\/coverack-strand.jpg\" alt=\"coverack strand\" width=\"750\" height=\"503\" srcset=\"https:\/\/www.urlaubcornwall.de\/blog\/wp-content\/uploads\/2024\/02\/coverack-strand.jpg 750w, https:\/\/www.urlaubcornwall.de\/blog\/wp-content\/uploads\/2024\/02\/coverack-strand-300x201.jpg 300w\" sizes=\"(max-width: 750px) 100vw, 750px\" \/><\/p>\n<p><a href=\"https:\/\/www.urlaubcornwall.de\/ferienhaeuser-fewos\/coverack.html\">Coverack auf der Lizard Halbinsel<\/a> &#8211; Zuckers\u00fc\u00df verf\u00fcgt Coverack \u00fcber S\u00e4mtliches, was Sie von einem cornischen Dorf erwarten \u2013 da sind ein postkartensch\u00f6ner Hafen, ein halbmondf\u00f6rmiger Sandstrand und eine freundliche Kneipe.<\/p>\n<p style=\"text-align: right;\"><img loading=\"lazy\" class=\"aligncenter size-full wp-image-47737\" src=\"https:\/\/www.urlaubcornwall.de\/blog\/wp-content\/uploads\/2024\/02\/st-mawes-hafen.jpg\" alt=\"st mawes hafen\" width=\"750\" height=\"505\" srcset=\"https:\/\/www.urlaubcornwall.de\/blog\/wp-content\/uploads\/2024\/02\/st-mawes-hafen.jpg 750w, https:\/\/www.urlaubcornwall.de\/blog\/wp-content\/uploads\/2024\/02\/st-mawes-hafen-300x202.jpg 300w\" sizes=\"(max-width: 750px) 100vw, 750px\" \/><\/p>\n<p><a href=\"https:\/\/www.urlaubcornwall.de\/ferienhaeuser-fewos\/st-mawes.html\">St Mawes bringt die cornische K\u00fcste auf einen klassischen Standard.<\/a> &#8211; Gelegen auf der unber\u00fchrten Roseland Halbinsel mit einer hervorragenden l\u00e4ndlichen Umgebung. St Mawes ist auch bekannt wegen seiner Fu\u00dfg\u00e4ngerf\u00e4hre nach Falmouth und beherbergt die besterhaltendste K\u00fcstenfestung Heinrich VIII, die St Mawes Burg.<\/p>\n<p style=\"text-align: right;\"><img loading=\"lazy\" class=\"aligncenter size-full wp-image-47738\" src=\"https:\/\/www.urlaubcornwall.de\/blog\/wp-content\/uploads\/2024\/02\/truro-meer.jpg\" alt=\"truro meer\" width=\"750\" height=\"500\" srcset=\"https:\/\/www.urlaubcornwall.de\/blog\/wp-content\/uploads\/2024\/02\/truro-meer.jpg 750w, https:\/\/www.urlaubcornwall.de\/blog\/wp-content\/uploads\/2024\/02\/truro-meer-300x200.jpg 300w\" sizes=\"(max-width: 750px) 100vw, 750px\" \/><\/p>\n<p><a href=\"https:\/\/www.urlaubcornwall.de\/ferienhaeuser-fewos\/truro.html\">Truros attraktive georgianische Stra\u00dfen.<\/a> &#8211; Sind vollgestopft mit einzigartigen Gesch\u00e4ften, irren Caf\u00e9s und eleganten Restaurants. Leicht kann man einen Tag damit zubringen, in den kleinen Hinterstr\u00e4\u00dfchen herumzuschnuppern und ein Glas Wein auf der Piazza einzunehmen. Beachten Sie auch die Kathedrale, eine gro\u00dfartige und unl\u00e4ngst renovierte Wonne.<\/p>\n<p style=\"text-align: right;\"><img loading=\"lazy\" class=\"aligncenter size-full wp-image-48080\" src=\"https:\/\/www.urlaubcornwall.de\/blog\/wp-content\/uploads\/2024\/03\/porthleven_urlaub_edit.jpg\" alt=\"porthleven_urlaub\" width=\"750\" height=\"608\" srcset=\"https:\/\/www.urlaubcornwall.de\/blog\/wp-content\/uploads\/2024\/03\/porthleven_urlaub_edit.jpg 750w, https:\/\/www.urlaubcornwall.de\/blog\/wp-content\/uploads\/2024\/03\/porthleven_urlaub_edit-300x243.jpg 300w\" sizes=\"(max-width: 750px) 100vw, 750px\" \/><\/p>\n<p><a href=\"https:\/\/www.urlaubcornwall.de\/ferienhaeuser-fewos\/porthleven.html\">Porthleven ist eines von Cornwalls versteckten Juwelen.<\/a> &#8211; Es liegt in Westcornwall zwischen dem Lizard Point (Britanniens s\u00fcdlichstem Zipfel) und Lands End direkt zum atlantischen Ozean hin und vermittelt einen rauen, zerkl\u00fcfteten Eindruck, was vielen der gesch\u00fctzter gelegenen H\u00e4fen entlang der cornischen K\u00fcste fehlt.<\/p>\n<p style=\"text-align: right;\"><img loading=\"lazy\" class=\"aligncenter size-full wp-image-47740\" src=\"https:\/\/www.urlaubcornwall.de\/blog\/wp-content\/uploads\/2024\/02\/newquay-am-meer.jpg\" alt=\"newquay am meer\" width=\"750\" height=\"500\" srcset=\"https:\/\/www.urlaubcornwall.de\/blog\/wp-content\/uploads\/2024\/02\/newquay-am-meer.jpg 750w, https:\/\/www.urlaubcornwall.de\/blog\/wp-content\/uploads\/2024\/02\/newquay-am-meer-300x200.jpg 300w\" sizes=\"(max-width: 750px) 100vw, 750px\" \/><\/p>\n<p><a href=\"https:\/\/www.urlaubcornwall.de\/ferienhaeuser-fewos\/newquay.html\">Newquay ist ein lebendiger Strand- und Surfurlaubsort.<\/a> &#8211; Als zweifelsohne die lebendigste Stadt an der Nordk\u00fcste sorgt Newquay sowohl f\u00fcr junge Nachtschw\u00e4rmer als auch Familien. Es gibt gro\u00dfartige Surfm\u00f6glichkeiten, jede Menge gesch\u00e4ftiger Kneipen und Caf\u00e9s, und es ist ein Paradies f\u00fcr Surf Lifestyle Shopping.<\/p>\n<div class=\"snippet\"> <a class=\"featured-item\" href=\" https:\/\/www.urlaubcornwall.de\/rundreisen\/cornwall-suedengland.php\"> <span class=\"image-holder\" style=\"background-image: url(' https:\/\/www.urlaubcornwall.de\/blog\/wp-content\/uploads\/2018\/11\/rundreise-cornwall.jpg ');\"><\/span> <span class=\"featured-content\"> \n<h2 class=\"featured-title\">Individuelle Rundreise in Cornwall &#038; S\u00fcdengland<\/h2>\n<p class=\"featured-body\"> Bei dieser Cornwall Rundreise entdecken Sie die H\u00f6hepunkte S\u00fcdenglands. Kultur, Geschichte, Landschaft und heutiges Leben werden Sie hierbei kennenlernen&#8230;<\/p>\n<\/span> <span class=\"featured-link-holder\"> <span class=\"featured-extra-info\"> \n<p>Urlaub im eigenen Schritttempo<\/p>\n<\/span> \n<p class=\"featured-link\">DETAILS<\/p>\n<\/span> <\/a><\/div>\n","protected":false},"excerpt":{"rendered":"<p>Padstow ist ein Fischer- und Badeort. &#8211; Der im Schutze des Camel-\u00c4stuars liegt. Der Ort ist bekannt f\u00fcr seine ber\u00fchmten Restaurants und sehr guten Fisch- und Meeresfr\u00fcchte, zudem ist dort die nationale Hummeraufzucht beheimatet. Jenseits des \u00c4stuars k\u00f6nnen Sie Rock, Polzeath und das idyllische Fischerdorf von Port Isaac besuchen. St Ives eines der Juwelen der [&hellip;]<\/p>\n","protected":false},"author":1,"featured_media":0,"parent":0,"menu_order":0,"comment_status":"closed","ping_status":"closed","template":"single-four.php","meta":[],"acf":[],"yoast_head":"<!-- This site is optimized with the Yoast SEO plugin v19.4 - https:\/\/yoast.com\/wordpress\/plugins\/seo\/ -->\n<title>Die sch\u00f6nsten K\u00fcstenorte in Cornwall - unsere Top 10 - Urlaub &amp; Reisen<\/title>\n<meta name=\"robots\" content=\"index, follow, max-snippet:-1, max-image-preview:large, max-video-preview:-1\" \/>\n<link rel=\"canonical\" href=\"https:\/\/www.urlaubcornwall.de\/blog\/die-schoensten-orte-in-cornwall-unsere-top-10\/\" \/>\n<meta property=\"og:locale\" content=\"en_US\" \/>\n<meta property=\"og:type\" content=\"article\" \/>\n<meta property=\"og:title\" content=\"Die sch\u00f6nsten K\u00fcstenorte in Cornwall - unsere Top 10 - Urlaub &amp; Reisen\" \/>\n<meta property=\"og:description\" content=\"Padstow ist ein Fischer- und Badeort. &#8211; Der im Schutze des Camel-\u00c4stuars liegt. Der Ort ist bekannt f\u00fcr seine ber\u00fchmten Restaurants und sehr guten Fisch- und Meeresfr\u00fcchte, zudem ist dort die nationale Hummeraufzucht beheimatet. Jenseits des \u00c4stuars k\u00f6nnen Sie Rock, Polzeath und das idyllische Fischerdorf von Port Isaac besuchen. St Ives eines der Juwelen der [&hellip;]\" \/>\n<meta property=\"og:url\" content=\"https:\/\/www.urlaubcornwall.de\/blog\/die-schoensten-orte-in-cornwall-unsere-top-10\/\" \/>\n<meta property=\"og:site_name\" content=\"Urlaub &amp; Reisen\" \/>\n<meta property=\"article:modified_time\" content=\"2026-01-07T10:18:52+00:00\" \/>\n<meta property=\"og:image\" content=\"https:\/\/www.urlaubcornwall.de\/blog\/wp-content\/uploads\/2024\/02\/padstow_hafen.jpg\" \/>\n<meta name=\"twitter:card\" content=\"summary\" \/>\n<meta name=\"twitter:label1\" content=\"Est. reading time\" \/>\n\t<meta name=\"twitter:data1\" content=\"5 minutes\" \/>\n<script type=\"application\/ld+json\" class=\"yoast-schema-graph\">{\"@context\":\"https:\/\/schema.org\",\"@graph\":[{\"@type\":\"WebSite\",\"@id\":\"https:\/\/www.urlaubcornwall.de\/blog\/#website\",\"url\":\"https:\/\/www.urlaubcornwall.de\/blog\/\",\"name\":\"Urlaub &amp; Reisen\",\"description\":\"Urlaub, Reisen, Cornwall und S\u00fcdengland: eine perfekte Kombination\",\"potentialAction\":[{\"@type\":\"SearchAction\",\"target\":{\"@type\":\"EntryPoint\",\"urlTemplate\":\"https:\/\/www.urlaubcornwall.de\/blog\/?s={search_term_string}\"},\"query-input\":\"required name=search_term_string\"}],\"inLanguage\":\"en-US\"},{\"@type\":\"WebPage\",\"@id\":\"https:\/\/www.urlaubcornwall.de\/blog\/die-schoensten-orte-in-cornwall-unsere-top-10\/\",\"url\":\"https:\/\/www.urlaubcornwall.de\/blog\/die-schoensten-orte-in-cornwall-unsere-top-10\/\",\"name\":\"Die sch\u00f6nsten K\u00fcstenorte in Cornwall - unsere Top 10 - Urlaub &amp; Reisen\",\"isPartOf\":{\"@id\":\"https:\/\/www.urlaubcornwall.de\/blog\/#website\"},\"datePublished\":\"2018-05-01T10:40:42+00:00\",\"dateModified\":\"2026-01-07T10:18:52+00:00\",\"breadcrumb\":{\"@id\":\"https:\/\/www.urlaubcornwall.de\/blog\/die-schoensten-orte-in-cornwall-unsere-top-10\/#breadcrumb\"},\"inLanguage\":\"en-US\",\"potentialAction\":[{\"@type\":\"ReadAction\",\"target\":[\"https:\/\/www.urlaubcornwall.de\/blog\/die-schoensten-orte-in-cornwall-unsere-top-10\/\"]}]},{\"@type\":\"BreadcrumbList\",\"@id\":\"https:\/\/www.urlaubcornwall.de\/blog\/die-schoensten-orte-in-cornwall-unsere-top-10\/#breadcrumb\",\"itemListElement\":[{\"@type\":\"ListItem\",\"position\":1,\"name\":\"Home\",\"item\":\"https:\/\/www.urlaubcornwall.de\/blog\/\"},{\"@type\":\"ListItem\",\"position\":2,\"name\":\"Die sch\u00f6nsten K\u00fcstenorte in Cornwall &#8211; unsere Top 10\"}]}]}<\/script>\n<!-- \/ Yoast SEO plugin. -->","yoast_head_json":{"title":"Die sch\u00f6nsten K\u00fcstenorte in Cornwall - unsere Top 10 - Urlaub &amp; Reisen","robots":{"index":"index","follow":"follow","max-snippet":"max-snippet:-1","max-image-preview":"max-image-preview:large","max-video-preview":"max-video-preview:-1"},"canonical":"https:\/\/www.urlaubcornwall.de\/blog\/die-schoensten-orte-in-cornwall-unsere-top-10\/","og_locale":"en_US","og_type":"article","og_title":"Die sch\u00f6nsten K\u00fcstenorte in Cornwall - unsere Top 10 - Urlaub &amp; Reisen","og_description":"Padstow ist ein Fischer- und Badeort. &#8211; Der im Schutze des Camel-\u00c4stuars liegt. Der Ort ist bekannt f\u00fcr seine ber\u00fchmten Restaurants und sehr guten Fisch- und Meeresfr\u00fcchte, zudem ist dort die nationale Hummeraufzucht beheimatet. Jenseits des \u00c4stuars k\u00f6nnen Sie Rock, Polzeath und das idyllische Fischerdorf von Port Isaac besuchen. St Ives eines der Juwelen der [&hellip;]","og_url":"https:\/\/www.urlaubcornwall.de\/blog\/die-schoensten-orte-in-cornwall-unsere-top-10\/","og_site_name":"Urlaub &amp; Reisen","article_modified_time":"2026-01-07T10:18:52+00:00","og_image":[{"url":"https:\/\/www.urlaubcornwall.de\/blog\/wp-content\/uploads\/2024\/02\/padstow_hafen.jpg"}],"twitter_card":"summary","twitter_misc":{"Est. reading time":"5 minutes"},"schema":{"@context":"https:\/\/schema.org","@graph":[{"@type":"WebSite","@id":"https:\/\/www.urlaubcornwall.de\/blog\/#website","url":"https:\/\/www.urlaubcornwall.de\/blog\/","name":"Urlaub &amp; Reisen","description":"Urlaub, Reisen, Cornwall und S\u00fcdengland: eine perfekte Kombination","potentialAction":[{"@type":"SearchAction","target":{"@type":"EntryPoint","urlTemplate":"https:\/\/www.urlaubcornwall.de\/blog\/?s={search_term_string}"},"query-input":"required name=search_term_string"}],"inLanguage":"en-US"},{"@type":"WebPage","@id":"https:\/\/www.urlaubcornwall.de\/blog\/die-schoensten-orte-in-cornwall-unsere-top-10\/","url":"https:\/\/www.urlaubcornwall.de\/blog\/die-schoensten-orte-in-cornwall-unsere-top-10\/","name":"Die sch\u00f6nsten K\u00fcstenorte in Cornwall - unsere Top 10 - Urlaub &amp; Reisen","isPartOf":{"@id":"https:\/\/www.urlaubcornwall.de\/blog\/#website"},"datePublished":"2018-05-01T10:40:42+00:00","dateModified":"2026-01-07T10:18:52+00:00","breadcrumb":{"@id":"https:\/\/www.urlaubcornwall.de\/blog\/die-schoensten-orte-in-cornwall-unsere-top-10\/#breadcrumb"},"inLanguage":"en-US","potentialAction":[{"@type":"ReadAction","target":["https:\/\/www.urlaubcornwall.de\/blog\/die-schoensten-orte-in-cornwall-unsere-top-10\/"]}]},{"@type":"BreadcrumbList","@id":"https:\/\/www.urlaubcornwall.de\/blog\/die-schoensten-orte-in-cornwall-unsere-top-10\/#breadcrumb","itemListElement":[{"@type":"ListItem","position":1,"name":"Home","item":"https:\/\/www.urlaubcornwall.de\/blog\/"},{"@type":"ListItem","position":2,"name":"Die sch\u00f6nsten K\u00fcstenorte in Cornwall &#8211; unsere Top 10"}]}]}},"_links":{"self":[{"href":"https:\/\/www.urlaubcornwall.de\/blog\/wp-json\/wp\/v2\/pages\/33765"}],"collection":[{"href":"https:\/\/www.urlaubcornwall.de\/blog\/wp-json\/wp\/v2\/pages"}],"about":[{"href":"https:\/\/www.urlaubcornwall.de\/blog\/wp-json\/wp\/v2\/types\/page"}],"author":[{"embeddable":true,"href":"https:\/\/www.urlaubcornwall.de\/blog\/wp-json\/wp\/v2\/users\/1"}],"replies":[{"embeddable":true,"href":"https:\/\/www.urlaubcornwall.de\/blog\/wp-json\/wp\/v2\/comments?post=33765"}],"version-history":[{"count":16,"href":"https:\/\/www.urlaubcornwall.de\/blog\/wp-json\/wp\/v2\/pages\/33765\/revisions"}],"predecessor-version":[{"id":52014,"href":"https:\/\/www.urlaubcornwall.de\/blog\/wp-json\/wp\/v2\/pages\/33765\/revisions\/52014"}],"wp:attachment":[{"href":"https:\/\/www.urlaubcornwall.de\/blog\/wp-json\/wp\/v2\/media?parent=33765"}],"curies":[{"name":"wp","href":"https:\/\/api.w.org\/{rel}","templated":true}]}}