{"id":33638,"date":"2018-04-23T11:59:49","date_gmt":"2018-04-23T11:59:49","guid":{"rendered":"https:\/\/www.urlaubcornwall.de\/blog\/?page_id=33638"},"modified":"2021-09-17T12:01:15","modified_gmt":"2021-09-17T12:01:15","slug":"ferienhaus-in-kendal-lake-district","status":"publish","type":"page","link":"https:\/\/www.urlaubcornwall.de\/blog\/ferienhaus-in-kendal-lake-district\/","title":{"rendered":"Ferienhaus in Kendal &#8211; Lake District"},"content":{"rendered":"<p><img loading=\"lazy\" class=\"aligncenter size-full wp-image-33639\" src=\"https:\/\/www.urlaubcornwall.de\/blog\/wp-content\/uploads\/2018\/04\/ferienhaus-kendal-lake-district.jpg\" alt=\"ferienhaus kendal lake district\" width=\"749\" height=\"484\"\/><\/p>\n<p><strong>Ferienhaus in Kentmere, 1 Schlafzimmern, Schlafgelegenheiten 2<\/strong><\/p>\n<p>Diese <a href=\"https:\/\/www.urlaubcornwall.de\/reiseziel\/lake-district-nationalpark.php\">spektakul\u00e4re Natursch\u00f6nheit ist beliebt bei Wanderfreunden<\/a> mit wundersch\u00f6nen Berg-, Tal- und Seewegen vor der Haust\u00fcr. Von dem Weiler Kentmere f\u00fchrt ein Weg zu einer pr\u00e4chtigen Ansammlung von Berggipfeln, einschlie\u00dflich Thornthwaite Crag, Froswick und Harter Fell. F\u00fcnf Kilometer vom Ferienhaus entfernt liegt das Dorf Staveley mit seinen typischen Lakeland-Steingeb\u00e4uden, den Fl\u00fcssen Kent und Gowan, einer sch\u00f6nen Kirche und einer Auswahl an Gesch\u00e4ften und Gasth\u00e4usern. Auch leicht zu erreichen ist das ikonische Windermere mit seinem literarischen gesch\u00e4ftigen Zentrum und dem wundersch\u00f6nen See, w\u00e4hrend Kendal gr\u00f6\u00dfere Gesch\u00e4fte bietet.<\/p>\n<p style=\"text-align: center;\"><a class=\"tidycta\" href=\"https:\/\/www.urlaubcornwall.de\/ferienhaeuser-fewos\/eng\/cumbria\/windermere.html\">Suche Ferienh\u00e4user Windermere<\/a><\/p>\n<p style=\"text-align: center;\">Pers\u00f6nlich inspizierte Ferienh\u00e4user und Ferienwohnungen f\u00fcr Ihren Urlaub in England.<\/p>\n<p style=\"text-align: center;\"><a href=\"https:\/\/www.urlaubcornwall.de\/ferienhaeuser-fewos\/eng\/lake-district\/lake-district.html\"><strong>Ferienh\u00e4user, Cottages &amp; Ferienwohnungen in Lake District.<\/strong><\/a><\/p>\n","protected":false},"excerpt":{"rendered":"<p>Ferienhaus in Kentmere, 1 Schlafzimmern, Schlafgelegenheiten 2 Diese spektakul\u00e4re Natursch\u00f6nheit ist beliebt bei Wanderfreunden mit wundersch\u00f6nen Berg-, Tal- und Seewegen vor der Haust\u00fcr. Von dem Weiler Kentmere f\u00fchrt ein Weg zu einer pr\u00e4chtigen Ansammlung von Berggipfeln, einschlie\u00dflich Thornthwaite Crag, Froswick und Harter Fell. F\u00fcnf Kilometer vom Ferienhaus entfernt liegt das Dorf Staveley mit seinen typischen [&hellip;]<\/p>\n","protected":false},"author":1,"featured_media":0,"parent":0,"menu_order":0,"comment_status":"closed","ping_status":"closed","template":"single-four.php","meta":[],"acf":[],"yoast_head":"<!-- This site is optimized with the Yoast SEO plugin v19.4 - https:\/\/yoast.com\/wordpress\/plugins\/seo\/ -->\n<title>Ferienhaus in Kendal - Lake District - Urlaub &amp; Reisen<\/title>\n<meta name=\"description\" content=\"Diese spektakul\u00e4re Natursch\u00f6nheit ist beliebt bei Wanderfreunden mit wundersch\u00f6nen Berg-, Tal- und Seewegen vor der Haust\u00fcr. Von dem Weiler Kentmere f\u00fchrt ein Weg zu einer pr\u00e4chtigen Ansammlung von Berggipfeln, einschlie\u00dflich Thornthwaite Crag, Froswick und Harter Fell. F\u00fcnf Kilometer vom Ferienhaus entfernt liegt das Dorf Staveley mit seinen typischen Lakeland-Steingeb\u00e4uden\" \/>\n<meta name=\"robots\" content=\"index, follow, max-snippet:-1, max-image-preview:large, max-video-preview:-1\" \/>\n<link rel=\"canonical\" href=\"https:\/\/www.urlaubcornwall.de\/blog\/ferienhaus-in-kendal-lake-district\/\" \/>\n<meta property=\"og:locale\" content=\"en_US\" \/>\n<meta property=\"og:type\" content=\"article\" \/>\n<meta property=\"og:title\" content=\"Ferienhaus in Kendal - Lake District - Urlaub &amp; Reisen\" \/>\n<meta property=\"og:description\" content=\"Diese spektakul\u00e4re Natursch\u00f6nheit ist beliebt bei Wanderfreunden mit wundersch\u00f6nen Berg-, Tal- und Seewegen vor der Haust\u00fcr. Von dem Weiler Kentmere f\u00fchrt ein Weg zu einer pr\u00e4chtigen Ansammlung von Berggipfeln, einschlie\u00dflich Thornthwaite Crag, Froswick und Harter Fell. F\u00fcnf Kilometer vom Ferienhaus entfernt liegt das Dorf Staveley mit seinen typischen Lakeland-Steingeb\u00e4uden\" \/>\n<meta property=\"og:url\" content=\"https:\/\/www.urlaubcornwall.de\/blog\/ferienhaus-in-kendal-lake-district\/\" \/>\n<meta property=\"og:site_name\" content=\"Urlaub &amp; Reisen\" \/>\n<meta property=\"article:modified_time\" content=\"2021-09-17T12:01:15+00:00\" \/>\n<meta property=\"og:image\" content=\"https:\/\/www.urlaubcornwall.de\/blog\/wp-content\/uploads\/2018\/04\/ferienhaus-kendal-lake-district.jpg\" \/>\n<meta name=\"twitter:card\" content=\"summary\" \/>\n<meta name=\"twitter:label1\" content=\"Est. reading time\" \/>\n\t<meta name=\"twitter:data1\" content=\"1 minute\" \/>\n<script type=\"application\/ld+json\" class=\"yoast-schema-graph\">{\"@context\":\"https:\/\/schema.org\",\"@graph\":[{\"@type\":\"WebSite\",\"@id\":\"https:\/\/www.urlaubcornwall.de\/blog\/#website\",\"url\":\"https:\/\/www.urlaubcornwall.de\/blog\/\",\"name\":\"Urlaub &amp; Reisen\",\"description\":\"Urlaub, Reisen, Cornwall und S\u00fcdengland: eine perfekte Kombination\",\"potentialAction\":[{\"@type\":\"SearchAction\",\"target\":{\"@type\":\"EntryPoint\",\"urlTemplate\":\"https:\/\/www.urlaubcornwall.de\/blog\/?s={search_term_string}\"},\"query-input\":\"required name=search_term_string\"}],\"inLanguage\":\"en-US\"},{\"@type\":\"WebPage\",\"@id\":\"https:\/\/www.urlaubcornwall.de\/blog\/ferienhaus-in-kendal-lake-district\/\",\"url\":\"https:\/\/www.urlaubcornwall.de\/blog\/ferienhaus-in-kendal-lake-district\/\",\"name\":\"Ferienhaus in Kendal - Lake District - Urlaub &amp; Reisen\",\"isPartOf\":{\"@id\":\"https:\/\/www.urlaubcornwall.de\/blog\/#website\"},\"datePublished\":\"2018-04-23T11:59:49+00:00\",\"dateModified\":\"2021-09-17T12:01:15+00:00\",\"description\":\"Diese spektakul\u00e4re Natursch\u00f6nheit ist beliebt bei Wanderfreunden mit wundersch\u00f6nen Berg-, Tal- und Seewegen vor der Haust\u00fcr. Von dem Weiler Kentmere f\u00fchrt ein Weg zu einer pr\u00e4chtigen Ansammlung von Berggipfeln, einschlie\u00dflich Thornthwaite Crag, Froswick und Harter Fell. F\u00fcnf Kilometer vom Ferienhaus entfernt liegt das Dorf Staveley mit seinen typischen Lakeland-Steingeb\u00e4uden\",\"breadcrumb\":{\"@id\":\"https:\/\/www.urlaubcornwall.de\/blog\/ferienhaus-in-kendal-lake-district\/#breadcrumb\"},\"inLanguage\":\"en-US\",\"potentialAction\":[{\"@type\":\"ReadAction\",\"target\":[\"https:\/\/www.urlaubcornwall.de\/blog\/ferienhaus-in-kendal-lake-district\/\"]}]},{\"@type\":\"BreadcrumbList\",\"@id\":\"https:\/\/www.urlaubcornwall.de\/blog\/ferienhaus-in-kendal-lake-district\/#breadcrumb\",\"itemListElement\":[{\"@type\":\"ListItem\",\"position\":1,\"name\":\"Home\",\"item\":\"https:\/\/www.urlaubcornwall.de\/blog\/\"},{\"@type\":\"ListItem\",\"position\":2,\"name\":\"Ferienhaus in Kendal &#8211; Lake District\"}]}]}<\/script>\n<!-- \/ Yoast SEO plugin. -->","yoast_head_json":{"title":"Ferienhaus in Kendal - Lake District - Urlaub &amp; Reisen","description":"Diese spektakul\u00e4re Natursch\u00f6nheit ist beliebt bei Wanderfreunden mit wundersch\u00f6nen Berg-, Tal- und Seewegen vor der Haust\u00fcr. Von dem Weiler Kentmere f\u00fchrt ein Weg zu einer pr\u00e4chtigen Ansammlung von Berggipfeln, einschlie\u00dflich Thornthwaite Crag, Froswick und Harter Fell. F\u00fcnf Kilometer vom Ferienhaus entfernt liegt das Dorf Staveley mit seinen typischen Lakeland-Steingeb\u00e4uden","robots":{"index":"index","follow":"follow","max-snippet":"max-snippet:-1","max-image-preview":"max-image-preview:large","max-video-preview":"max-video-preview:-1"},"canonical":"https:\/\/www.urlaubcornwall.de\/blog\/ferienhaus-in-kendal-lake-district\/","og_locale":"en_US","og_type":"article","og_title":"Ferienhaus in Kendal - Lake District - Urlaub &amp; Reisen","og_description":"Diese spektakul\u00e4re Natursch\u00f6nheit ist beliebt bei Wanderfreunden mit wundersch\u00f6nen Berg-, Tal- und Seewegen vor der Haust\u00fcr. Von dem Weiler Kentmere f\u00fchrt ein Weg zu einer pr\u00e4chtigen Ansammlung von Berggipfeln, einschlie\u00dflich Thornthwaite Crag, Froswick und Harter Fell. F\u00fcnf Kilometer vom Ferienhaus entfernt liegt das Dorf Staveley mit seinen typischen Lakeland-Steingeb\u00e4uden","og_url":"https:\/\/www.urlaubcornwall.de\/blog\/ferienhaus-in-kendal-lake-district\/","og_site_name":"Urlaub &amp; Reisen","article_modified_time":"2021-09-17T12:01:15+00:00","og_image":[{"url":"https:\/\/www.urlaubcornwall.de\/blog\/wp-content\/uploads\/2018\/04\/ferienhaus-kendal-lake-district.jpg"}],"twitter_card":"summary","twitter_misc":{"Est. reading time":"1 minute"},"schema":{"@context":"https:\/\/schema.org","@graph":[{"@type":"WebSite","@id":"https:\/\/www.urlaubcornwall.de\/blog\/#website","url":"https:\/\/www.urlaubcornwall.de\/blog\/","name":"Urlaub &amp; Reisen","description":"Urlaub, Reisen, Cornwall und S\u00fcdengland: eine perfekte Kombination","potentialAction":[{"@type":"SearchAction","target":{"@type":"EntryPoint","urlTemplate":"https:\/\/www.urlaubcornwall.de\/blog\/?s={search_term_string}"},"query-input":"required name=search_term_string"}],"inLanguage":"en-US"},{"@type":"WebPage","@id":"https:\/\/www.urlaubcornwall.de\/blog\/ferienhaus-in-kendal-lake-district\/","url":"https:\/\/www.urlaubcornwall.de\/blog\/ferienhaus-in-kendal-lake-district\/","name":"Ferienhaus in Kendal - Lake District - Urlaub &amp; Reisen","isPartOf":{"@id":"https:\/\/www.urlaubcornwall.de\/blog\/#website"},"datePublished":"2018-04-23T11:59:49+00:00","dateModified":"2021-09-17T12:01:15+00:00","description":"Diese spektakul\u00e4re Natursch\u00f6nheit ist beliebt bei Wanderfreunden mit wundersch\u00f6nen Berg-, Tal- und Seewegen vor der Haust\u00fcr. Von dem Weiler Kentmere f\u00fchrt ein Weg zu einer pr\u00e4chtigen Ansammlung von Berggipfeln, einschlie\u00dflich Thornthwaite Crag, Froswick und Harter Fell. F\u00fcnf Kilometer vom Ferienhaus entfernt liegt das Dorf Staveley mit seinen typischen Lakeland-Steingeb\u00e4uden","breadcrumb":{"@id":"https:\/\/www.urlaubcornwall.de\/blog\/ferienhaus-in-kendal-lake-district\/#breadcrumb"},"inLanguage":"en-US","potentialAction":[{"@type":"ReadAction","target":["https:\/\/www.urlaubcornwall.de\/blog\/ferienhaus-in-kendal-lake-district\/"]}]},{"@type":"BreadcrumbList","@id":"https:\/\/www.urlaubcornwall.de\/blog\/ferienhaus-in-kendal-lake-district\/#breadcrumb","itemListElement":[{"@type":"ListItem","position":1,"name":"Home","item":"https:\/\/www.urlaubcornwall.de\/blog\/"},{"@type":"ListItem","position":2,"name":"Ferienhaus in Kendal &#8211; Lake District"}]}]}},"_links":{"self":[{"href":"https:\/\/www.urlaubcornwall.de\/blog\/wp-json\/wp\/v2\/pages\/33638"}],"collection":[{"href":"https:\/\/www.urlaubcornwall.de\/blog\/wp-json\/wp\/v2\/pages"}],"about":[{"href":"https:\/\/www.urlaubcornwall.de\/blog\/wp-json\/wp\/v2\/types\/page"}],"author":[{"embeddable":true,"href":"https:\/\/www.urlaubcornwall.de\/blog\/wp-json\/wp\/v2\/users\/1"}],"replies":[{"embeddable":true,"href":"https:\/\/www.urlaubcornwall.de\/blog\/wp-json\/wp\/v2\/comments?post=33638"}],"version-history":[{"count":7,"href":"https:\/\/www.urlaubcornwall.de\/blog\/wp-json\/wp\/v2\/pages\/33638\/revisions"}],"predecessor-version":[{"id":42883,"href":"https:\/\/www.urlaubcornwall.de\/blog\/wp-json\/wp\/v2\/pages\/33638\/revisions\/42883"}],"wp:attachment":[{"href":"https:\/\/www.urlaubcornwall.de\/blog\/wp-json\/wp\/v2\/media?parent=33638"}],"curies":[{"name":"wp","href":"https:\/\/api.w.org\/{rel}","templated":true}]}}