{"id":33623,"date":"2018-04-20T14:06:40","date_gmt":"2018-04-20T14:06:40","guid":{"rendered":"https:\/\/www.urlaubcornwall.de\/blog\/?page_id=33623"},"modified":"2024-05-28T12:22:58","modified_gmt":"2024-05-28T12:22:58","slug":"rundreise-in-suedengland-luxus-herrenhaeuser-stilvolle-bed-breakfasts","status":"publish","type":"page","link":"https:\/\/www.urlaubcornwall.de\/blog\/rundreise-in-suedengland-luxus-herrenhaeuser-stilvolle-bed-breakfasts\/","title":{"rendered":"Rundreise in S\u00fcdengland &#8211; Luxus Herrenh\u00e4user &#038; stilvolle Bed &#038; Breakfasts"},"content":{"rendered":"<p><a href=\"https:\/\/www.urlaubcornwall.de\/blog\/wp-content\/uploads\/2024\/03\/Gartentour-durch-Sudengland-stourhead.jpg\"><img loading=\"lazy\" src=\"https:\/\/www.urlaubcornwall.de\/blog\/wp-content\/uploads\/2024\/03\/Gartentour-durch-Sudengland-stourhead.jpg\" alt=\"Gartentour durch S\u00fcdengland stourhead\" width=\"745\" height=\"559\" class=\"alignnone size-full wp-image-47894\" srcset=\"https:\/\/www.urlaubcornwall.de\/blog\/wp-content\/uploads\/2024\/03\/Gartentour-durch-Sudengland-stourhead.jpg 745w, https:\/\/www.urlaubcornwall.de\/blog\/wp-content\/uploads\/2024\/03\/Gartentour-durch-Sudengland-stourhead-300x225.jpg 300w\" sizes=\"(max-width: 745px) 100vw, 745px\" \/><\/a><\/p>\n<p>\u00dcbernachtungen in einem englischen Manor sind das i-T\u00fcpfelchen auf einer S\u00fcdenglandreise. Vor allem in den Grafschaften Cornwall und Devon gibt es viele <a href=\"https:\/\/www.urlaubcornwall.de\/bed-and-breakfast.php\">stilvolle Bed &amp; Breakfast<\/a> in kleineren oder gr\u00f6\u00dferen Herrenh\u00e4usern, die auf eine reiche Geschichte zur\u00fcckblicken. Hier finden Sie ein gepflegtes Ambiente mit typisch englischem Flair. Vor dem geistigen Auge tauchen dabei Bilder von Ahnengalerien, breiten Treppen und ehrw\u00fcrdigen Mauern auf und genau das finden Sie auf unseren Landg\u00fctern in S\u00fcdengland: Sie nehmen Ihr Fr\u00fchst\u00fcck an der langen Eichentafel ein, k\u00f6nnen in der Lounge vor dem offenen Kamin relaxen und Ihre Ausfl\u00fcge planen, in einem Himmelbettzimmer entspannen und auf weitl\u00e4ufigen Anwesen spazieren gehen.<\/p>\n<p>Runden Sie Ihren Urlaub in S\u00fcdengland durch das gewisse Etwas ab und erleben Sie das Flair vergangener Epochen gepaart mit modernem Komfort und Eleganz. Wir, das Team von UrlaubCornwall, stellen f\u00fcr Sie eine individuelle Rundreise durch S\u00fcdengland zusammen, auf der Sie unvergessliche Urlaubstage in unseren s\u00fcdenglischen Herrenh\u00e4usern oder auch anderen Bed &amp; Breakfast mit Meerblick oder idyllisch im Gr\u00fcnen gelegen verbringen k\u00f6nnen. Oder m\u00f6chten Sie ein gepflegtes Hotel, warum nicht mit Wellnessbereich oder Golfplatz, buchen? Auch das finden Sie bei uns!<\/p>\n<p style=\"text-align: center;\"><a class=\"tidycta\" href=\"https:\/\/www.urlaubcornwall.de\/anfrage.php?tourcode=Herrenh\u00e4user Anfrage\">Herrenh\u00e4user&nbsp; Anfrage<\/a><\/p>\n","protected":false},"excerpt":{"rendered":"<p>\u00dcbernachtungen in einem englischen Manor sind das i-T\u00fcpfelchen auf einer S\u00fcdenglandreise. Vor allem in den Grafschaften Cornwall und Devon gibt es viele stilvolle Bed &amp; Breakfast in kleineren oder gr\u00f6\u00dferen Herrenh\u00e4usern, die auf eine reiche Geschichte zur\u00fcckblicken. Hier finden Sie ein gepflegtes Ambiente mit typisch englischem Flair. Vor dem geistigen Auge tauchen dabei Bilder von [&hellip;]<\/p>\n","protected":false},"author":1,"featured_media":0,"parent":0,"menu_order":0,"comment_status":"closed","ping_status":"closed","template":"single-four.php","meta":[],"acf":[],"yoast_head":"<!-- This site is optimized with the Yoast SEO plugin v19.4 - https:\/\/yoast.com\/wordpress\/plugins\/seo\/ -->\n<title>Rundreise in S\u00fcdengland - Luxus Herrenh\u00e4user &amp; stilvolle Bed &amp; Breakfasts - Urlaub &amp; Reisen<\/title>\n<meta name=\"robots\" content=\"index, follow, max-snippet:-1, max-image-preview:large, max-video-preview:-1\" \/>\n<link rel=\"canonical\" href=\"https:\/\/www.urlaubcornwall.de\/blog\/rundreise-in-suedengland-luxus-herrenhaeuser-stilvolle-bed-breakfasts\/\" \/>\n<meta property=\"og:locale\" content=\"en_US\" \/>\n<meta property=\"og:type\" content=\"article\" \/>\n<meta property=\"og:title\" content=\"Rundreise in S\u00fcdengland - Luxus Herrenh\u00e4user &amp; stilvolle Bed &amp; Breakfasts - Urlaub &amp; Reisen\" \/>\n<meta property=\"og:description\" content=\"\u00dcbernachtungen in einem englischen Manor sind das i-T\u00fcpfelchen auf einer S\u00fcdenglandreise. Vor allem in den Grafschaften Cornwall und Devon gibt es viele stilvolle Bed &amp; Breakfast in kleineren oder gr\u00f6\u00dferen Herrenh\u00e4usern, die auf eine reiche Geschichte zur\u00fcckblicken. Hier finden Sie ein gepflegtes Ambiente mit typisch englischem Flair. Vor dem geistigen Auge tauchen dabei Bilder von [&hellip;]\" \/>\n<meta property=\"og:url\" content=\"https:\/\/www.urlaubcornwall.de\/blog\/rundreise-in-suedengland-luxus-herrenhaeuser-stilvolle-bed-breakfasts\/\" \/>\n<meta property=\"og:site_name\" content=\"Urlaub &amp; Reisen\" \/>\n<meta property=\"article:modified_time\" content=\"2024-05-28T12:22:58+00:00\" \/>\n<meta property=\"og:image\" content=\"https:\/\/www.urlaubcornwall.de\/blog\/wp-content\/uploads\/2024\/03\/Gartentour-durch-Sudengland-stourhead.jpg\" \/>\n<meta name=\"twitter:card\" content=\"summary\" \/>\n<meta name=\"twitter:label1\" content=\"Est. reading time\" \/>\n\t<meta name=\"twitter:data1\" content=\"1 minute\" \/>\n<script type=\"application\/ld+json\" class=\"yoast-schema-graph\">{\"@context\":\"https:\/\/schema.org\",\"@graph\":[{\"@type\":\"WebSite\",\"@id\":\"https:\/\/www.urlaubcornwall.de\/blog\/#website\",\"url\":\"https:\/\/www.urlaubcornwall.de\/blog\/\",\"name\":\"Urlaub &amp; Reisen\",\"description\":\"Urlaub, Reisen, Cornwall und S\u00fcdengland: eine perfekte Kombination\",\"potentialAction\":[{\"@type\":\"SearchAction\",\"target\":{\"@type\":\"EntryPoint\",\"urlTemplate\":\"https:\/\/www.urlaubcornwall.de\/blog\/?s={search_term_string}\"},\"query-input\":\"required name=search_term_string\"}],\"inLanguage\":\"en-US\"},{\"@type\":\"WebPage\",\"@id\":\"https:\/\/www.urlaubcornwall.de\/blog\/rundreise-in-suedengland-luxus-herrenhaeuser-stilvolle-bed-breakfasts\/\",\"url\":\"https:\/\/www.urlaubcornwall.de\/blog\/rundreise-in-suedengland-luxus-herrenhaeuser-stilvolle-bed-breakfasts\/\",\"name\":\"Rundreise in S\u00fcdengland - Luxus Herrenh\u00e4user & stilvolle Bed & Breakfasts - Urlaub &amp; Reisen\",\"isPartOf\":{\"@id\":\"https:\/\/www.urlaubcornwall.de\/blog\/#website\"},\"datePublished\":\"2018-04-20T14:06:40+00:00\",\"dateModified\":\"2024-05-28T12:22:58+00:00\",\"breadcrumb\":{\"@id\":\"https:\/\/www.urlaubcornwall.de\/blog\/rundreise-in-suedengland-luxus-herrenhaeuser-stilvolle-bed-breakfasts\/#breadcrumb\"},\"inLanguage\":\"en-US\",\"potentialAction\":[{\"@type\":\"ReadAction\",\"target\":[\"https:\/\/www.urlaubcornwall.de\/blog\/rundreise-in-suedengland-luxus-herrenhaeuser-stilvolle-bed-breakfasts\/\"]}]},{\"@type\":\"BreadcrumbList\",\"@id\":\"https:\/\/www.urlaubcornwall.de\/blog\/rundreise-in-suedengland-luxus-herrenhaeuser-stilvolle-bed-breakfasts\/#breadcrumb\",\"itemListElement\":[{\"@type\":\"ListItem\",\"position\":1,\"name\":\"Home\",\"item\":\"https:\/\/www.urlaubcornwall.de\/blog\/\"},{\"@type\":\"ListItem\",\"position\":2,\"name\":\"Rundreise in S\u00fcdengland &#8211; Luxus Herrenh\u00e4user &#038; stilvolle Bed &#038; Breakfasts\"}]}]}<\/script>\n<!-- \/ Yoast SEO plugin. -->","yoast_head_json":{"title":"Rundreise in S\u00fcdengland - Luxus Herrenh\u00e4user & stilvolle Bed & Breakfasts - Urlaub &amp; Reisen","robots":{"index":"index","follow":"follow","max-snippet":"max-snippet:-1","max-image-preview":"max-image-preview:large","max-video-preview":"max-video-preview:-1"},"canonical":"https:\/\/www.urlaubcornwall.de\/blog\/rundreise-in-suedengland-luxus-herrenhaeuser-stilvolle-bed-breakfasts\/","og_locale":"en_US","og_type":"article","og_title":"Rundreise in S\u00fcdengland - Luxus Herrenh\u00e4user & stilvolle Bed & Breakfasts - Urlaub &amp; Reisen","og_description":"\u00dcbernachtungen in einem englischen Manor sind das i-T\u00fcpfelchen auf einer S\u00fcdenglandreise. Vor allem in den Grafschaften Cornwall und Devon gibt es viele stilvolle Bed &amp; Breakfast in kleineren oder gr\u00f6\u00dferen Herrenh\u00e4usern, die auf eine reiche Geschichte zur\u00fcckblicken. Hier finden Sie ein gepflegtes Ambiente mit typisch englischem Flair. Vor dem geistigen Auge tauchen dabei Bilder von [&hellip;]","og_url":"https:\/\/www.urlaubcornwall.de\/blog\/rundreise-in-suedengland-luxus-herrenhaeuser-stilvolle-bed-breakfasts\/","og_site_name":"Urlaub &amp; Reisen","article_modified_time":"2024-05-28T12:22:58+00:00","og_image":[{"url":"https:\/\/www.urlaubcornwall.de\/blog\/wp-content\/uploads\/2024\/03\/Gartentour-durch-Sudengland-stourhead.jpg"}],"twitter_card":"summary","twitter_misc":{"Est. reading time":"1 minute"},"schema":{"@context":"https:\/\/schema.org","@graph":[{"@type":"WebSite","@id":"https:\/\/www.urlaubcornwall.de\/blog\/#website","url":"https:\/\/www.urlaubcornwall.de\/blog\/","name":"Urlaub &amp; Reisen","description":"Urlaub, Reisen, Cornwall und S\u00fcdengland: eine perfekte Kombination","potentialAction":[{"@type":"SearchAction","target":{"@type":"EntryPoint","urlTemplate":"https:\/\/www.urlaubcornwall.de\/blog\/?s={search_term_string}"},"query-input":"required name=search_term_string"}],"inLanguage":"en-US"},{"@type":"WebPage","@id":"https:\/\/www.urlaubcornwall.de\/blog\/rundreise-in-suedengland-luxus-herrenhaeuser-stilvolle-bed-breakfasts\/","url":"https:\/\/www.urlaubcornwall.de\/blog\/rundreise-in-suedengland-luxus-herrenhaeuser-stilvolle-bed-breakfasts\/","name":"Rundreise in S\u00fcdengland - Luxus Herrenh\u00e4user & stilvolle Bed & Breakfasts - Urlaub &amp; Reisen","isPartOf":{"@id":"https:\/\/www.urlaubcornwall.de\/blog\/#website"},"datePublished":"2018-04-20T14:06:40+00:00","dateModified":"2024-05-28T12:22:58+00:00","breadcrumb":{"@id":"https:\/\/www.urlaubcornwall.de\/blog\/rundreise-in-suedengland-luxus-herrenhaeuser-stilvolle-bed-breakfasts\/#breadcrumb"},"inLanguage":"en-US","potentialAction":[{"@type":"ReadAction","target":["https:\/\/www.urlaubcornwall.de\/blog\/rundreise-in-suedengland-luxus-herrenhaeuser-stilvolle-bed-breakfasts\/"]}]},{"@type":"BreadcrumbList","@id":"https:\/\/www.urlaubcornwall.de\/blog\/rundreise-in-suedengland-luxus-herrenhaeuser-stilvolle-bed-breakfasts\/#breadcrumb","itemListElement":[{"@type":"ListItem","position":1,"name":"Home","item":"https:\/\/www.urlaubcornwall.de\/blog\/"},{"@type":"ListItem","position":2,"name":"Rundreise in S\u00fcdengland &#8211; Luxus Herrenh\u00e4user &#038; stilvolle Bed &#038; Breakfasts"}]}]}},"_links":{"self":[{"href":"https:\/\/www.urlaubcornwall.de\/blog\/wp-json\/wp\/v2\/pages\/33623"}],"collection":[{"href":"https:\/\/www.urlaubcornwall.de\/blog\/wp-json\/wp\/v2\/pages"}],"about":[{"href":"https:\/\/www.urlaubcornwall.de\/blog\/wp-json\/wp\/v2\/types\/page"}],"author":[{"embeddable":true,"href":"https:\/\/www.urlaubcornwall.de\/blog\/wp-json\/wp\/v2\/users\/1"}],"replies":[{"embeddable":true,"href":"https:\/\/www.urlaubcornwall.de\/blog\/wp-json\/wp\/v2\/comments?post=33623"}],"version-history":[{"count":5,"href":"https:\/\/www.urlaubcornwall.de\/blog\/wp-json\/wp\/v2\/pages\/33623\/revisions"}],"predecessor-version":[{"id":50383,"href":"https:\/\/www.urlaubcornwall.de\/blog\/wp-json\/wp\/v2\/pages\/33623\/revisions\/50383"}],"wp:attachment":[{"href":"https:\/\/www.urlaubcornwall.de\/blog\/wp-json\/wp\/v2\/media?parent=33623"}],"curies":[{"name":"wp","href":"https:\/\/api.w.org\/{rel}","templated":true}]}}