{"id":33549,"date":"2018-04-09T16:04:24","date_gmt":"2018-04-09T16:04:24","guid":{"rendered":"https:\/\/www.urlaubcornwall.de\/blog\/?page_id=33549"},"modified":"2021-08-08T09:55:14","modified_gmt":"2021-08-08T09:55:14","slug":"strandhaus-pevensey-bay-am-meer-urlaub-in-sussex","status":"publish","type":"page","link":"https:\/\/www.urlaubcornwall.de\/blog\/strandhaus-pevensey-bay-am-meer-urlaub-in-sussex\/","title":{"rendered":"Strandhaus Pevensey Bay am Meer &#8211; Urlaub in Sussex"},"content":{"rendered":"<p><img loading=\"lazy\" class=\"aligncenter size-full wp-image-33550\" src=\"https:\/\/www.urlaubcornwall.de\/blog\/wp-content\/uploads\/2018\/04\/ferienhaus-pevensey-bay-mit-hund.jpg\" alt=\"ferienhaus pevensey bay mit hund\" width=\"747\" height=\"558\"\/><\/p>\n<p><strong>Hundefreundlich Ferienhaus in Pevensey Bay am Meer, 3 Schlafzimmern, Schlafgelegenheiten 6<\/strong><\/p>\n<p>Dieses stilvolle Apartment befindet sich direkt am Strand in einer ruhigen Wohngegend in der N\u00e4he des Sovereign Harbour Marina mit einer gro\u00dfen Auswahl an Gesch\u00e4ften, Restaurants, Pubs und Kinos. Der ruhige Strand ist ideal zum Schwimmen, Segeln und Angeln, nur eine kurze Fahrt von der Unterkunft entfernt liegt das Dorf Pevensey mit seiner eigenen Burg. Weiter entlang der K\u00fcste sind die St\u00e4dte Eastbourne und Bexhill-on-Sea. The Towner in Eastbourne ist jetzt eine stilvolle Galerie f\u00fcr zeitgen\u00f6ssische Kunst und sollte man nicht verpassen. F\u00fcr Tierfreunde bietet der Drusilla&#8217;s Zoo in Alfriston einen tollen Familientag &#8230;&#8230;.<\/p>\n<p style=\"text-align: center;\"><a class=\"tidycta\" href=\"https:\/\/www.urlaubcornwall.de\/ferienhaeuser-fewos\/eng\/sussex\/pevensey-bay.html\">Suche Ferienh\u00e4user pevensey<\/a><\/p>\n<p style=\"text-align: center;\">Pers\u00f6nlich inspizierte <a href=\"https:\/\/www.urlaubcornwall.de\/ferienhaeuser\/sussex.php\">Ferienh\u00e4user und Ferienwohnungen in Sussex<\/a> f\u00fcr Ihren Urlaub.<\/p>\n","protected":false},"excerpt":{"rendered":"<p>Hundefreundlich Ferienhaus in Pevensey Bay am Meer, 3 Schlafzimmern, Schlafgelegenheiten 6 Dieses stilvolle Apartment befindet sich direkt am Strand in einer ruhigen Wohngegend in der N\u00e4he des Sovereign Harbour Marina mit einer gro\u00dfen Auswahl an Gesch\u00e4ften, Restaurants, Pubs und Kinos. Der ruhige Strand ist ideal zum Schwimmen, Segeln und Angeln, nur eine kurze Fahrt von [&hellip;]<\/p>\n","protected":false},"author":1,"featured_media":0,"parent":0,"menu_order":0,"comment_status":"closed","ping_status":"closed","template":"single-four.php","meta":[],"acf":[],"yoast_head":"<!-- This site is optimized with the Yoast SEO plugin v19.4 - https:\/\/yoast.com\/wordpress\/plugins\/seo\/ -->\n<title>Strandhaus Pevensey Bay am Meer - Urlaub in Sussex - Urlaub &amp; Reisen<\/title>\n<meta name=\"robots\" content=\"index, follow, max-snippet:-1, max-image-preview:large, max-video-preview:-1\" \/>\n<link rel=\"canonical\" href=\"https:\/\/www.urlaubcornwall.de\/blog\/strandhaus-pevensey-bay-am-meer-urlaub-in-sussex\/\" \/>\n<meta property=\"og:locale\" content=\"en_US\" \/>\n<meta property=\"og:type\" content=\"article\" \/>\n<meta property=\"og:title\" content=\"Strandhaus Pevensey Bay am Meer - Urlaub in Sussex - Urlaub &amp; Reisen\" \/>\n<meta property=\"og:description\" content=\"Hundefreundlich Ferienhaus in Pevensey Bay am Meer, 3 Schlafzimmern, Schlafgelegenheiten 6 Dieses stilvolle Apartment befindet sich direkt am Strand in einer ruhigen Wohngegend in der N\u00e4he des Sovereign Harbour Marina mit einer gro\u00dfen Auswahl an Gesch\u00e4ften, Restaurants, Pubs und Kinos. Der ruhige Strand ist ideal zum Schwimmen, Segeln und Angeln, nur eine kurze Fahrt von [&hellip;]\" \/>\n<meta property=\"og:url\" content=\"https:\/\/www.urlaubcornwall.de\/blog\/strandhaus-pevensey-bay-am-meer-urlaub-in-sussex\/\" \/>\n<meta property=\"og:site_name\" content=\"Urlaub &amp; Reisen\" \/>\n<meta property=\"article:modified_time\" content=\"2021-08-08T09:55:14+00:00\" \/>\n<meta property=\"og:image\" content=\"https:\/\/www.urlaubcornwall.de\/blog\/wp-content\/uploads\/2018\/04\/ferienhaus-pevensey-bay-mit-hund.jpg\" \/>\n<meta name=\"twitter:card\" content=\"summary\" \/>\n<meta name=\"twitter:label1\" content=\"Est. reading time\" \/>\n\t<meta name=\"twitter:data1\" content=\"1 minute\" \/>\n<script type=\"application\/ld+json\" class=\"yoast-schema-graph\">{\"@context\":\"https:\/\/schema.org\",\"@graph\":[{\"@type\":\"WebSite\",\"@id\":\"https:\/\/www.urlaubcornwall.de\/blog\/#website\",\"url\":\"https:\/\/www.urlaubcornwall.de\/blog\/\",\"name\":\"Urlaub &amp; Reisen\",\"description\":\"Urlaub, Reisen, Cornwall und S\u00fcdengland: eine perfekte Kombination\",\"potentialAction\":[{\"@type\":\"SearchAction\",\"target\":{\"@type\":\"EntryPoint\",\"urlTemplate\":\"https:\/\/www.urlaubcornwall.de\/blog\/?s={search_term_string}\"},\"query-input\":\"required name=search_term_string\"}],\"inLanguage\":\"en-US\"},{\"@type\":\"WebPage\",\"@id\":\"https:\/\/www.urlaubcornwall.de\/blog\/strandhaus-pevensey-bay-am-meer-urlaub-in-sussex\/\",\"url\":\"https:\/\/www.urlaubcornwall.de\/blog\/strandhaus-pevensey-bay-am-meer-urlaub-in-sussex\/\",\"name\":\"Strandhaus Pevensey Bay am Meer - Urlaub in Sussex - Urlaub &amp; Reisen\",\"isPartOf\":{\"@id\":\"https:\/\/www.urlaubcornwall.de\/blog\/#website\"},\"datePublished\":\"2018-04-09T16:04:24+00:00\",\"dateModified\":\"2021-08-08T09:55:14+00:00\",\"breadcrumb\":{\"@id\":\"https:\/\/www.urlaubcornwall.de\/blog\/strandhaus-pevensey-bay-am-meer-urlaub-in-sussex\/#breadcrumb\"},\"inLanguage\":\"en-US\",\"potentialAction\":[{\"@type\":\"ReadAction\",\"target\":[\"https:\/\/www.urlaubcornwall.de\/blog\/strandhaus-pevensey-bay-am-meer-urlaub-in-sussex\/\"]}]},{\"@type\":\"BreadcrumbList\",\"@id\":\"https:\/\/www.urlaubcornwall.de\/blog\/strandhaus-pevensey-bay-am-meer-urlaub-in-sussex\/#breadcrumb\",\"itemListElement\":[{\"@type\":\"ListItem\",\"position\":1,\"name\":\"Home\",\"item\":\"https:\/\/www.urlaubcornwall.de\/blog\/\"},{\"@type\":\"ListItem\",\"position\":2,\"name\":\"Strandhaus Pevensey Bay am Meer &#8211; Urlaub in Sussex\"}]}]}<\/script>\n<!-- \/ Yoast SEO plugin. -->","yoast_head_json":{"title":"Strandhaus Pevensey Bay am Meer - Urlaub in Sussex - Urlaub &amp; Reisen","robots":{"index":"index","follow":"follow","max-snippet":"max-snippet:-1","max-image-preview":"max-image-preview:large","max-video-preview":"max-video-preview:-1"},"canonical":"https:\/\/www.urlaubcornwall.de\/blog\/strandhaus-pevensey-bay-am-meer-urlaub-in-sussex\/","og_locale":"en_US","og_type":"article","og_title":"Strandhaus Pevensey Bay am Meer - Urlaub in Sussex - Urlaub &amp; Reisen","og_description":"Hundefreundlich Ferienhaus in Pevensey Bay am Meer, 3 Schlafzimmern, Schlafgelegenheiten 6 Dieses stilvolle Apartment befindet sich direkt am Strand in einer ruhigen Wohngegend in der N\u00e4he des Sovereign Harbour Marina mit einer gro\u00dfen Auswahl an Gesch\u00e4ften, Restaurants, Pubs und Kinos. Der ruhige Strand ist ideal zum Schwimmen, Segeln und Angeln, nur eine kurze Fahrt von [&hellip;]","og_url":"https:\/\/www.urlaubcornwall.de\/blog\/strandhaus-pevensey-bay-am-meer-urlaub-in-sussex\/","og_site_name":"Urlaub &amp; Reisen","article_modified_time":"2021-08-08T09:55:14+00:00","og_image":[{"url":"https:\/\/www.urlaubcornwall.de\/blog\/wp-content\/uploads\/2018\/04\/ferienhaus-pevensey-bay-mit-hund.jpg"}],"twitter_card":"summary","twitter_misc":{"Est. reading time":"1 minute"},"schema":{"@context":"https:\/\/schema.org","@graph":[{"@type":"WebSite","@id":"https:\/\/www.urlaubcornwall.de\/blog\/#website","url":"https:\/\/www.urlaubcornwall.de\/blog\/","name":"Urlaub &amp; Reisen","description":"Urlaub, Reisen, Cornwall und S\u00fcdengland: eine perfekte Kombination","potentialAction":[{"@type":"SearchAction","target":{"@type":"EntryPoint","urlTemplate":"https:\/\/www.urlaubcornwall.de\/blog\/?s={search_term_string}"},"query-input":"required name=search_term_string"}],"inLanguage":"en-US"},{"@type":"WebPage","@id":"https:\/\/www.urlaubcornwall.de\/blog\/strandhaus-pevensey-bay-am-meer-urlaub-in-sussex\/","url":"https:\/\/www.urlaubcornwall.de\/blog\/strandhaus-pevensey-bay-am-meer-urlaub-in-sussex\/","name":"Strandhaus Pevensey Bay am Meer - Urlaub in Sussex - Urlaub &amp; Reisen","isPartOf":{"@id":"https:\/\/www.urlaubcornwall.de\/blog\/#website"},"datePublished":"2018-04-09T16:04:24+00:00","dateModified":"2021-08-08T09:55:14+00:00","breadcrumb":{"@id":"https:\/\/www.urlaubcornwall.de\/blog\/strandhaus-pevensey-bay-am-meer-urlaub-in-sussex\/#breadcrumb"},"inLanguage":"en-US","potentialAction":[{"@type":"ReadAction","target":["https:\/\/www.urlaubcornwall.de\/blog\/strandhaus-pevensey-bay-am-meer-urlaub-in-sussex\/"]}]},{"@type":"BreadcrumbList","@id":"https:\/\/www.urlaubcornwall.de\/blog\/strandhaus-pevensey-bay-am-meer-urlaub-in-sussex\/#breadcrumb","itemListElement":[{"@type":"ListItem","position":1,"name":"Home","item":"https:\/\/www.urlaubcornwall.de\/blog\/"},{"@type":"ListItem","position":2,"name":"Strandhaus Pevensey Bay am Meer &#8211; Urlaub in Sussex"}]}]}},"_links":{"self":[{"href":"https:\/\/www.urlaubcornwall.de\/blog\/wp-json\/wp\/v2\/pages\/33549"}],"collection":[{"href":"https:\/\/www.urlaubcornwall.de\/blog\/wp-json\/wp\/v2\/pages"}],"about":[{"href":"https:\/\/www.urlaubcornwall.de\/blog\/wp-json\/wp\/v2\/types\/page"}],"author":[{"embeddable":true,"href":"https:\/\/www.urlaubcornwall.de\/blog\/wp-json\/wp\/v2\/users\/1"}],"replies":[{"embeddable":true,"href":"https:\/\/www.urlaubcornwall.de\/blog\/wp-json\/wp\/v2\/comments?post=33549"}],"version-history":[{"count":5,"href":"https:\/\/www.urlaubcornwall.de\/blog\/wp-json\/wp\/v2\/pages\/33549\/revisions"}],"predecessor-version":[{"id":42110,"href":"https:\/\/www.urlaubcornwall.de\/blog\/wp-json\/wp\/v2\/pages\/33549\/revisions\/42110"}],"wp:attachment":[{"href":"https:\/\/www.urlaubcornwall.de\/blog\/wp-json\/wp\/v2\/media?parent=33549"}],"curies":[{"name":"wp","href":"https:\/\/api.w.org\/{rel}","templated":true}]}}