{"id":33537,"date":"2018-04-09T08:54:58","date_gmt":"2018-04-09T08:54:58","guid":{"rendered":"https:\/\/www.urlaubcornwall.de\/blog\/?page_id=33537"},"modified":"2019-04-01T14:14:11","modified_gmt":"2019-04-01T14:14:11","slug":"ferienhaus-in-alfriston-mieten-east-sussex","status":"publish","type":"page","link":"https:\/\/www.urlaubcornwall.de\/blog\/ferienhaus-in-alfriston-mieten-east-sussex\/","title":{"rendered":"Ferienhaus in Alfriston mieten &#8211; East Sussex"},"content":{"rendered":"<p><img loading=\"lazy\" class=\"aligncenter size-full wp-image-33538\" src=\"https:\/\/www.urlaubcornwall.de\/blog\/wp-content\/uploads\/2018\/04\/ferienhaus-alfriston.jpg\" alt=\"ferienhaus alfriston\" width=\"747\" height=\"558\"\/><\/p>\n<p><strong>Sch\u00f6ne Ferienhaus in Alfiston, Sussex Downs<\/strong><\/p>\n<p>2 Schlafzimmer, leider keine Haustiere erlaubt, Schlafplatz f\u00fcr 4, An-\/Abreisetag am Freitag<\/p>\n<p>Ein liebevoll restauriertes Tudor-Cottage, das alle seine charmanten Details, einschlie\u00dflich einer Kaminecke und Holzbalken im ganzen Haus, bewahrt und nur wenige Minuten vom South Downs Way entfernt liegt.<\/p>\n<p>Lavender Cottage hat ein sch\u00f6nes Wohnzimmer zum Entspannen und Essen. Die Lounge ist ein wundervoller, gem\u00fctlicher Raum mit einem Kamin in der Mitte. Es gibt ein Gartenzimmer zus\u00e4tzlich auf der R\u00fcckseite des Hauses mit Blick auf den hinteren Innenhof und erh\u00f6hten Garten.<\/p>\n<p>Dieses Ferienhaus hat eine einzigartige Geschichte, als Luciano Pavarotti im Juli und August 1964 in der H\u00fctte wohnte, w\u00e4hrend er die Rolle der Idamente in Mozarts Oper Idameneo im nahegelegenen Glyndebourne spielte und man sieht, warum er dieses herrliche Anwesen geliebt h\u00e4tte!&#8230;..<\/p>\n<p><strong><span class=\"bold_text\">Klicken Sie auf \u201eDetails ansehen\u201c f\u00fcr weitere Informationen in englischer Sprache und buchen Sie online bei unserem Partner Amberley Cottages.<\/span><\/strong><\/p>\n<p style=\"text-align: center;\"><a class=\"tidycta\" href=\"https:\/\/www.urlaubcornwall.de\/ferienhaeuser-fewos\/eng\/sussex\/sussex.html\">Details ansehen<\/a><\/p>\n<p style=\"text-align: center;\">Pers\u00f6nlich inspizierte Ferienh\u00e4user und Ferienwohnungen f\u00fcr Ihren Urlaub.<\/p>\n<p style=\"text-align: center;\"><a href=\"https:\/\/www.urlaubcornwall.de\/ferienhaeuser\/sussex.php\"><strong>\u00dcber 100 Ferienh\u00e4user, Cottages &amp; Ferienwohnungen in Sussex. <\/strong><\/a><\/p>\n","protected":false},"excerpt":{"rendered":"<p>Sch\u00f6ne Ferienhaus in Alfiston, Sussex Downs 2 Schlafzimmer, leider keine Haustiere erlaubt, Schlafplatz f\u00fcr 4, An-\/Abreisetag am Freitag Ein liebevoll restauriertes Tudor-Cottage, das alle seine charmanten Details, einschlie\u00dflich einer Kaminecke und Holzbalken im ganzen Haus, bewahrt und nur wenige Minuten vom South Downs Way entfernt liegt. Lavender Cottage hat ein sch\u00f6nes Wohnzimmer zum Entspannen und [&hellip;]<\/p>\n","protected":false},"author":1,"featured_media":0,"parent":0,"menu_order":0,"comment_status":"closed","ping_status":"closed","template":"single-four.php","meta":[],"acf":[],"yoast_head":"<!-- This site is optimized with the Yoast SEO plugin v19.4 - https:\/\/yoast.com\/wordpress\/plugins\/seo\/ -->\n<title>Ferienhaus in Alfriston mieten - East Sussex - Urlaub &amp; Reisen<\/title>\n<meta name=\"robots\" content=\"index, follow, max-snippet:-1, max-image-preview:large, max-video-preview:-1\" \/>\n<link rel=\"canonical\" href=\"https:\/\/www.urlaubcornwall.de\/blog\/ferienhaus-in-alfriston-mieten-east-sussex\/\" \/>\n<meta property=\"og:locale\" content=\"en_US\" \/>\n<meta property=\"og:type\" content=\"article\" \/>\n<meta property=\"og:title\" content=\"Ferienhaus in Alfriston mieten - East Sussex - Urlaub &amp; Reisen\" \/>\n<meta property=\"og:description\" content=\"Sch\u00f6ne Ferienhaus in Alfiston, Sussex Downs 2 Schlafzimmer, leider keine Haustiere erlaubt, Schlafplatz f\u00fcr 4, An-\/Abreisetag am Freitag Ein liebevoll restauriertes Tudor-Cottage, das alle seine charmanten Details, einschlie\u00dflich einer Kaminecke und Holzbalken im ganzen Haus, bewahrt und nur wenige Minuten vom South Downs Way entfernt liegt. Lavender Cottage hat ein sch\u00f6nes Wohnzimmer zum Entspannen und [&hellip;]\" \/>\n<meta property=\"og:url\" content=\"https:\/\/www.urlaubcornwall.de\/blog\/ferienhaus-in-alfriston-mieten-east-sussex\/\" \/>\n<meta property=\"og:site_name\" content=\"Urlaub &amp; Reisen\" \/>\n<meta property=\"article:modified_time\" content=\"2019-04-01T14:14:11+00:00\" \/>\n<meta property=\"og:image\" content=\"https:\/\/www.urlaubcornwall.de\/blog\/wp-content\/uploads\/2018\/04\/ferienhaus-alfriston.jpg\" \/>\n<meta name=\"twitter:card\" content=\"summary\" \/>\n<meta name=\"twitter:label1\" content=\"Est. reading time\" \/>\n\t<meta name=\"twitter:data1\" content=\"1 minute\" \/>\n<script type=\"application\/ld+json\" class=\"yoast-schema-graph\">{\"@context\":\"https:\/\/schema.org\",\"@graph\":[{\"@type\":\"WebSite\",\"@id\":\"https:\/\/www.urlaubcornwall.de\/blog\/#website\",\"url\":\"https:\/\/www.urlaubcornwall.de\/blog\/\",\"name\":\"Urlaub &amp; Reisen\",\"description\":\"Urlaub, Reisen, Cornwall und S\u00fcdengland: eine perfekte Kombination\",\"potentialAction\":[{\"@type\":\"SearchAction\",\"target\":{\"@type\":\"EntryPoint\",\"urlTemplate\":\"https:\/\/www.urlaubcornwall.de\/blog\/?s={search_term_string}\"},\"query-input\":\"required name=search_term_string\"}],\"inLanguage\":\"en-US\"},{\"@type\":\"WebPage\",\"@id\":\"https:\/\/www.urlaubcornwall.de\/blog\/ferienhaus-in-alfriston-mieten-east-sussex\/\",\"url\":\"https:\/\/www.urlaubcornwall.de\/blog\/ferienhaus-in-alfriston-mieten-east-sussex\/\",\"name\":\"Ferienhaus in Alfriston mieten - East Sussex - Urlaub &amp; Reisen\",\"isPartOf\":{\"@id\":\"https:\/\/www.urlaubcornwall.de\/blog\/#website\"},\"datePublished\":\"2018-04-09T08:54:58+00:00\",\"dateModified\":\"2019-04-01T14:14:11+00:00\",\"breadcrumb\":{\"@id\":\"https:\/\/www.urlaubcornwall.de\/blog\/ferienhaus-in-alfriston-mieten-east-sussex\/#breadcrumb\"},\"inLanguage\":\"en-US\",\"potentialAction\":[{\"@type\":\"ReadAction\",\"target\":[\"https:\/\/www.urlaubcornwall.de\/blog\/ferienhaus-in-alfriston-mieten-east-sussex\/\"]}]},{\"@type\":\"BreadcrumbList\",\"@id\":\"https:\/\/www.urlaubcornwall.de\/blog\/ferienhaus-in-alfriston-mieten-east-sussex\/#breadcrumb\",\"itemListElement\":[{\"@type\":\"ListItem\",\"position\":1,\"name\":\"Home\",\"item\":\"https:\/\/www.urlaubcornwall.de\/blog\/\"},{\"@type\":\"ListItem\",\"position\":2,\"name\":\"Ferienhaus in Alfriston mieten &#8211; East Sussex\"}]}]}<\/script>\n<!-- \/ Yoast SEO plugin. -->","yoast_head_json":{"title":"Ferienhaus in Alfriston mieten - East Sussex - Urlaub &amp; Reisen","robots":{"index":"index","follow":"follow","max-snippet":"max-snippet:-1","max-image-preview":"max-image-preview:large","max-video-preview":"max-video-preview:-1"},"canonical":"https:\/\/www.urlaubcornwall.de\/blog\/ferienhaus-in-alfriston-mieten-east-sussex\/","og_locale":"en_US","og_type":"article","og_title":"Ferienhaus in Alfriston mieten - East Sussex - Urlaub &amp; Reisen","og_description":"Sch\u00f6ne Ferienhaus in Alfiston, Sussex Downs 2 Schlafzimmer, leider keine Haustiere erlaubt, Schlafplatz f\u00fcr 4, An-\/Abreisetag am Freitag Ein liebevoll restauriertes Tudor-Cottage, das alle seine charmanten Details, einschlie\u00dflich einer Kaminecke und Holzbalken im ganzen Haus, bewahrt und nur wenige Minuten vom South Downs Way entfernt liegt. Lavender Cottage hat ein sch\u00f6nes Wohnzimmer zum Entspannen und [&hellip;]","og_url":"https:\/\/www.urlaubcornwall.de\/blog\/ferienhaus-in-alfriston-mieten-east-sussex\/","og_site_name":"Urlaub &amp; Reisen","article_modified_time":"2019-04-01T14:14:11+00:00","og_image":[{"url":"https:\/\/www.urlaubcornwall.de\/blog\/wp-content\/uploads\/2018\/04\/ferienhaus-alfriston.jpg"}],"twitter_card":"summary","twitter_misc":{"Est. reading time":"1 minute"},"schema":{"@context":"https:\/\/schema.org","@graph":[{"@type":"WebSite","@id":"https:\/\/www.urlaubcornwall.de\/blog\/#website","url":"https:\/\/www.urlaubcornwall.de\/blog\/","name":"Urlaub &amp; Reisen","description":"Urlaub, Reisen, Cornwall und S\u00fcdengland: eine perfekte Kombination","potentialAction":[{"@type":"SearchAction","target":{"@type":"EntryPoint","urlTemplate":"https:\/\/www.urlaubcornwall.de\/blog\/?s={search_term_string}"},"query-input":"required name=search_term_string"}],"inLanguage":"en-US"},{"@type":"WebPage","@id":"https:\/\/www.urlaubcornwall.de\/blog\/ferienhaus-in-alfriston-mieten-east-sussex\/","url":"https:\/\/www.urlaubcornwall.de\/blog\/ferienhaus-in-alfriston-mieten-east-sussex\/","name":"Ferienhaus in Alfriston mieten - East Sussex - Urlaub &amp; Reisen","isPartOf":{"@id":"https:\/\/www.urlaubcornwall.de\/blog\/#website"},"datePublished":"2018-04-09T08:54:58+00:00","dateModified":"2019-04-01T14:14:11+00:00","breadcrumb":{"@id":"https:\/\/www.urlaubcornwall.de\/blog\/ferienhaus-in-alfriston-mieten-east-sussex\/#breadcrumb"},"inLanguage":"en-US","potentialAction":[{"@type":"ReadAction","target":["https:\/\/www.urlaubcornwall.de\/blog\/ferienhaus-in-alfriston-mieten-east-sussex\/"]}]},{"@type":"BreadcrumbList","@id":"https:\/\/www.urlaubcornwall.de\/blog\/ferienhaus-in-alfriston-mieten-east-sussex\/#breadcrumb","itemListElement":[{"@type":"ListItem","position":1,"name":"Home","item":"https:\/\/www.urlaubcornwall.de\/blog\/"},{"@type":"ListItem","position":2,"name":"Ferienhaus in Alfriston mieten &#8211; East Sussex"}]}]}},"_links":{"self":[{"href":"https:\/\/www.urlaubcornwall.de\/blog\/wp-json\/wp\/v2\/pages\/33537"}],"collection":[{"href":"https:\/\/www.urlaubcornwall.de\/blog\/wp-json\/wp\/v2\/pages"}],"about":[{"href":"https:\/\/www.urlaubcornwall.de\/blog\/wp-json\/wp\/v2\/types\/page"}],"author":[{"embeddable":true,"href":"https:\/\/www.urlaubcornwall.de\/blog\/wp-json\/wp\/v2\/users\/1"}],"replies":[{"embeddable":true,"href":"https:\/\/www.urlaubcornwall.de\/blog\/wp-json\/wp\/v2\/comments?post=33537"}],"version-history":[{"count":3,"href":"https:\/\/www.urlaubcornwall.de\/blog\/wp-json\/wp\/v2\/pages\/33537\/revisions"}],"predecessor-version":[{"id":37059,"href":"https:\/\/www.urlaubcornwall.de\/blog\/wp-json\/wp\/v2\/pages\/33537\/revisions\/37059"}],"wp:attachment":[{"href":"https:\/\/www.urlaubcornwall.de\/blog\/wp-json\/wp\/v2\/media?parent=33537"}],"curies":[{"name":"wp","href":"https:\/\/api.w.org\/{rel}","templated":true}]}}