{"id":33473,"date":"2018-04-04T09:28:04","date_gmt":"2018-04-04T09:28:04","guid":{"rendered":"https:\/\/www.urlaubcornwall.de\/blog\/?page_id=33473"},"modified":"2021-09-17T12:50:30","modified_gmt":"2021-09-17T12:50:30","slug":"schoene-ferienhaus-fort-william-mieten","status":"publish","type":"page","link":"https:\/\/www.urlaubcornwall.de\/blog\/schoene-ferienhaus-fort-william-mieten\/","title":{"rendered":"Sch\u00f6ne Ferienhaus in Fort William mieten"},"content":{"rendered":"<p><img loading=\"lazy\" class=\"aligncenter size-full wp-image-33476\" src=\"https:\/\/www.urlaubcornwall.de\/blog\/wp-content\/uploads\/2018\/04\/ferienhaus-fort-william-mieten.jpg\" alt=\"ferienhaus fort william mieten\" width=\"748\" height=\"558\"\/><\/p>\n<p><strong>Ferienhaus in Fort William mit 2 Schlafzimmern, Schlafgelegenheiten 4<\/strong><\/p>\n<p>Wundersch\u00f6n gelegen in erh\u00f6hter Lage mit Panoramablick. Dieses halb freistehende, moderne Ferienhaus grenzt an das Haus des Besitzers und bietet einen herrlichen Blick nach S\u00fcden \u00fcber das Tal bis nach Loch Linnhe und Ben Nevis. F\u00fcnf Meilen vom Zentrum des historischen Fort William entfernt liegt es an der ber\u00fchmten Stra\u00dfe zu den Inseln und ist am westlichen Ende des Caledonian Canal, wo Boote von Neptun&#8217;s Staircase auf Meeresh\u00f6he absteigen.<\/p>\n<p style=\"text-align: center;\"><a class=\"tidycta\" href=\"https:\/\/www.urlaubcornwall.de\/ferienhaeuser-fewos\/sco\/nordhighlands-und-inseln\/fort-william.html\">Suche Ferienh\u00e4user Fort William<\/a><\/p>\n<p style=\"text-align: center;\">Pers\u00f6nlich inspizierte Ferienh\u00e4user und Ferienwohnungen f\u00fcr Ihren <a href=\"https:\/\/www.urlaubcornwall.de\/ferienhaeuser\/schottland.php\">Urlaub in Schottland<\/a>.<\/p>\n","protected":false},"excerpt":{"rendered":"<p>Ferienhaus in Fort William mit 2 Schlafzimmern, Schlafgelegenheiten 4 Wundersch\u00f6n gelegen in erh\u00f6hter Lage mit Panoramablick. Dieses halb freistehende, moderne Ferienhaus grenzt an das Haus des Besitzers und bietet einen herrlichen Blick nach S\u00fcden \u00fcber das Tal bis nach Loch Linnhe und Ben Nevis. F\u00fcnf Meilen vom Zentrum des historischen Fort William entfernt liegt es [&hellip;]<\/p>\n","protected":false},"author":1,"featured_media":0,"parent":0,"menu_order":0,"comment_status":"closed","ping_status":"closed","template":"single-four.php","meta":[],"acf":[],"yoast_head":"<!-- This site is optimized with the Yoast SEO plugin v19.4 - https:\/\/yoast.com\/wordpress\/plugins\/seo\/ -->\n<title>Sch\u00f6ne Ferienhaus in Fort William mieten - Urlaub &amp; Reisen<\/title>\n<meta name=\"description\" content=\"Wundersch\u00f6n gelegen in erh\u00f6hter Lage mit Panoramablick. Dieses halb freistehende, moderne Ferienhaus grenzt an das Haus des Besitzers und bietet einen herrlichen Blick nach S\u00fcden \u00fcber das Tal bis nach Loch Linnhe und Ben Nevis. F\u00fcnf Meilen vom Zentrum des historischen Fort William entfernt liegt es an der ber\u00fchmten Stra\u00dfe zu den Inseln und ist am westlichen Ende des Caledonian Canal, wo Boote von Neptun&#039;s Staircase auf Meeresh\u00f6he absteigen.\" \/>\n<meta name=\"robots\" content=\"index, follow, max-snippet:-1, max-image-preview:large, max-video-preview:-1\" \/>\n<link rel=\"canonical\" href=\"https:\/\/www.urlaubcornwall.de\/blog\/schoene-ferienhaus-fort-william-mieten\/\" \/>\n<meta property=\"og:locale\" content=\"en_US\" \/>\n<meta property=\"og:type\" content=\"article\" \/>\n<meta property=\"og:title\" content=\"Sch\u00f6ne Ferienhaus in Fort William mieten - Urlaub &amp; Reisen\" \/>\n<meta property=\"og:description\" content=\"Wundersch\u00f6n gelegen in erh\u00f6hter Lage mit Panoramablick. Dieses halb freistehende, moderne Ferienhaus grenzt an das Haus des Besitzers und bietet einen herrlichen Blick nach S\u00fcden \u00fcber das Tal bis nach Loch Linnhe und Ben Nevis. F\u00fcnf Meilen vom Zentrum des historischen Fort William entfernt liegt es an der ber\u00fchmten Stra\u00dfe zu den Inseln und ist am westlichen Ende des Caledonian Canal, wo Boote von Neptun&#039;s Staircase auf Meeresh\u00f6he absteigen.\" \/>\n<meta property=\"og:url\" content=\"https:\/\/www.urlaubcornwall.de\/blog\/schoene-ferienhaus-fort-william-mieten\/\" \/>\n<meta property=\"og:site_name\" content=\"Urlaub &amp; Reisen\" \/>\n<meta property=\"article:modified_time\" content=\"2021-09-17T12:50:30+00:00\" \/>\n<meta property=\"og:image\" content=\"https:\/\/www.urlaubcornwall.de\/blog\/wp-content\/uploads\/2018\/04\/ferienhaus-fort-william-mieten.jpg\" \/>\n<meta name=\"twitter:card\" content=\"summary\" \/>\n<meta name=\"twitter:label1\" content=\"Est. reading time\" \/>\n\t<meta name=\"twitter:data1\" content=\"1 minute\" \/>\n<script type=\"application\/ld+json\" class=\"yoast-schema-graph\">{\"@context\":\"https:\/\/schema.org\",\"@graph\":[{\"@type\":\"WebSite\",\"@id\":\"https:\/\/www.urlaubcornwall.de\/blog\/#website\",\"url\":\"https:\/\/www.urlaubcornwall.de\/blog\/\",\"name\":\"Urlaub &amp; Reisen\",\"description\":\"Urlaub, Reisen, Cornwall und S\u00fcdengland: eine perfekte Kombination\",\"potentialAction\":[{\"@type\":\"SearchAction\",\"target\":{\"@type\":\"EntryPoint\",\"urlTemplate\":\"https:\/\/www.urlaubcornwall.de\/blog\/?s={search_term_string}\"},\"query-input\":\"required name=search_term_string\"}],\"inLanguage\":\"en-US\"},{\"@type\":\"WebPage\",\"@id\":\"https:\/\/www.urlaubcornwall.de\/blog\/schoene-ferienhaus-fort-william-mieten\/\",\"url\":\"https:\/\/www.urlaubcornwall.de\/blog\/schoene-ferienhaus-fort-william-mieten\/\",\"name\":\"Sch\u00f6ne Ferienhaus in Fort William mieten - Urlaub &amp; Reisen\",\"isPartOf\":{\"@id\":\"https:\/\/www.urlaubcornwall.de\/blog\/#website\"},\"datePublished\":\"2018-04-04T09:28:04+00:00\",\"dateModified\":\"2021-09-17T12:50:30+00:00\",\"description\":\"Wundersch\u00f6n gelegen in erh\u00f6hter Lage mit Panoramablick. Dieses halb freistehende, moderne Ferienhaus grenzt an das Haus des Besitzers und bietet einen herrlichen Blick nach S\u00fcden \u00fcber das Tal bis nach Loch Linnhe und Ben Nevis. F\u00fcnf Meilen vom Zentrum des historischen Fort William entfernt liegt es an der ber\u00fchmten Stra\u00dfe zu den Inseln und ist am westlichen Ende des Caledonian Canal, wo Boote von Neptun's Staircase auf Meeresh\u00f6he absteigen.\",\"breadcrumb\":{\"@id\":\"https:\/\/www.urlaubcornwall.de\/blog\/schoene-ferienhaus-fort-william-mieten\/#breadcrumb\"},\"inLanguage\":\"en-US\",\"potentialAction\":[{\"@type\":\"ReadAction\",\"target\":[\"https:\/\/www.urlaubcornwall.de\/blog\/schoene-ferienhaus-fort-william-mieten\/\"]}]},{\"@type\":\"BreadcrumbList\",\"@id\":\"https:\/\/www.urlaubcornwall.de\/blog\/schoene-ferienhaus-fort-william-mieten\/#breadcrumb\",\"itemListElement\":[{\"@type\":\"ListItem\",\"position\":1,\"name\":\"Home\",\"item\":\"https:\/\/www.urlaubcornwall.de\/blog\/\"},{\"@type\":\"ListItem\",\"position\":2,\"name\":\"Sch\u00f6ne Ferienhaus in Fort William mieten\"}]}]}<\/script>\n<!-- \/ Yoast SEO plugin. -->","yoast_head_json":{"title":"Sch\u00f6ne Ferienhaus in Fort William mieten - Urlaub &amp; Reisen","description":"Wundersch\u00f6n gelegen in erh\u00f6hter Lage mit Panoramablick. Dieses halb freistehende, moderne Ferienhaus grenzt an das Haus des Besitzers und bietet einen herrlichen Blick nach S\u00fcden \u00fcber das Tal bis nach Loch Linnhe und Ben Nevis. F\u00fcnf Meilen vom Zentrum des historischen Fort William entfernt liegt es an der ber\u00fchmten Stra\u00dfe zu den Inseln und ist am westlichen Ende des Caledonian Canal, wo Boote von Neptun's Staircase auf Meeresh\u00f6he absteigen.","robots":{"index":"index","follow":"follow","max-snippet":"max-snippet:-1","max-image-preview":"max-image-preview:large","max-video-preview":"max-video-preview:-1"},"canonical":"https:\/\/www.urlaubcornwall.de\/blog\/schoene-ferienhaus-fort-william-mieten\/","og_locale":"en_US","og_type":"article","og_title":"Sch\u00f6ne Ferienhaus in Fort William mieten - Urlaub &amp; Reisen","og_description":"Wundersch\u00f6n gelegen in erh\u00f6hter Lage mit Panoramablick. Dieses halb freistehende, moderne Ferienhaus grenzt an das Haus des Besitzers und bietet einen herrlichen Blick nach S\u00fcden \u00fcber das Tal bis nach Loch Linnhe und Ben Nevis. F\u00fcnf Meilen vom Zentrum des historischen Fort William entfernt liegt es an der ber\u00fchmten Stra\u00dfe zu den Inseln und ist am westlichen Ende des Caledonian Canal, wo Boote von Neptun's Staircase auf Meeresh\u00f6he absteigen.","og_url":"https:\/\/www.urlaubcornwall.de\/blog\/schoene-ferienhaus-fort-william-mieten\/","og_site_name":"Urlaub &amp; Reisen","article_modified_time":"2021-09-17T12:50:30+00:00","og_image":[{"url":"https:\/\/www.urlaubcornwall.de\/blog\/wp-content\/uploads\/2018\/04\/ferienhaus-fort-william-mieten.jpg"}],"twitter_card":"summary","twitter_misc":{"Est. reading time":"1 minute"},"schema":{"@context":"https:\/\/schema.org","@graph":[{"@type":"WebSite","@id":"https:\/\/www.urlaubcornwall.de\/blog\/#website","url":"https:\/\/www.urlaubcornwall.de\/blog\/","name":"Urlaub &amp; Reisen","description":"Urlaub, Reisen, Cornwall und S\u00fcdengland: eine perfekte Kombination","potentialAction":[{"@type":"SearchAction","target":{"@type":"EntryPoint","urlTemplate":"https:\/\/www.urlaubcornwall.de\/blog\/?s={search_term_string}"},"query-input":"required name=search_term_string"}],"inLanguage":"en-US"},{"@type":"WebPage","@id":"https:\/\/www.urlaubcornwall.de\/blog\/schoene-ferienhaus-fort-william-mieten\/","url":"https:\/\/www.urlaubcornwall.de\/blog\/schoene-ferienhaus-fort-william-mieten\/","name":"Sch\u00f6ne Ferienhaus in Fort William mieten - Urlaub &amp; Reisen","isPartOf":{"@id":"https:\/\/www.urlaubcornwall.de\/blog\/#website"},"datePublished":"2018-04-04T09:28:04+00:00","dateModified":"2021-09-17T12:50:30+00:00","description":"Wundersch\u00f6n gelegen in erh\u00f6hter Lage mit Panoramablick. Dieses halb freistehende, moderne Ferienhaus grenzt an das Haus des Besitzers und bietet einen herrlichen Blick nach S\u00fcden \u00fcber das Tal bis nach Loch Linnhe und Ben Nevis. F\u00fcnf Meilen vom Zentrum des historischen Fort William entfernt liegt es an der ber\u00fchmten Stra\u00dfe zu den Inseln und ist am westlichen Ende des Caledonian Canal, wo Boote von Neptun's Staircase auf Meeresh\u00f6he absteigen.","breadcrumb":{"@id":"https:\/\/www.urlaubcornwall.de\/blog\/schoene-ferienhaus-fort-william-mieten\/#breadcrumb"},"inLanguage":"en-US","potentialAction":[{"@type":"ReadAction","target":["https:\/\/www.urlaubcornwall.de\/blog\/schoene-ferienhaus-fort-william-mieten\/"]}]},{"@type":"BreadcrumbList","@id":"https:\/\/www.urlaubcornwall.de\/blog\/schoene-ferienhaus-fort-william-mieten\/#breadcrumb","itemListElement":[{"@type":"ListItem","position":1,"name":"Home","item":"https:\/\/www.urlaubcornwall.de\/blog\/"},{"@type":"ListItem","position":2,"name":"Sch\u00f6ne Ferienhaus in Fort William mieten"}]}]}},"_links":{"self":[{"href":"https:\/\/www.urlaubcornwall.de\/blog\/wp-json\/wp\/v2\/pages\/33473"}],"collection":[{"href":"https:\/\/www.urlaubcornwall.de\/blog\/wp-json\/wp\/v2\/pages"}],"about":[{"href":"https:\/\/www.urlaubcornwall.de\/blog\/wp-json\/wp\/v2\/types\/page"}],"author":[{"embeddable":true,"href":"https:\/\/www.urlaubcornwall.de\/blog\/wp-json\/wp\/v2\/users\/1"}],"replies":[{"embeddable":true,"href":"https:\/\/www.urlaubcornwall.de\/blog\/wp-json\/wp\/v2\/comments?post=33473"}],"version-history":[{"count":4,"href":"https:\/\/www.urlaubcornwall.de\/blog\/wp-json\/wp\/v2\/pages\/33473\/revisions"}],"predecessor-version":[{"id":42924,"href":"https:\/\/www.urlaubcornwall.de\/blog\/wp-json\/wp\/v2\/pages\/33473\/revisions\/42924"}],"wp:attachment":[{"href":"https:\/\/www.urlaubcornwall.de\/blog\/wp-json\/wp\/v2\/media?parent=33473"}],"curies":[{"name":"wp","href":"https:\/\/api.w.org\/{rel}","templated":true}]}}