{"id":33425,"date":"2018-03-29T10:30:47","date_gmt":"2018-03-29T10:30:47","guid":{"rendered":"https:\/\/www.urlaubcornwall.de\/blog\/?page_id=33425"},"modified":"2024-04-12T10:46:54","modified_gmt":"2024-04-12T10:46:54","slug":"hotel-angebote-in-torquay-finden-und-buchung-sie-die-besten-hotels-in-devon","status":"publish","type":"page","link":"https:\/\/www.urlaubcornwall.de\/blog\/hotel-angebote-in-torquay-finden-und-buchung-sie-die-besten-hotels-in-devon\/","title":{"rendered":"Hotel Sonderangebote in Torquay &#8211; Finden und buchung Sie die besten Hotels in Devon."},"content":{"rendered":"<p style=\"text-align: left;\"><img loading=\"lazy\" class=\"aligncenter size-full wp-image-47875\" src=\"https:\/\/www.urlaubcornwall.de\/blog\/wp-content\/uploads\/2024\/03\/torquay.jpg\" alt=\"torquay\" width=\"750\" height=\"500\" srcset=\"https:\/\/www.urlaubcornwall.de\/blog\/wp-content\/uploads\/2024\/03\/torquay.jpg 750w, https:\/\/www.urlaubcornwall.de\/blog\/wp-content\/uploads\/2024\/03\/torquay-300x200.jpg 300w\" sizes=\"(max-width: 750px) 100vw, 750px\" \/><\/p>\n<p style=\"text-align: left;\"><strong>Hotel Sonderangebote in Torquay &amp; die Englische Riviera &#8211; <\/strong>In viktorianischen Zeiten wurde Torbay &amp; Torquay zum ersten Mal als \u201eEnglische Riviera\u201c bezeichnet, dank der Besucher, die es mit Wohlwollen mit der Franz\u00f6sischen Riviera verglichen. Wobei die gesamte Gegend schon davor f\u00fcr seine atemberaubende Aussicht und sein warmes Klima Beliebtheit genoss. Mit der Er\u00f6ffnung der Eisenbahn erfreute sich Torbay eines Besucherwachstums und ist bis heute ein beliebtes Reiseziel geblieben.<\/p>\n<p style=\"text-align: left;\">Unsere Auswahl an Unterk\u00fcnften beinhaltet nur die besten Hotels, die Devon zu bieten hat, und zwar an den Orten, die Sie in Ihrem Urlaub besuchen m\u00f6chten.<\/p>\n<p><ins class=\"bookingaff\" data-aid=\"1705873\" data-target_aid=\"1705873\" data-prod=\"map\" data-width=\"100%\" data-height=\"590\" data-lang=\"ualng\" data-dest_id=\"0\" data-dest_type=\"landmark\" data-latitude=\"50.4619209\" data-longitude=\"-3.525315\" data-landmark_name=\"Die Besten Hotels und B&amp;amp;BS in Torquay\" data-mwhsb=\"1\"><br \/>\n    <!-- Anything inside will go away once widget is loaded. --><br \/>\n        <a href=\"\/\/www.booking.com?aid=1705873\"rel=\"nofollow\">Booking.com<\/a><br \/>\n<\/ins><br \/>\n<script type=\"text\/javascript\">\n    (function(d, sc, u) {\n      var s = d.createElement(sc), p = d.getElementsByTagName(sc)[0];\n      s.type = 'text\/javascript';\n      s.async = true;\n      s.src = u + '?v=' + (+new Date());\n      p.parentNode.insertBefore(s,p);\n      })(document, 'script', '\/\/aff.bstatic.com\/static\/affiliate_base\/js\/flexiproduct.js');\n<\/script><\/p>\n<h1><a href=\"https:\/\/www.booking.com\/hotel\/gb\/the-grand-hotel-torquay.html?aid=1320750&amp;no_rooms=1&amp;group_adults=2&amp;room1=A%2CA\" rel=\"nofollow\"><span style=\"text-decoration: underline;\"><strong>Das Grand Luxus-Hotel am Meer \u2013 4 Sterne<\/strong><\/span><\/a><\/h1>\n<p>Diese Unterkunft ist 2 Gehminuten vom Strand entfernt. An der englischen Riviera begr\u00fc\u00dft Sie das mit 4 Sternen ausgezeichnete Grand Hotel, das Sie mit seiner herrlichen Aussicht \u00fcber die Bucht begeistern wird. Freuen Sie sich hier auf ein Restaurant, das mit einer AA-Rosette ausgezeichnet wurde, und einen Fitnessraum. Erholsame Momente versprechen auch die Innen- und Au\u00dfenpools sowie ein Wellnesscenter mit einem Sch\u00f6nheitssalon&#8230;&#8230;.<a href=\"https:\/\/www.booking.com\/hotel\/gb\/the-grand-hotel-torquay.html?aid=1320750&amp;no_rooms=1&amp;group_adults=2&amp;room1=A%2CA\" rel=\"nofollow\">[Mehr]<\/a><\/p>\n<h1><a href=\"https:\/\/www.booking.com\/hotel\/gb\/imperial-devon.html?aid=1320750&amp;no_rooms=1&amp;group_adults=2&amp;room1=A%2CA\" rel=\"nofollow\"><span style=\"text-decoration: underline;\"><strong>Das Imperial Hotel &amp; Spa \u2013 4 Sterne Luxushotel mit Meerblick<\/strong><\/span><\/a><\/h1>\n<p>Diese Unterkunft ist 2 Gehminuten vom Strand entfernt. Dieses Hotel im mediterranen Stil aus dem Jahre 1866 mit spektakul\u00e4rer Aussicht \u00fcber die Bucht liegt nur 10 Gehminuten vom Stadtzentrum von Torquay entfernt. Es bietet gro\u00dfe, helle Zimmer, Pools und ein Fitnesscenter&#8230;&#8230;<a href=\"https:\/\/www.booking.com\/hotel\/gb\/imperial-devon.html?aid=1320750&amp;no_rooms=1&amp;group_adults=2&amp;room1=A%2CA\" rel=\"nofollow\">[Mehr]<\/a><\/p>\n<h1><a href=\"https:\/\/www.booking.com\/hotel\/gb\/lincombe-hall-torquay.html?aid=1320750&amp;no_rooms=1&amp;group_adults=2&amp;room1=A%2CA\" rel=\"nofollow\"><span style=\"text-decoration: underline;\"><strong> Lincombe Hall Strandhotel \u2013 4 Sterne am Meer<\/strong><\/span><\/a><\/h1>\n<p>Diese Unterkunft ist 7 Gehminuten vom Strand entfernt. Das Lincombe Hall Hotel erhielt die Auszeichnung South Devon Hotel of the Year. Das Hotel ist Erwachsenen vorbehalten und befindet sich nur wenige Gehminuten vom Hafen und Yachthafen von Torquay entfernt. Nach einer umfassenden Renovierung im Jahr 2012 mit einem Umfang von insgesamt GBP 1 Million bietet das Hotel beheizte Innen- und Au\u00dfenpools, jeweils mit Whirlpools, sowie kostenfreies WLAN in allen Bereichen&#8230;&#8230;.<a href=\"https:\/\/www.booking.com\/hotel\/gb\/lincombe-hall-torquay.html?aid=1320750&amp;no_rooms=1&amp;group_adults=2&amp;room1=A%2CA\" rel=\"nofollow\">[Mehr]<\/a><\/p>\n<h1><a href=\"https:\/\/www.booking.com\/hotel\/gb\/osborne-hotel-the.html?aid=1320750&amp;no_rooms=1&amp;group_adults=2&amp;room1=A%2CA\" rel=\"nofollow\"><span style=\"text-decoration: underline;\"><strong>4 Sterne Osborne Hotel am Strand<\/strong><\/span><\/a><\/h1>\n<p>Diese Unterkunft ist 1 Gehminute vom Strand entfernt. Das Osborne Hotel mit einem herrlichen Blick \u00fcber Tor Bay begr\u00fc\u00dft Sie mit einem modernen Fitnesscenter, einem Au\u00dfenpool und einer gr\u00fcnen Sonnenterrasse. Das Hotel befindet sich auf einem 2,4 ha gro\u00dfen Grundst\u00fcck, das zum Meadfoot Beach f\u00fchrt&#8230;&#8230;..<a href=\"https:\/\/www.booking.com\/hotel\/gb\/osborne-hotel-the.html?aid=1320750&amp;no_rooms=1&amp;group_adults=2&amp;room1=A%2CA\" rel=\"nofollow\">[Mehr]<\/a><\/p>\n<h1><a href=\"https:\/\/www.booking.com\/hotel\/gb\/grosvenor-torquay.html?aid=1320750&amp;no_rooms=1&amp;group_adults=2&amp;room1=A%2\" rel=\"nofollow\"><span style=\"text-decoration: underline;\"><strong>The Grosvenor \u2013 3 Sterne Hotel am Strand<\/strong><\/span><\/a><\/h1>\n<p>Diese Unterkunft ist 3 Gehminuten vom Strand entfernt. Nur 3 Gehminuten vom Sandstrand Torbay entfernt erwartet Sie das 3-Sterne-Haus Grosvenor Hotel mit 2 Swimmingpools, einer Whirlpool-Badewanne, einem Kinderspielzimmer, kostenfreiem WLAN in den \u00f6ffentlichen Bereichen und wundersch\u00f6n angelegten G\u00e4rten. Das Stadtzentrum von Torquay und den Yachthafen erreichen Sie nach nur 2 Fahrminuten vom Hotel&#8230;&#8230;.<a href=\"https:\/\/www.booking.com\/hotel\/gb\/grosvenor-torquay.html?aid=1320750&amp;no_rooms=1&amp;group_adults=2&amp;room1=A%2C\" rel=\"nofollow\">[Mehr]<\/a><\/p>\n<h1><a href=\"https:\/\/www.booking.com\/hotel\/gb\/the-livermead-cliff.html?aid=1320750&amp;no_rooms=1&amp;group_adults=2&amp;room1=A%2CA\" rel=\"nofollow\"><span style=\"text-decoration: underline;\"><strong> 3 * Livermead Cliff Hotel mit Meerblick<\/strong><\/span><\/a><\/h1>\n<p>Diese Unterkunft ist 1 Gehminute vom Strand entfernt. Das familiengef\u00fchrte Best Western Hotel zeichnet sich durch die Klippenlage und den privaten Zugang zum abgeschiedenen Sandstrand Livermead aus. Von der stimmungsvoll beleuchteten Terrasse mit Sitzbereich k\u00f6nnen Sie weit \u00fcbers Meer schauen. WLAN und private Parkpl\u00e4tze stehen kostenfrei zur Verf\u00fcgung&#8230;&#8230;.<a href=\"https:\/\/www.booking.com\/hotel\/gb\/the-livermead-cliff.html?aid=1320750&amp;no_rooms=1&amp;group_adults=2&amp;room1=A%2CA\" rel=\"nofollow\">[Mehr]<\/a><\/p>\n<h1><a href=\"https:\/\/www.booking.com\/hotel\/gb\/the-heritage.html?aid=1320750&amp;no_rooms=1&amp;group_adults=2&amp;room1=A%2CA\" rel=\"nofollow\"><span style=\"text-decoration: underline;\"><strong>Heritage Hotel \u2013 G\u00fcnstig Hotel am Meer<\/strong><\/span><\/a><\/h1>\n<p>Diese Unterkunft ist 2 Gehminuten vom Strand entfernt. Das The Heritage Hotel in Torquay mit Blick auf die Bucht befindet sich etwa 180 m vom Strand Torre Abbey Sands entfernt. Freuen Sie sich auf eine lebhafte Bar und ein Restaurant mit einer gro\u00dfen nach S\u00fcden ausgerichteten Sonnenterrasse. An das Hotel ist au\u00dferdem ein Fitnesscenter mit einem Innenpool, einer Sauna und einem Fitnessraum angeschlossen. W\u00e4hrend Ihres Aufenthalts im Hotel profitieren Sie vom Zugang gegen eine geringe Geb\u00fchr&#8230;&#8230;.<a href=\"https:\/\/www.booking.com\/hotel\/gb\/the-heritage.html?aid=1320750&amp;no_rooms=1&amp;group_adults=2&amp;room1=A%2CA\" rel=\"nofollow\">[Mehr]<\/a><\/p>\n<h1 style=\"text-align: center;\"><strong>Bei uns finden Sie Ferienh\u00e4user zum Verlieben \u2013 so einfach ist das!<\/strong><\/h1>\n<p style=\"text-align: center;\">UrlaubCornwall verf\u00fcgt Ferienh\u00e4user und Ferienwohnungen f\u00fcr Ihren <a href=\"https:\/\/www.urlaubcornwall.de\/reiseziel\/suedengland.php\">Urlaub in Sudengland<\/a>. Unterk\u00fcnfte der Spitzenklasse f\u00fcr 2 Personen, Familien und Gruppen mit 4, 6, 8, 10 oder 12 G\u00e4sten.<\/p>\n<p style=\"text-align: center;\"><strong>&nbsp;<\/strong><a class=\"tidycta\" href=\"https:\/\/www.urlaubcornwall.de\/reiseziel\/suedengland.php\">Suche Ferienh\u00e4user Sudengland<\/a><\/p>\n\n","protected":false},"excerpt":{"rendered":"<p>Hotel Sonderangebote in Torquay &amp; die Englische Riviera &#8211; In viktorianischen Zeiten wurde Torbay &amp; Torquay zum ersten Mal als \u201eEnglische Riviera\u201c bezeichnet, dank der Besucher, die es mit Wohlwollen mit der Franz\u00f6sischen Riviera verglichen. Wobei die gesamte Gegend schon davor f\u00fcr seine atemberaubende Aussicht und sein warmes Klima Beliebtheit genoss. Mit der Er\u00f6ffnung der [&hellip;]<\/p>\n","protected":false},"author":1,"featured_media":0,"parent":0,"menu_order":0,"comment_status":"closed","ping_status":"closed","template":"single-four.php","meta":[],"acf":[],"yoast_head":"<!-- This site is optimized with the Yoast SEO plugin v19.4 - https:\/\/yoast.com\/wordpress\/plugins\/seo\/ -->\n<title>Hotel Sonderangebote in Torquay - Finden und buchung Sie die besten Hotels in Devon. - Urlaub &amp; Reisen<\/title>\n<meta name=\"robots\" content=\"index, follow, max-snippet:-1, max-image-preview:large, max-video-preview:-1\" \/>\n<link rel=\"canonical\" href=\"https:\/\/www.urlaubcornwall.de\/blog\/hotel-angebote-in-torquay-finden-und-buchung-sie-die-besten-hotels-in-devon\/\" \/>\n<meta property=\"og:locale\" content=\"en_US\" \/>\n<meta property=\"og:type\" content=\"article\" \/>\n<meta property=\"og:title\" content=\"Hotel Sonderangebote in Torquay - Finden und buchung Sie die besten Hotels in Devon. - Urlaub &amp; Reisen\" \/>\n<meta property=\"og:description\" content=\"Hotel Sonderangebote in Torquay &amp; die Englische Riviera &#8211; In viktorianischen Zeiten wurde Torbay &amp; Torquay zum ersten Mal als \u201eEnglische Riviera\u201c bezeichnet, dank der Besucher, die es mit Wohlwollen mit der Franz\u00f6sischen Riviera verglichen. Wobei die gesamte Gegend schon davor f\u00fcr seine atemberaubende Aussicht und sein warmes Klima Beliebtheit genoss. Mit der Er\u00f6ffnung der [&hellip;]\" \/>\n<meta property=\"og:url\" content=\"https:\/\/www.urlaubcornwall.de\/blog\/hotel-angebote-in-torquay-finden-und-buchung-sie-die-besten-hotels-in-devon\/\" \/>\n<meta property=\"og:site_name\" content=\"Urlaub &amp; Reisen\" \/>\n<meta property=\"article:modified_time\" content=\"2024-04-12T10:46:54+00:00\" \/>\n<meta property=\"og:image\" content=\"https:\/\/www.urlaubcornwall.de\/blog\/wp-content\/uploads\/2024\/03\/torquay.jpg\" \/>\n<meta name=\"twitter:card\" content=\"summary\" \/>\n<meta name=\"twitter:label1\" content=\"Est. reading time\" \/>\n\t<meta name=\"twitter:data1\" content=\"3 minutes\" \/>\n<script type=\"application\/ld+json\" class=\"yoast-schema-graph\">{\"@context\":\"https:\/\/schema.org\",\"@graph\":[{\"@type\":\"WebSite\",\"@id\":\"https:\/\/www.urlaubcornwall.de\/blog\/#website\",\"url\":\"https:\/\/www.urlaubcornwall.de\/blog\/\",\"name\":\"Urlaub &amp; Reisen\",\"description\":\"Urlaub, Reisen, Cornwall und S\u00fcdengland: eine perfekte Kombination\",\"potentialAction\":[{\"@type\":\"SearchAction\",\"target\":{\"@type\":\"EntryPoint\",\"urlTemplate\":\"https:\/\/www.urlaubcornwall.de\/blog\/?s={search_term_string}\"},\"query-input\":\"required name=search_term_string\"}],\"inLanguage\":\"en-US\"},{\"@type\":\"WebPage\",\"@id\":\"https:\/\/www.urlaubcornwall.de\/blog\/hotel-angebote-in-torquay-finden-und-buchung-sie-die-besten-hotels-in-devon\/\",\"url\":\"https:\/\/www.urlaubcornwall.de\/blog\/hotel-angebote-in-torquay-finden-und-buchung-sie-die-besten-hotels-in-devon\/\",\"name\":\"Hotel Sonderangebote in Torquay - Finden und buchung Sie die besten Hotels in Devon. - Urlaub &amp; Reisen\",\"isPartOf\":{\"@id\":\"https:\/\/www.urlaubcornwall.de\/blog\/#website\"},\"datePublished\":\"2018-03-29T10:30:47+00:00\",\"dateModified\":\"2024-04-12T10:46:54+00:00\",\"breadcrumb\":{\"@id\":\"https:\/\/www.urlaubcornwall.de\/blog\/hotel-angebote-in-torquay-finden-und-buchung-sie-die-besten-hotels-in-devon\/#breadcrumb\"},\"inLanguage\":\"en-US\",\"potentialAction\":[{\"@type\":\"ReadAction\",\"target\":[\"https:\/\/www.urlaubcornwall.de\/blog\/hotel-angebote-in-torquay-finden-und-buchung-sie-die-besten-hotels-in-devon\/\"]}]},{\"@type\":\"BreadcrumbList\",\"@id\":\"https:\/\/www.urlaubcornwall.de\/blog\/hotel-angebote-in-torquay-finden-und-buchung-sie-die-besten-hotels-in-devon\/#breadcrumb\",\"itemListElement\":[{\"@type\":\"ListItem\",\"position\":1,\"name\":\"Home\",\"item\":\"https:\/\/www.urlaubcornwall.de\/blog\/\"},{\"@type\":\"ListItem\",\"position\":2,\"name\":\"Hotel Sonderangebote in Torquay &#8211; Finden und buchung Sie die besten Hotels in Devon.\"}]}]}<\/script>\n<!-- \/ Yoast SEO plugin. -->","yoast_head_json":{"title":"Hotel Sonderangebote in Torquay - Finden und buchung Sie die besten Hotels in Devon. - Urlaub &amp; Reisen","robots":{"index":"index","follow":"follow","max-snippet":"max-snippet:-1","max-image-preview":"max-image-preview:large","max-video-preview":"max-video-preview:-1"},"canonical":"https:\/\/www.urlaubcornwall.de\/blog\/hotel-angebote-in-torquay-finden-und-buchung-sie-die-besten-hotels-in-devon\/","og_locale":"en_US","og_type":"article","og_title":"Hotel Sonderangebote in Torquay - Finden und buchung Sie die besten Hotels in Devon. - Urlaub &amp; Reisen","og_description":"Hotel Sonderangebote in Torquay &amp; die Englische Riviera &#8211; In viktorianischen Zeiten wurde Torbay &amp; Torquay zum ersten Mal als \u201eEnglische Riviera\u201c bezeichnet, dank der Besucher, die es mit Wohlwollen mit der Franz\u00f6sischen Riviera verglichen. Wobei die gesamte Gegend schon davor f\u00fcr seine atemberaubende Aussicht und sein warmes Klima Beliebtheit genoss. Mit der Er\u00f6ffnung der [&hellip;]","og_url":"https:\/\/www.urlaubcornwall.de\/blog\/hotel-angebote-in-torquay-finden-und-buchung-sie-die-besten-hotels-in-devon\/","og_site_name":"Urlaub &amp; Reisen","article_modified_time":"2024-04-12T10:46:54+00:00","og_image":[{"url":"https:\/\/www.urlaubcornwall.de\/blog\/wp-content\/uploads\/2024\/03\/torquay.jpg"}],"twitter_card":"summary","twitter_misc":{"Est. reading time":"3 minutes"},"schema":{"@context":"https:\/\/schema.org","@graph":[{"@type":"WebSite","@id":"https:\/\/www.urlaubcornwall.de\/blog\/#website","url":"https:\/\/www.urlaubcornwall.de\/blog\/","name":"Urlaub &amp; Reisen","description":"Urlaub, Reisen, Cornwall und S\u00fcdengland: eine perfekte Kombination","potentialAction":[{"@type":"SearchAction","target":{"@type":"EntryPoint","urlTemplate":"https:\/\/www.urlaubcornwall.de\/blog\/?s={search_term_string}"},"query-input":"required name=search_term_string"}],"inLanguage":"en-US"},{"@type":"WebPage","@id":"https:\/\/www.urlaubcornwall.de\/blog\/hotel-angebote-in-torquay-finden-und-buchung-sie-die-besten-hotels-in-devon\/","url":"https:\/\/www.urlaubcornwall.de\/blog\/hotel-angebote-in-torquay-finden-und-buchung-sie-die-besten-hotels-in-devon\/","name":"Hotel Sonderangebote in Torquay - Finden und buchung Sie die besten Hotels in Devon. - Urlaub &amp; Reisen","isPartOf":{"@id":"https:\/\/www.urlaubcornwall.de\/blog\/#website"},"datePublished":"2018-03-29T10:30:47+00:00","dateModified":"2024-04-12T10:46:54+00:00","breadcrumb":{"@id":"https:\/\/www.urlaubcornwall.de\/blog\/hotel-angebote-in-torquay-finden-und-buchung-sie-die-besten-hotels-in-devon\/#breadcrumb"},"inLanguage":"en-US","potentialAction":[{"@type":"ReadAction","target":["https:\/\/www.urlaubcornwall.de\/blog\/hotel-angebote-in-torquay-finden-und-buchung-sie-die-besten-hotels-in-devon\/"]}]},{"@type":"BreadcrumbList","@id":"https:\/\/www.urlaubcornwall.de\/blog\/hotel-angebote-in-torquay-finden-und-buchung-sie-die-besten-hotels-in-devon\/#breadcrumb","itemListElement":[{"@type":"ListItem","position":1,"name":"Home","item":"https:\/\/www.urlaubcornwall.de\/blog\/"},{"@type":"ListItem","position":2,"name":"Hotel Sonderangebote in Torquay &#8211; Finden und buchung Sie die besten Hotels in Devon."}]}]}},"_links":{"self":[{"href":"https:\/\/www.urlaubcornwall.de\/blog\/wp-json\/wp\/v2\/pages\/33425"}],"collection":[{"href":"https:\/\/www.urlaubcornwall.de\/blog\/wp-json\/wp\/v2\/pages"}],"about":[{"href":"https:\/\/www.urlaubcornwall.de\/blog\/wp-json\/wp\/v2\/types\/page"}],"author":[{"embeddable":true,"href":"https:\/\/www.urlaubcornwall.de\/blog\/wp-json\/wp\/v2\/users\/1"}],"replies":[{"embeddable":true,"href":"https:\/\/www.urlaubcornwall.de\/blog\/wp-json\/wp\/v2\/comments?post=33425"}],"version-history":[{"count":4,"href":"https:\/\/www.urlaubcornwall.de\/blog\/wp-json\/wp\/v2\/pages\/33425\/revisions"}],"predecessor-version":[{"id":49275,"href":"https:\/\/www.urlaubcornwall.de\/blog\/wp-json\/wp\/v2\/pages\/33425\/revisions\/49275"}],"wp:attachment":[{"href":"https:\/\/www.urlaubcornwall.de\/blog\/wp-json\/wp\/v2\/media?parent=33425"}],"curies":[{"name":"wp","href":"https:\/\/api.w.org\/{rel}","templated":true}]}}