{"id":33388,"date":"2018-03-27T15:39:53","date_gmt":"2018-03-27T15:39:53","guid":{"rendered":"https:\/\/www.urlaubcornwall.de\/blog\/?page_id=33388"},"modified":"2019-02-15T15:50:27","modified_gmt":"2019-02-15T15:50:27","slug":"romantische-bed-and-breakfasts-in-st-ives","status":"publish","type":"page","link":"https:\/\/www.urlaubcornwall.de\/blog\/romantische-bed-and-breakfasts-in-st-ives\/","title":{"rendered":"Romantische Bed and Breakfasts in St Ives"},"content":{"rendered":"<p><img loading=\"lazy\" class=\"aligncenter size-full wp-image-26507\" src=\"https:\/\/www.urlaubcornwall.de\/blog\/wp-content\/uploads\/2016\/05\/hotel-St-Ives.jpg\" alt=\"bed breakfast cornwall \" width=\"748\" height=\"349\" srcset=\"https:\/\/www.urlaubcornwall.de\/blog\/wp-content\/uploads\/2016\/05\/hotel-St-Ives.jpg 745w, https:\/\/www.urlaubcornwall.de\/blog\/wp-content\/uploads\/2016\/05\/hotel-St-Ives-300x141.jpg 300w\" sizes=\"(max-width: 748px) 100vw, 748px\" \/><br \/>\nUnsere Auswahl der besten B&amp;B in St Ives f\u00fcr Ihren <a href=\"https:\/\/www.urlaubcornwall.de\/reiseziel\/cornwall.php\">Urlaub in Cornwall<\/a> &#8211; St Ives ist einzigartig und ungvergleichbar mit irgendeinem anderen Ort Britanniens. Dies r\u00fchrt her von seiner Fischertradition, dem Kunsterbe und der Tourismusindustrie. Sein Hafen ist typisch cornisch; auch hat es wunderbare Sandstr\u00e4nde und zahlreiche Kunstgalerien, einschlie\u00dflich der Tate St Ives. Die gepflasterten Gassen und Wege haben faszinierende Namen, wie zum Beispiel Salubrious Terrace, Teetotal Street und The Digey, die allesamt zum Charme von St Ives beitragen.<\/p>\n<h1><a href=\"https:\/\/www.booking.com\/hotel\/gb\/halwell-lodge.html?aid=1320750&amp;no_rooms=1&amp;group_adults=1\" rel=\"nofollow\"><strong>Hallwell Lodge<\/strong><\/a><\/h1>\n<p><img loading=\"lazy\" class=\"aligncenter size-full wp-image-33389\" src=\"https:\/\/www.urlaubcornwall.de\/blog\/wp-content\/uploads\/2018\/03\/romantische-bed-breakfast-st-ives-cornwall.jpg\" alt=\"romantische bed breakfast st ives cornwall\" width=\"745\" height=\"559\" srcset=\"https:\/\/www.urlaubcornwall.de\/blog\/wp-content\/uploads\/2018\/03\/romantische-bed-breakfast-st-ives-cornwall.jpg 745w, https:\/\/www.urlaubcornwall.de\/blog\/wp-content\/uploads\/2018\/03\/romantische-bed-breakfast-st-ives-cornwall-300x225.jpg 300w\" sizes=\"(max-width: 745px) 100vw, 745px\" \/><br \/>\nDie Halwell Lodge ist ein qualitativ hochwertiges Bed &amp; Breakfast, das Sie 11 Fahrminuten von St Ives entfernt empf\u00e4ngt. In diesem wundersch\u00f6nen K\u00fcstenort befindet sich der West Cornwall Golf Club, den Sie nach einem 10-min\u00fctigen Spaziergang erreichen. Die Halwell Lodge bietet Ihnen stilvolle Unterk\u00fcnfte mit eigenem Bad sowie kostenfreie Parkpl\u00e4tze und WLAN&#8230;..<a href=\"https:\/\/www.booking.com\/hotel\/gb\/halwell-lodge.html?aid=1320750&amp;no_rooms=1&amp;group_adults=1\" rel=\"nofollow\">[ Mehr ]<\/a><br \/>\n<ins class=\"bookingaff\" data-aid=\"1705344\" data-target_aid=\"1705344\" data-prod=\"map\" data-width=\"100%\" data-height=\"590\" data-lang=\"ualng\" data-dest_id=\"0\" data-dest_type=\"landmark\" data-latitude=\"50.2083858\" data-longitude=\"-5.4908864\" data-mwhsb=\"1\"><br \/>\n    <!-- Anything inside will go away once widget is loaded. --><br \/>\n        <a href=\"\/\/www.booking.com?aid=1705344\" rel=\"nofollow\">Booking.com<\/a><br \/>\n<\/ins><br \/>\n<script type=\"text\/javascript\">\n    (function(d, sc, u) {\n      var s = d.createElement(sc), p = d.getElementsByTagName(sc)[0];\n      s.type = 'text\/javascript';\n      s.async = true;\n      s.src = u + '?v=' + (+new Date());\n      p.parentNode.insertBefore(s,p);\n      })(document, 'script', '\/\/aff.bstatic.com\/static\/affiliate_base\/js\/flexiproduct.js');\n<\/script><\/p>\n","protected":false},"excerpt":{"rendered":"<p>Unsere Auswahl der besten B&amp;B in St Ives f\u00fcr Ihren Urlaub in Cornwall &#8211; St Ives ist einzigartig und ungvergleichbar mit irgendeinem anderen Ort Britanniens. Dies r\u00fchrt her von seiner Fischertradition, dem Kunsterbe und der Tourismusindustrie. Sein Hafen ist typisch cornisch; auch hat es wunderbare Sandstr\u00e4nde und zahlreiche Kunstgalerien, einschlie\u00dflich der Tate St Ives. Die [&hellip;]<\/p>\n","protected":false},"author":1,"featured_media":0,"parent":0,"menu_order":0,"comment_status":"closed","ping_status":"closed","template":"single-four.php","meta":[],"acf":[],"yoast_head":"<!-- This site is optimized with the Yoast SEO plugin v19.4 - https:\/\/yoast.com\/wordpress\/plugins\/seo\/ -->\n<title>Romantische Bed and Breakfasts in St Ives - Urlaub &amp; Reisen<\/title>\n<meta name=\"robots\" content=\"index, follow, max-snippet:-1, max-image-preview:large, max-video-preview:-1\" \/>\n<link rel=\"canonical\" href=\"https:\/\/www.urlaubcornwall.de\/blog\/romantische-bed-and-breakfasts-in-st-ives\/\" \/>\n<meta property=\"og:locale\" content=\"en_US\" \/>\n<meta property=\"og:type\" content=\"article\" \/>\n<meta property=\"og:title\" content=\"Romantische Bed and Breakfasts in St Ives - Urlaub &amp; Reisen\" \/>\n<meta property=\"og:description\" content=\"Unsere Auswahl der besten B&amp;B in St Ives f\u00fcr Ihren Urlaub in Cornwall &#8211; St Ives ist einzigartig und ungvergleichbar mit irgendeinem anderen Ort Britanniens. Dies r\u00fchrt her von seiner Fischertradition, dem Kunsterbe und der Tourismusindustrie. Sein Hafen ist typisch cornisch; auch hat es wunderbare Sandstr\u00e4nde und zahlreiche Kunstgalerien, einschlie\u00dflich der Tate St Ives. Die [&hellip;]\" \/>\n<meta property=\"og:url\" content=\"https:\/\/www.urlaubcornwall.de\/blog\/romantische-bed-and-breakfasts-in-st-ives\/\" \/>\n<meta property=\"og:site_name\" content=\"Urlaub &amp; Reisen\" \/>\n<meta property=\"article:modified_time\" content=\"2019-02-15T15:50:27+00:00\" \/>\n<meta property=\"og:image\" content=\"https:\/\/www.urlaubcornwall.de\/blog\/wp-content\/uploads\/2016\/05\/hotel-St-Ives.jpg\" \/>\n<meta name=\"twitter:card\" content=\"summary\" \/>\n<meta name=\"twitter:label1\" content=\"Est. reading time\" \/>\n\t<meta name=\"twitter:data1\" content=\"1 minute\" \/>\n<script type=\"application\/ld+json\" class=\"yoast-schema-graph\">{\"@context\":\"https:\/\/schema.org\",\"@graph\":[{\"@type\":\"WebSite\",\"@id\":\"https:\/\/www.urlaubcornwall.de\/blog\/#website\",\"url\":\"https:\/\/www.urlaubcornwall.de\/blog\/\",\"name\":\"Urlaub &amp; Reisen\",\"description\":\"Urlaub, Reisen, Cornwall und S\u00fcdengland: eine perfekte Kombination\",\"potentialAction\":[{\"@type\":\"SearchAction\",\"target\":{\"@type\":\"EntryPoint\",\"urlTemplate\":\"https:\/\/www.urlaubcornwall.de\/blog\/?s={search_term_string}\"},\"query-input\":\"required name=search_term_string\"}],\"inLanguage\":\"en-US\"},{\"@type\":\"WebPage\",\"@id\":\"https:\/\/www.urlaubcornwall.de\/blog\/romantische-bed-and-breakfasts-in-st-ives\/\",\"url\":\"https:\/\/www.urlaubcornwall.de\/blog\/romantische-bed-and-breakfasts-in-st-ives\/\",\"name\":\"Romantische Bed and Breakfasts in St Ives - Urlaub &amp; Reisen\",\"isPartOf\":{\"@id\":\"https:\/\/www.urlaubcornwall.de\/blog\/#website\"},\"datePublished\":\"2018-03-27T15:39:53+00:00\",\"dateModified\":\"2019-02-15T15:50:27+00:00\",\"breadcrumb\":{\"@id\":\"https:\/\/www.urlaubcornwall.de\/blog\/romantische-bed-and-breakfasts-in-st-ives\/#breadcrumb\"},\"inLanguage\":\"en-US\",\"potentialAction\":[{\"@type\":\"ReadAction\",\"target\":[\"https:\/\/www.urlaubcornwall.de\/blog\/romantische-bed-and-breakfasts-in-st-ives\/\"]}]},{\"@type\":\"BreadcrumbList\",\"@id\":\"https:\/\/www.urlaubcornwall.de\/blog\/romantische-bed-and-breakfasts-in-st-ives\/#breadcrumb\",\"itemListElement\":[{\"@type\":\"ListItem\",\"position\":1,\"name\":\"Home\",\"item\":\"https:\/\/www.urlaubcornwall.de\/blog\/\"},{\"@type\":\"ListItem\",\"position\":2,\"name\":\"Romantische Bed and Breakfasts in St Ives\"}]}]}<\/script>\n<!-- \/ Yoast SEO plugin. -->","yoast_head_json":{"title":"Romantische Bed and Breakfasts in St Ives - Urlaub &amp; Reisen","robots":{"index":"index","follow":"follow","max-snippet":"max-snippet:-1","max-image-preview":"max-image-preview:large","max-video-preview":"max-video-preview:-1"},"canonical":"https:\/\/www.urlaubcornwall.de\/blog\/romantische-bed-and-breakfasts-in-st-ives\/","og_locale":"en_US","og_type":"article","og_title":"Romantische Bed and Breakfasts in St Ives - Urlaub &amp; Reisen","og_description":"Unsere Auswahl der besten B&amp;B in St Ives f\u00fcr Ihren Urlaub in Cornwall &#8211; St Ives ist einzigartig und ungvergleichbar mit irgendeinem anderen Ort Britanniens. Dies r\u00fchrt her von seiner Fischertradition, dem Kunsterbe und der Tourismusindustrie. Sein Hafen ist typisch cornisch; auch hat es wunderbare Sandstr\u00e4nde und zahlreiche Kunstgalerien, einschlie\u00dflich der Tate St Ives. Die [&hellip;]","og_url":"https:\/\/www.urlaubcornwall.de\/blog\/romantische-bed-and-breakfasts-in-st-ives\/","og_site_name":"Urlaub &amp; Reisen","article_modified_time":"2019-02-15T15:50:27+00:00","og_image":[{"url":"https:\/\/www.urlaubcornwall.de\/blog\/wp-content\/uploads\/2016\/05\/hotel-St-Ives.jpg"}],"twitter_card":"summary","twitter_misc":{"Est. reading time":"1 minute"},"schema":{"@context":"https:\/\/schema.org","@graph":[{"@type":"WebSite","@id":"https:\/\/www.urlaubcornwall.de\/blog\/#website","url":"https:\/\/www.urlaubcornwall.de\/blog\/","name":"Urlaub &amp; Reisen","description":"Urlaub, Reisen, Cornwall und S\u00fcdengland: eine perfekte Kombination","potentialAction":[{"@type":"SearchAction","target":{"@type":"EntryPoint","urlTemplate":"https:\/\/www.urlaubcornwall.de\/blog\/?s={search_term_string}"},"query-input":"required name=search_term_string"}],"inLanguage":"en-US"},{"@type":"WebPage","@id":"https:\/\/www.urlaubcornwall.de\/blog\/romantische-bed-and-breakfasts-in-st-ives\/","url":"https:\/\/www.urlaubcornwall.de\/blog\/romantische-bed-and-breakfasts-in-st-ives\/","name":"Romantische Bed and Breakfasts in St Ives - Urlaub &amp; Reisen","isPartOf":{"@id":"https:\/\/www.urlaubcornwall.de\/blog\/#website"},"datePublished":"2018-03-27T15:39:53+00:00","dateModified":"2019-02-15T15:50:27+00:00","breadcrumb":{"@id":"https:\/\/www.urlaubcornwall.de\/blog\/romantische-bed-and-breakfasts-in-st-ives\/#breadcrumb"},"inLanguage":"en-US","potentialAction":[{"@type":"ReadAction","target":["https:\/\/www.urlaubcornwall.de\/blog\/romantische-bed-and-breakfasts-in-st-ives\/"]}]},{"@type":"BreadcrumbList","@id":"https:\/\/www.urlaubcornwall.de\/blog\/romantische-bed-and-breakfasts-in-st-ives\/#breadcrumb","itemListElement":[{"@type":"ListItem","position":1,"name":"Home","item":"https:\/\/www.urlaubcornwall.de\/blog\/"},{"@type":"ListItem","position":2,"name":"Romantische Bed and Breakfasts in St Ives"}]}]}},"_links":{"self":[{"href":"https:\/\/www.urlaubcornwall.de\/blog\/wp-json\/wp\/v2\/pages\/33388"}],"collection":[{"href":"https:\/\/www.urlaubcornwall.de\/blog\/wp-json\/wp\/v2\/pages"}],"about":[{"href":"https:\/\/www.urlaubcornwall.de\/blog\/wp-json\/wp\/v2\/types\/page"}],"author":[{"embeddable":true,"href":"https:\/\/www.urlaubcornwall.de\/blog\/wp-json\/wp\/v2\/users\/1"}],"replies":[{"embeddable":true,"href":"https:\/\/www.urlaubcornwall.de\/blog\/wp-json\/wp\/v2\/comments?post=33388"}],"version-history":[{"count":5,"href":"https:\/\/www.urlaubcornwall.de\/blog\/wp-json\/wp\/v2\/pages\/33388\/revisions"}],"predecessor-version":[{"id":36223,"href":"https:\/\/www.urlaubcornwall.de\/blog\/wp-json\/wp\/v2\/pages\/33388\/revisions\/36223"}],"wp:attachment":[{"href":"https:\/\/www.urlaubcornwall.de\/blog\/wp-json\/wp\/v2\/media?parent=33388"}],"curies":[{"name":"wp","href":"https:\/\/api.w.org\/{rel}","templated":true}]}}