{"id":32830,"date":"2018-03-19T14:31:12","date_gmt":"2018-03-19T14:31:12","guid":{"rendered":"https:\/\/www.urlaubcornwall.de\/blog\/?page_id=32830"},"modified":"2021-09-17T11:01:40","modified_gmt":"2021-09-17T11:01:40","slug":"ferienhaus-anglesey-mit-hund-mieten","status":"publish","type":"page","link":"https:\/\/www.urlaubcornwall.de\/blog\/ferienhaus-anglesey-mit-hund-mieten\/","title":{"rendered":"Ferienhaus Anglesey mit Hund mieten"},"content":{"rendered":"<p><img loading=\"lazy\" class=\"aligncenter size-full wp-image-32831\" src=\"https:\/\/www.urlaubcornwall.de\/blog\/wp-content\/uploads\/2018\/03\/ferienhaus-anglesey-mit-hund-mieten.jpg\" alt=\"ferienhaus anglesey mit hund mieten\" width=\"749\" height=\"503\" srcset=\"https:\/\/www.urlaubcornwall.de\/blog\/wp-content\/uploads\/2018\/03\/ferienhaus-anglesey-mit-hund-mieten.jpg 748w, https:\/\/www.urlaubcornwall.de\/blog\/wp-content\/uploads\/2018\/03\/ferienhaus-anglesey-mit-hund-mieten-300x202.jpg 300w\" sizes=\"(max-width: 749px) 100vw, 749px\" \/><br \/>\n<strong>Hundefreundlich Ferienhaus in Bodorgan mit 2 Schlafzimmern, Schlafgelegenheiten 6<\/strong><\/p>\n<p>Ein komfortables Ferienhaus mit Blick auf die Landschaft und Sandstr\u00e4nde in der N\u00e4he. Das Anwesen genie\u00dft eine erh\u00f6hte Lage mit weitreichender Aussicht. Es ist eine k\u00fcrzlich hinzugef\u00fcgte Erg\u00e4nzung zu dem kleinen, ruhigen, familiengef\u00fchrten Camping- und Caravanpark, der die perfekte Basis f\u00fcr Familien und Freunde bildet, um die Sch\u00f6nheit von Anglesey zu erkunden. Der Name ist walisisch f\u00fcr The Cottage und grenzt an das Bauernhaus des Eigent\u00fcmers. Ob Sie eine ruhige Gr\u00fcnfl\u00e4che oder die unvergleichliche Sch\u00f6nheit unserer hoch aufragenden Klippen suchen, Anglesey denkt wirklich an jeden. Wandern Sie entlang der K\u00fcste mit Sandd\u00fcnen, Buchten und Flussm\u00fcndungen oder reisen Sie landeinw\u00e4rts, um Seen und W\u00e4lder zu entdecken.<\/p>\n<p style=\"text-align: center;\"><a class=\"tidycta\" href=\"https:\/\/www.urlaubcornwall.de\/ferienhaeuser-fewos\/wal\/nordwales\/anglesey-hundefreundlich.html\">Suche Ferienh\u00e4user Anglesey<\/a><\/p>\n<p style=\"text-align: center;\">Pers\u00f6nlich inspizierte Ferienh\u00e4user und Ferienwohnungen f\u00fcr Ihren Urlaub.<\/p>\n<p style=\"text-align: center;\"><a href=\"https:\/\/www.urlaubcornwall.de\/ferienhaeuser-fewos\/wal\/wales-hundefreundlich.html\"><strong>Ferienh\u00e4user, Cottages &amp; Ferienwohnungen in Wales mit Hund<\/strong><\/a><\/p>\n","protected":false},"excerpt":{"rendered":"<p>Hundefreundlich Ferienhaus in Bodorgan mit 2 Schlafzimmern, Schlafgelegenheiten 6 Ein komfortables Ferienhaus mit Blick auf die Landschaft und Sandstr\u00e4nde in der N\u00e4he. Das Anwesen genie\u00dft eine erh\u00f6hte Lage mit weitreichender Aussicht. Es ist eine k\u00fcrzlich hinzugef\u00fcgte Erg\u00e4nzung zu dem kleinen, ruhigen, familiengef\u00fchrten Camping- und Caravanpark, der die perfekte Basis f\u00fcr Familien und Freunde bildet, um [&hellip;]<\/p>\n","protected":false},"author":1,"featured_media":0,"parent":0,"menu_order":0,"comment_status":"closed","ping_status":"closed","template":"single-four.php","meta":[],"acf":[],"yoast_head":"<!-- This site is optimized with the Yoast SEO plugin v19.4 - https:\/\/yoast.com\/wordpress\/plugins\/seo\/ -->\n<title>Ferienhaus Anglesey mit Hund mieten - Urlaub &amp; Reisen<\/title>\n<meta name=\"description\" content=\"Ein komfortables Ferienhaus mit Blick auf die Landschaft und Sandstr\u00e4nde in der N\u00e4he. Das Anwesen genie\u00dft eine erh\u00f6hte Lage mit weitreichender Aussicht. Es ist eine k\u00fcrzlich hinzugef\u00fcgte Erg\u00e4nzung zu dem kleinen, ruhigen, familiengef\u00fchrten Camping- und Caravanpark, der die perfekte Basis f\u00fcr Familien und Freunde bildet\" \/>\n<meta name=\"robots\" content=\"index, follow, max-snippet:-1, max-image-preview:large, max-video-preview:-1\" \/>\n<link rel=\"canonical\" href=\"https:\/\/www.urlaubcornwall.de\/blog\/ferienhaus-anglesey-mit-hund-mieten\/\" \/>\n<meta property=\"og:locale\" content=\"en_US\" \/>\n<meta property=\"og:type\" content=\"article\" \/>\n<meta property=\"og:title\" content=\"Ferienhaus Anglesey mit Hund mieten - Urlaub &amp; Reisen\" \/>\n<meta property=\"og:description\" content=\"Ein komfortables Ferienhaus mit Blick auf die Landschaft und Sandstr\u00e4nde in der N\u00e4he. Das Anwesen genie\u00dft eine erh\u00f6hte Lage mit weitreichender Aussicht. Es ist eine k\u00fcrzlich hinzugef\u00fcgte Erg\u00e4nzung zu dem kleinen, ruhigen, familiengef\u00fchrten Camping- und Caravanpark, der die perfekte Basis f\u00fcr Familien und Freunde bildet\" \/>\n<meta property=\"og:url\" content=\"https:\/\/www.urlaubcornwall.de\/blog\/ferienhaus-anglesey-mit-hund-mieten\/\" \/>\n<meta property=\"og:site_name\" content=\"Urlaub &amp; Reisen\" \/>\n<meta property=\"article:modified_time\" content=\"2021-09-17T11:01:40+00:00\" \/>\n<meta property=\"og:image\" content=\"https:\/\/www.urlaubcornwall.de\/blog\/wp-content\/uploads\/2018\/03\/ferienhaus-anglesey-mit-hund-mieten.jpg\" \/>\n<meta name=\"twitter:card\" content=\"summary\" \/>\n<meta name=\"twitter:label1\" content=\"Est. reading time\" \/>\n\t<meta name=\"twitter:data1\" content=\"1 minute\" \/>\n<script type=\"application\/ld+json\" class=\"yoast-schema-graph\">{\"@context\":\"https:\/\/schema.org\",\"@graph\":[{\"@type\":\"WebSite\",\"@id\":\"https:\/\/www.urlaubcornwall.de\/blog\/#website\",\"url\":\"https:\/\/www.urlaubcornwall.de\/blog\/\",\"name\":\"Urlaub &amp; Reisen\",\"description\":\"Urlaub, Reisen, Cornwall und S\u00fcdengland: eine perfekte Kombination\",\"potentialAction\":[{\"@type\":\"SearchAction\",\"target\":{\"@type\":\"EntryPoint\",\"urlTemplate\":\"https:\/\/www.urlaubcornwall.de\/blog\/?s={search_term_string}\"},\"query-input\":\"required name=search_term_string\"}],\"inLanguage\":\"en-US\"},{\"@type\":\"WebPage\",\"@id\":\"https:\/\/www.urlaubcornwall.de\/blog\/ferienhaus-anglesey-mit-hund-mieten\/\",\"url\":\"https:\/\/www.urlaubcornwall.de\/blog\/ferienhaus-anglesey-mit-hund-mieten\/\",\"name\":\"Ferienhaus Anglesey mit Hund mieten - Urlaub &amp; Reisen\",\"isPartOf\":{\"@id\":\"https:\/\/www.urlaubcornwall.de\/blog\/#website\"},\"datePublished\":\"2018-03-19T14:31:12+00:00\",\"dateModified\":\"2021-09-17T11:01:40+00:00\",\"description\":\"Ein komfortables Ferienhaus mit Blick auf die Landschaft und Sandstr\u00e4nde in der N\u00e4he. Das Anwesen genie\u00dft eine erh\u00f6hte Lage mit weitreichender Aussicht. Es ist eine k\u00fcrzlich hinzugef\u00fcgte Erg\u00e4nzung zu dem kleinen, ruhigen, familiengef\u00fchrten Camping- und Caravanpark, der die perfekte Basis f\u00fcr Familien und Freunde bildet\",\"breadcrumb\":{\"@id\":\"https:\/\/www.urlaubcornwall.de\/blog\/ferienhaus-anglesey-mit-hund-mieten\/#breadcrumb\"},\"inLanguage\":\"en-US\",\"potentialAction\":[{\"@type\":\"ReadAction\",\"target\":[\"https:\/\/www.urlaubcornwall.de\/blog\/ferienhaus-anglesey-mit-hund-mieten\/\"]}]},{\"@type\":\"BreadcrumbList\",\"@id\":\"https:\/\/www.urlaubcornwall.de\/blog\/ferienhaus-anglesey-mit-hund-mieten\/#breadcrumb\",\"itemListElement\":[{\"@type\":\"ListItem\",\"position\":1,\"name\":\"Home\",\"item\":\"https:\/\/www.urlaubcornwall.de\/blog\/\"},{\"@type\":\"ListItem\",\"position\":2,\"name\":\"Ferienhaus Anglesey mit Hund mieten\"}]}]}<\/script>\n<!-- \/ Yoast SEO plugin. -->","yoast_head_json":{"title":"Ferienhaus Anglesey mit Hund mieten - Urlaub &amp; Reisen","description":"Ein komfortables Ferienhaus mit Blick auf die Landschaft und Sandstr\u00e4nde in der N\u00e4he. Das Anwesen genie\u00dft eine erh\u00f6hte Lage mit weitreichender Aussicht. Es ist eine k\u00fcrzlich hinzugef\u00fcgte Erg\u00e4nzung zu dem kleinen, ruhigen, familiengef\u00fchrten Camping- und Caravanpark, der die perfekte Basis f\u00fcr Familien und Freunde bildet","robots":{"index":"index","follow":"follow","max-snippet":"max-snippet:-1","max-image-preview":"max-image-preview:large","max-video-preview":"max-video-preview:-1"},"canonical":"https:\/\/www.urlaubcornwall.de\/blog\/ferienhaus-anglesey-mit-hund-mieten\/","og_locale":"en_US","og_type":"article","og_title":"Ferienhaus Anglesey mit Hund mieten - Urlaub &amp; Reisen","og_description":"Ein komfortables Ferienhaus mit Blick auf die Landschaft und Sandstr\u00e4nde in der N\u00e4he. Das Anwesen genie\u00dft eine erh\u00f6hte Lage mit weitreichender Aussicht. Es ist eine k\u00fcrzlich hinzugef\u00fcgte Erg\u00e4nzung zu dem kleinen, ruhigen, familiengef\u00fchrten Camping- und Caravanpark, der die perfekte Basis f\u00fcr Familien und Freunde bildet","og_url":"https:\/\/www.urlaubcornwall.de\/blog\/ferienhaus-anglesey-mit-hund-mieten\/","og_site_name":"Urlaub &amp; Reisen","article_modified_time":"2021-09-17T11:01:40+00:00","og_image":[{"url":"https:\/\/www.urlaubcornwall.de\/blog\/wp-content\/uploads\/2018\/03\/ferienhaus-anglesey-mit-hund-mieten.jpg"}],"twitter_card":"summary","twitter_misc":{"Est. reading time":"1 minute"},"schema":{"@context":"https:\/\/schema.org","@graph":[{"@type":"WebSite","@id":"https:\/\/www.urlaubcornwall.de\/blog\/#website","url":"https:\/\/www.urlaubcornwall.de\/blog\/","name":"Urlaub &amp; Reisen","description":"Urlaub, Reisen, Cornwall und S\u00fcdengland: eine perfekte Kombination","potentialAction":[{"@type":"SearchAction","target":{"@type":"EntryPoint","urlTemplate":"https:\/\/www.urlaubcornwall.de\/blog\/?s={search_term_string}"},"query-input":"required name=search_term_string"}],"inLanguage":"en-US"},{"@type":"WebPage","@id":"https:\/\/www.urlaubcornwall.de\/blog\/ferienhaus-anglesey-mit-hund-mieten\/","url":"https:\/\/www.urlaubcornwall.de\/blog\/ferienhaus-anglesey-mit-hund-mieten\/","name":"Ferienhaus Anglesey mit Hund mieten - Urlaub &amp; Reisen","isPartOf":{"@id":"https:\/\/www.urlaubcornwall.de\/blog\/#website"},"datePublished":"2018-03-19T14:31:12+00:00","dateModified":"2021-09-17T11:01:40+00:00","description":"Ein komfortables Ferienhaus mit Blick auf die Landschaft und Sandstr\u00e4nde in der N\u00e4he. Das Anwesen genie\u00dft eine erh\u00f6hte Lage mit weitreichender Aussicht. Es ist eine k\u00fcrzlich hinzugef\u00fcgte Erg\u00e4nzung zu dem kleinen, ruhigen, familiengef\u00fchrten Camping- und Caravanpark, der die perfekte Basis f\u00fcr Familien und Freunde bildet","breadcrumb":{"@id":"https:\/\/www.urlaubcornwall.de\/blog\/ferienhaus-anglesey-mit-hund-mieten\/#breadcrumb"},"inLanguage":"en-US","potentialAction":[{"@type":"ReadAction","target":["https:\/\/www.urlaubcornwall.de\/blog\/ferienhaus-anglesey-mit-hund-mieten\/"]}]},{"@type":"BreadcrumbList","@id":"https:\/\/www.urlaubcornwall.de\/blog\/ferienhaus-anglesey-mit-hund-mieten\/#breadcrumb","itemListElement":[{"@type":"ListItem","position":1,"name":"Home","item":"https:\/\/www.urlaubcornwall.de\/blog\/"},{"@type":"ListItem","position":2,"name":"Ferienhaus Anglesey mit Hund mieten"}]}]}},"_links":{"self":[{"href":"https:\/\/www.urlaubcornwall.de\/blog\/wp-json\/wp\/v2\/pages\/32830"}],"collection":[{"href":"https:\/\/www.urlaubcornwall.de\/blog\/wp-json\/wp\/v2\/pages"}],"about":[{"href":"https:\/\/www.urlaubcornwall.de\/blog\/wp-json\/wp\/v2\/types\/page"}],"author":[{"embeddable":true,"href":"https:\/\/www.urlaubcornwall.de\/blog\/wp-json\/wp\/v2\/users\/1"}],"replies":[{"embeddable":true,"href":"https:\/\/www.urlaubcornwall.de\/blog\/wp-json\/wp\/v2\/comments?post=32830"}],"version-history":[{"count":3,"href":"https:\/\/www.urlaubcornwall.de\/blog\/wp-json\/wp\/v2\/pages\/32830\/revisions"}],"predecessor-version":[{"id":42858,"href":"https:\/\/www.urlaubcornwall.de\/blog\/wp-json\/wp\/v2\/pages\/32830\/revisions\/42858"}],"wp:attachment":[{"href":"https:\/\/www.urlaubcornwall.de\/blog\/wp-json\/wp\/v2\/media?parent=32830"}],"curies":[{"name":"wp","href":"https:\/\/api.w.org\/{rel}","templated":true}]}}