{"id":32751,"date":"2018-03-01T14:43:50","date_gmt":"2018-03-01T14:43:50","guid":{"rendered":"https:\/\/www.urlaubcornwall.de\/blog\/?page_id=32751"},"modified":"2024-05-30T13:53:51","modified_gmt":"2024-05-30T13:53:51","slug":"perranporth-beach-perranporth","status":"publish","type":"page","link":"https:\/\/www.urlaubcornwall.de\/blog\/perranporth-beach-perranporth\/","title":{"rendered":"Perranporth Beach, Perranporth"},"content":{"rendered":"<p><a href=\"https:\/\/www.urlaubcornwall.de\/blog\/wp-content\/uploads\/2024\/03\/Perranporth-England-United-Kingdom.jpg\"><img loading=\"lazy\" src=\"https:\/\/www.urlaubcornwall.de\/blog\/wp-content\/uploads\/2024\/03\/Perranporth-England-United-Kingdom.jpg\" alt=\"\" width=\"750\" height=\"500\" class=\"alignnone size-full wp-image-48074\" srcset=\"https:\/\/www.urlaubcornwall.de\/blog\/wp-content\/uploads\/2024\/03\/Perranporth-England-United-Kingdom.jpg 750w, https:\/\/www.urlaubcornwall.de\/blog\/wp-content\/uploads\/2024\/03\/Perranporth-England-United-Kingdom-300x200.jpg 300w\" sizes=\"(max-width: 750px) 100vw, 750px\" \/><\/a><\/p>\n<p>Perranporth Beach ist ein riesiger Strand mit Meilen goldenen Sandes, und bei Ebbe bildet er zusammen mit dem benachbarten Penhale Sands das gr\u00f6\u00dfte Gebiet ununterbrochenen Sandes an der Nordk\u00fcste Cornwalls. Der Strand befindet sich direkt im Dorf Perranporth, herrlich also f\u00fcr Familien, da s\u00e4mtliche Annehmlichkeiten, die Sie vielleicht suchen, in direkter N\u00e4he sind. Der Strand eignet sich hervorragend zum Schwimmen, Schnorcheln und Surfen oder auch nur zum Entspannen.<\/p>\n<p>Hunde m\u00fcssen zwischen Juli und August, 9 Uhr \u2013 17 Uhr an kurzen Leinen gehalten werden.<\/p>\n<h1 style=\"text-align: center;\"><a href=\"https:\/\/www.urlaubcornwall.de\/ferienhaeuser\/cornwall.php\">Bei uns finden Sie Ferienh\u00e4user zum Verlieben; so einfach ist das!<\/a><\/h1>\n<p style=\"text-align: center;\"><a class=\"tidycta\" href=\"https:\/\/www.urlaubcornwall.de\/ferienhaeuser-fewos\/perranporth-am-meer.html\">Ferienh\u00e4user Perranporth am Meer &gt;<\/a><\/p>\n<p style=\"text-align: center;\">Pers\u00f6nlich inspizierte Ferienh\u00e4user und Ferienwohnungen f\u00fcr Ihren Urlaub in Cornwall<\/p>\n<p style=\"text-align: right;\">Images \u00a9 Visit Cornwall\/Adam Gibbard\/Matt Jessop<\/p>\n","protected":false},"excerpt":{"rendered":"<p>Perranporth Beach ist ein riesiger Strand mit Meilen goldenen Sandes, und bei Ebbe bildet er zusammen mit dem benachbarten Penhale Sands das gr\u00f6\u00dfte Gebiet ununterbrochenen Sandes an der Nordk\u00fcste Cornwalls. Der Strand befindet sich direkt im Dorf Perranporth, herrlich also f\u00fcr Familien, da s\u00e4mtliche Annehmlichkeiten, die Sie vielleicht suchen, in direkter N\u00e4he sind. Der Strand [&hellip;]<\/p>\n","protected":false},"author":1,"featured_media":0,"parent":0,"menu_order":0,"comment_status":"closed","ping_status":"closed","template":"single-four.php","meta":[],"acf":[],"yoast_head":"<!-- This site is optimized with the Yoast SEO plugin v19.4 - https:\/\/yoast.com\/wordpress\/plugins\/seo\/ -->\n<title>Perranporth Beach, Perranporth - Urlaub &amp; Reisen<\/title>\n<meta name=\"robots\" content=\"index, follow, max-snippet:-1, max-image-preview:large, max-video-preview:-1\" \/>\n<link rel=\"canonical\" href=\"https:\/\/www.urlaubcornwall.de\/blog\/perranporth-beach-perranporth\/\" \/>\n<meta property=\"og:locale\" content=\"en_US\" \/>\n<meta property=\"og:type\" content=\"article\" \/>\n<meta property=\"og:title\" content=\"Perranporth Beach, Perranporth - Urlaub &amp; Reisen\" \/>\n<meta property=\"og:description\" content=\"Perranporth Beach ist ein riesiger Strand mit Meilen goldenen Sandes, und bei Ebbe bildet er zusammen mit dem benachbarten Penhale Sands das gr\u00f6\u00dfte Gebiet ununterbrochenen Sandes an der Nordk\u00fcste Cornwalls. Der Strand befindet sich direkt im Dorf Perranporth, herrlich also f\u00fcr Familien, da s\u00e4mtliche Annehmlichkeiten, die Sie vielleicht suchen, in direkter N\u00e4he sind. Der Strand [&hellip;]\" \/>\n<meta property=\"og:url\" content=\"https:\/\/www.urlaubcornwall.de\/blog\/perranporth-beach-perranporth\/\" \/>\n<meta property=\"og:site_name\" content=\"Urlaub &amp; Reisen\" \/>\n<meta property=\"article:modified_time\" content=\"2024-05-30T13:53:51+00:00\" \/>\n<meta property=\"og:image\" content=\"https:\/\/www.urlaubcornwall.de\/blog\/wp-content\/uploads\/2024\/03\/Perranporth-England-United-Kingdom.jpg\" \/>\n<meta name=\"twitter:card\" content=\"summary\" \/>\n<meta name=\"twitter:label1\" content=\"Est. reading time\" \/>\n\t<meta name=\"twitter:data1\" content=\"1 minute\" \/>\n<script type=\"application\/ld+json\" class=\"yoast-schema-graph\">{\"@context\":\"https:\/\/schema.org\",\"@graph\":[{\"@type\":\"WebSite\",\"@id\":\"https:\/\/www.urlaubcornwall.de\/blog\/#website\",\"url\":\"https:\/\/www.urlaubcornwall.de\/blog\/\",\"name\":\"Urlaub &amp; Reisen\",\"description\":\"Urlaub, Reisen, Cornwall und S\u00fcdengland: eine perfekte Kombination\",\"potentialAction\":[{\"@type\":\"SearchAction\",\"target\":{\"@type\":\"EntryPoint\",\"urlTemplate\":\"https:\/\/www.urlaubcornwall.de\/blog\/?s={search_term_string}\"},\"query-input\":\"required name=search_term_string\"}],\"inLanguage\":\"en-US\"},{\"@type\":\"WebPage\",\"@id\":\"https:\/\/www.urlaubcornwall.de\/blog\/perranporth-beach-perranporth\/\",\"url\":\"https:\/\/www.urlaubcornwall.de\/blog\/perranporth-beach-perranporth\/\",\"name\":\"Perranporth Beach, Perranporth - Urlaub &amp; Reisen\",\"isPartOf\":{\"@id\":\"https:\/\/www.urlaubcornwall.de\/blog\/#website\"},\"datePublished\":\"2018-03-01T14:43:50+00:00\",\"dateModified\":\"2024-05-30T13:53:51+00:00\",\"breadcrumb\":{\"@id\":\"https:\/\/www.urlaubcornwall.de\/blog\/perranporth-beach-perranporth\/#breadcrumb\"},\"inLanguage\":\"en-US\",\"potentialAction\":[{\"@type\":\"ReadAction\",\"target\":[\"https:\/\/www.urlaubcornwall.de\/blog\/perranporth-beach-perranporth\/\"]}]},{\"@type\":\"BreadcrumbList\",\"@id\":\"https:\/\/www.urlaubcornwall.de\/blog\/perranporth-beach-perranporth\/#breadcrumb\",\"itemListElement\":[{\"@type\":\"ListItem\",\"position\":1,\"name\":\"Home\",\"item\":\"https:\/\/www.urlaubcornwall.de\/blog\/\"},{\"@type\":\"ListItem\",\"position\":2,\"name\":\"Perranporth Beach, Perranporth\"}]}]}<\/script>\n<!-- \/ Yoast SEO plugin. -->","yoast_head_json":{"title":"Perranporth Beach, Perranporth - Urlaub &amp; Reisen","robots":{"index":"index","follow":"follow","max-snippet":"max-snippet:-1","max-image-preview":"max-image-preview:large","max-video-preview":"max-video-preview:-1"},"canonical":"https:\/\/www.urlaubcornwall.de\/blog\/perranporth-beach-perranporth\/","og_locale":"en_US","og_type":"article","og_title":"Perranporth Beach, Perranporth - Urlaub &amp; Reisen","og_description":"Perranporth Beach ist ein riesiger Strand mit Meilen goldenen Sandes, und bei Ebbe bildet er zusammen mit dem benachbarten Penhale Sands das gr\u00f6\u00dfte Gebiet ununterbrochenen Sandes an der Nordk\u00fcste Cornwalls. Der Strand befindet sich direkt im Dorf Perranporth, herrlich also f\u00fcr Familien, da s\u00e4mtliche Annehmlichkeiten, die Sie vielleicht suchen, in direkter N\u00e4he sind. Der Strand [&hellip;]","og_url":"https:\/\/www.urlaubcornwall.de\/blog\/perranporth-beach-perranporth\/","og_site_name":"Urlaub &amp; Reisen","article_modified_time":"2024-05-30T13:53:51+00:00","og_image":[{"url":"https:\/\/www.urlaubcornwall.de\/blog\/wp-content\/uploads\/2024\/03\/Perranporth-England-United-Kingdom.jpg"}],"twitter_card":"summary","twitter_misc":{"Est. reading time":"1 minute"},"schema":{"@context":"https:\/\/schema.org","@graph":[{"@type":"WebSite","@id":"https:\/\/www.urlaubcornwall.de\/blog\/#website","url":"https:\/\/www.urlaubcornwall.de\/blog\/","name":"Urlaub &amp; Reisen","description":"Urlaub, Reisen, Cornwall und S\u00fcdengland: eine perfekte Kombination","potentialAction":[{"@type":"SearchAction","target":{"@type":"EntryPoint","urlTemplate":"https:\/\/www.urlaubcornwall.de\/blog\/?s={search_term_string}"},"query-input":"required name=search_term_string"}],"inLanguage":"en-US"},{"@type":"WebPage","@id":"https:\/\/www.urlaubcornwall.de\/blog\/perranporth-beach-perranporth\/","url":"https:\/\/www.urlaubcornwall.de\/blog\/perranporth-beach-perranporth\/","name":"Perranporth Beach, Perranporth - Urlaub &amp; Reisen","isPartOf":{"@id":"https:\/\/www.urlaubcornwall.de\/blog\/#website"},"datePublished":"2018-03-01T14:43:50+00:00","dateModified":"2024-05-30T13:53:51+00:00","breadcrumb":{"@id":"https:\/\/www.urlaubcornwall.de\/blog\/perranporth-beach-perranporth\/#breadcrumb"},"inLanguage":"en-US","potentialAction":[{"@type":"ReadAction","target":["https:\/\/www.urlaubcornwall.de\/blog\/perranporth-beach-perranporth\/"]}]},{"@type":"BreadcrumbList","@id":"https:\/\/www.urlaubcornwall.de\/blog\/perranporth-beach-perranporth\/#breadcrumb","itemListElement":[{"@type":"ListItem","position":1,"name":"Home","item":"https:\/\/www.urlaubcornwall.de\/blog\/"},{"@type":"ListItem","position":2,"name":"Perranporth Beach, Perranporth"}]}]}},"_links":{"self":[{"href":"https:\/\/www.urlaubcornwall.de\/blog\/wp-json\/wp\/v2\/pages\/32751"}],"collection":[{"href":"https:\/\/www.urlaubcornwall.de\/blog\/wp-json\/wp\/v2\/pages"}],"about":[{"href":"https:\/\/www.urlaubcornwall.de\/blog\/wp-json\/wp\/v2\/types\/page"}],"author":[{"embeddable":true,"href":"https:\/\/www.urlaubcornwall.de\/blog\/wp-json\/wp\/v2\/users\/1"}],"replies":[{"embeddable":true,"href":"https:\/\/www.urlaubcornwall.de\/blog\/wp-json\/wp\/v2\/comments?post=32751"}],"version-history":[{"count":3,"href":"https:\/\/www.urlaubcornwall.de\/blog\/wp-json\/wp\/v2\/pages\/32751\/revisions"}],"predecessor-version":[{"id":51086,"href":"https:\/\/www.urlaubcornwall.de\/blog\/wp-json\/wp\/v2\/pages\/32751\/revisions\/51086"}],"wp:attachment":[{"href":"https:\/\/www.urlaubcornwall.de\/blog\/wp-json\/wp\/v2\/media?parent=32751"}],"curies":[{"name":"wp","href":"https:\/\/api.w.org\/{rel}","templated":true}]}}