{"id":32735,"date":"2018-03-01T13:52:26","date_gmt":"2018-03-01T13:52:26","guid":{"rendered":"https:\/\/www.urlaubcornwall.de\/blog\/?page_id=32735"},"modified":"2024-05-30T13:00:56","modified_gmt":"2024-05-30T13:00:56","slug":"watergate-bay-newquay","status":"publish","type":"page","link":"https:\/\/www.urlaubcornwall.de\/blog\/watergate-bay-newquay\/","title":{"rendered":"Watergate Bay in der N\u00e4he Newquay"},"content":{"rendered":"<p><a href=\"https:\/\/www.urlaubcornwall.de\/blog\/wp-content\/uploads\/2024\/05\/watergate_bay_new.jpg\"><img loading=\"lazy\" src=\"https:\/\/www.urlaubcornwall.de\/blog\/wp-content\/uploads\/2024\/05\/watergate_bay_new.jpg\" alt=\"watergate_bay\" width=\"750\" height=\"566\" class=\"alignnone size-full wp-image-50757\" srcset=\"https:\/\/www.urlaubcornwall.de\/blog\/wp-content\/uploads\/2024\/05\/watergate_bay_new.jpg 750w, https:\/\/www.urlaubcornwall.de\/blog\/wp-content\/uploads\/2024\/05\/watergate_bay_new-300x226.jpg 300w\" sizes=\"(max-width: 750px) 100vw, 750px\" \/><\/a><\/p>\n<p>Lediglich weniger als 5km von Newquay entfernt, ist Watergate Bay ein gro\u00dfer Strand mit \u00fcber 3km goldenen Sandes. Der Strand ist bei Surfern, Kitesurfern, Familien und Aktivit\u00e4tsliebhabern s\u00e4mtlicher Altersstufen und F\u00e4higkeiten beliebt. Es gibt jede Menge Felspools zu erkunden, sowie eine ausgewiesene sichere Schwimmzone im Meer. Die j\u00e4hrlichen Surfmeisterschaften finden hier statt, sowie ein Musikfestival im August und Polo am Strand im Mai.<\/p>\n<p>Hunde sind das ganze Jahr \u00fcber am Strand erlaubt.<\/p>\n<h1 style=\"text-align: center;\"><a href=\"https:\/\/www.urlaubcornwall.de\/ferienhaeuser\/cornwall.php\">Bei uns finden Sie Ferienh\u00e4user zum Verlieben; so einfach ist das!<\/a><\/h1>\n<p style=\"text-align: center;\"><a class=\"tidycta\" href=\"https:\/\/www.urlaubcornwall.de\/ferienhaeuser-fewos\/newquay-am-meer.html\">Ferienh\u00e4user Newquay am Meer &gt;<\/a><\/p>\n<p style=\"text-align: center;\">Pers\u00f6nlich inspizierte Ferienh\u00e4user und Ferienwohnungen f\u00fcr Ihren Urlaub in Cornwall<\/p>\n","protected":false},"excerpt":{"rendered":"<p>Lediglich weniger als 5km von Newquay entfernt, ist Watergate Bay ein gro\u00dfer Strand mit \u00fcber 3km goldenen Sandes. Der Strand ist bei Surfern, Kitesurfern, Familien und Aktivit\u00e4tsliebhabern s\u00e4mtlicher Altersstufen und F\u00e4higkeiten beliebt. Es gibt jede Menge Felspools zu erkunden, sowie eine ausgewiesene sichere Schwimmzone im Meer. Die j\u00e4hrlichen Surfmeisterschaften finden hier statt, sowie ein Musikfestival [&hellip;]<\/p>\n","protected":false},"author":1,"featured_media":0,"parent":0,"menu_order":0,"comment_status":"closed","ping_status":"closed","template":"single-four.php","meta":[],"acf":[],"yoast_head":"<!-- This site is optimized with the Yoast SEO plugin v19.4 - https:\/\/yoast.com\/wordpress\/plugins\/seo\/ -->\n<title>Watergate Bay in der N\u00e4he Newquay - Urlaub &amp; Reisen<\/title>\n<meta name=\"robots\" content=\"index, follow, max-snippet:-1, max-image-preview:large, max-video-preview:-1\" \/>\n<link rel=\"canonical\" href=\"https:\/\/www.urlaubcornwall.de\/blog\/watergate-bay-newquay\/\" \/>\n<meta property=\"og:locale\" content=\"en_US\" \/>\n<meta property=\"og:type\" content=\"article\" \/>\n<meta property=\"og:title\" content=\"Watergate Bay in der N\u00e4he Newquay - Urlaub &amp; Reisen\" \/>\n<meta property=\"og:description\" content=\"Lediglich weniger als 5km von Newquay entfernt, ist Watergate Bay ein gro\u00dfer Strand mit \u00fcber 3km goldenen Sandes. Der Strand ist bei Surfern, Kitesurfern, Familien und Aktivit\u00e4tsliebhabern s\u00e4mtlicher Altersstufen und F\u00e4higkeiten beliebt. Es gibt jede Menge Felspools zu erkunden, sowie eine ausgewiesene sichere Schwimmzone im Meer. Die j\u00e4hrlichen Surfmeisterschaften finden hier statt, sowie ein Musikfestival [&hellip;]\" \/>\n<meta property=\"og:url\" content=\"https:\/\/www.urlaubcornwall.de\/blog\/watergate-bay-newquay\/\" \/>\n<meta property=\"og:site_name\" content=\"Urlaub &amp; Reisen\" \/>\n<meta property=\"article:modified_time\" content=\"2024-05-30T13:00:56+00:00\" \/>\n<meta property=\"og:image\" content=\"https:\/\/www.urlaubcornwall.de\/blog\/wp-content\/uploads\/2024\/05\/watergate_bay_new.jpg\" \/>\n<meta name=\"twitter:card\" content=\"summary\" \/>\n<meta name=\"twitter:label1\" content=\"Est. reading time\" \/>\n\t<meta name=\"twitter:data1\" content=\"1 minute\" \/>\n<script type=\"application\/ld+json\" class=\"yoast-schema-graph\">{\"@context\":\"https:\/\/schema.org\",\"@graph\":[{\"@type\":\"WebSite\",\"@id\":\"https:\/\/www.urlaubcornwall.de\/blog\/#website\",\"url\":\"https:\/\/www.urlaubcornwall.de\/blog\/\",\"name\":\"Urlaub &amp; Reisen\",\"description\":\"Urlaub, Reisen, Cornwall und S\u00fcdengland: eine perfekte Kombination\",\"potentialAction\":[{\"@type\":\"SearchAction\",\"target\":{\"@type\":\"EntryPoint\",\"urlTemplate\":\"https:\/\/www.urlaubcornwall.de\/blog\/?s={search_term_string}\"},\"query-input\":\"required name=search_term_string\"}],\"inLanguage\":\"en-US\"},{\"@type\":\"WebPage\",\"@id\":\"https:\/\/www.urlaubcornwall.de\/blog\/watergate-bay-newquay\/\",\"url\":\"https:\/\/www.urlaubcornwall.de\/blog\/watergate-bay-newquay\/\",\"name\":\"Watergate Bay in der N\u00e4he Newquay - Urlaub &amp; Reisen\",\"isPartOf\":{\"@id\":\"https:\/\/www.urlaubcornwall.de\/blog\/#website\"},\"datePublished\":\"2018-03-01T13:52:26+00:00\",\"dateModified\":\"2024-05-30T13:00:56+00:00\",\"breadcrumb\":{\"@id\":\"https:\/\/www.urlaubcornwall.de\/blog\/watergate-bay-newquay\/#breadcrumb\"},\"inLanguage\":\"en-US\",\"potentialAction\":[{\"@type\":\"ReadAction\",\"target\":[\"https:\/\/www.urlaubcornwall.de\/blog\/watergate-bay-newquay\/\"]}]},{\"@type\":\"BreadcrumbList\",\"@id\":\"https:\/\/www.urlaubcornwall.de\/blog\/watergate-bay-newquay\/#breadcrumb\",\"itemListElement\":[{\"@type\":\"ListItem\",\"position\":1,\"name\":\"Home\",\"item\":\"https:\/\/www.urlaubcornwall.de\/blog\/\"},{\"@type\":\"ListItem\",\"position\":2,\"name\":\"Watergate Bay in der N\u00e4he Newquay\"}]}]}<\/script>\n<!-- \/ Yoast SEO plugin. -->","yoast_head_json":{"title":"Watergate Bay in der N\u00e4he Newquay - Urlaub &amp; Reisen","robots":{"index":"index","follow":"follow","max-snippet":"max-snippet:-1","max-image-preview":"max-image-preview:large","max-video-preview":"max-video-preview:-1"},"canonical":"https:\/\/www.urlaubcornwall.de\/blog\/watergate-bay-newquay\/","og_locale":"en_US","og_type":"article","og_title":"Watergate Bay in der N\u00e4he Newquay - Urlaub &amp; Reisen","og_description":"Lediglich weniger als 5km von Newquay entfernt, ist Watergate Bay ein gro\u00dfer Strand mit \u00fcber 3km goldenen Sandes. Der Strand ist bei Surfern, Kitesurfern, Familien und Aktivit\u00e4tsliebhabern s\u00e4mtlicher Altersstufen und F\u00e4higkeiten beliebt. Es gibt jede Menge Felspools zu erkunden, sowie eine ausgewiesene sichere Schwimmzone im Meer. Die j\u00e4hrlichen Surfmeisterschaften finden hier statt, sowie ein Musikfestival [&hellip;]","og_url":"https:\/\/www.urlaubcornwall.de\/blog\/watergate-bay-newquay\/","og_site_name":"Urlaub &amp; Reisen","article_modified_time":"2024-05-30T13:00:56+00:00","og_image":[{"url":"https:\/\/www.urlaubcornwall.de\/blog\/wp-content\/uploads\/2024\/05\/watergate_bay_new.jpg"}],"twitter_card":"summary","twitter_misc":{"Est. reading time":"1 minute"},"schema":{"@context":"https:\/\/schema.org","@graph":[{"@type":"WebSite","@id":"https:\/\/www.urlaubcornwall.de\/blog\/#website","url":"https:\/\/www.urlaubcornwall.de\/blog\/","name":"Urlaub &amp; Reisen","description":"Urlaub, Reisen, Cornwall und S\u00fcdengland: eine perfekte Kombination","potentialAction":[{"@type":"SearchAction","target":{"@type":"EntryPoint","urlTemplate":"https:\/\/www.urlaubcornwall.de\/blog\/?s={search_term_string}"},"query-input":"required name=search_term_string"}],"inLanguage":"en-US"},{"@type":"WebPage","@id":"https:\/\/www.urlaubcornwall.de\/blog\/watergate-bay-newquay\/","url":"https:\/\/www.urlaubcornwall.de\/blog\/watergate-bay-newquay\/","name":"Watergate Bay in der N\u00e4he Newquay - Urlaub &amp; Reisen","isPartOf":{"@id":"https:\/\/www.urlaubcornwall.de\/blog\/#website"},"datePublished":"2018-03-01T13:52:26+00:00","dateModified":"2024-05-30T13:00:56+00:00","breadcrumb":{"@id":"https:\/\/www.urlaubcornwall.de\/blog\/watergate-bay-newquay\/#breadcrumb"},"inLanguage":"en-US","potentialAction":[{"@type":"ReadAction","target":["https:\/\/www.urlaubcornwall.de\/blog\/watergate-bay-newquay\/"]}]},{"@type":"BreadcrumbList","@id":"https:\/\/www.urlaubcornwall.de\/blog\/watergate-bay-newquay\/#breadcrumb","itemListElement":[{"@type":"ListItem","position":1,"name":"Home","item":"https:\/\/www.urlaubcornwall.de\/blog\/"},{"@type":"ListItem","position":2,"name":"Watergate Bay in der N\u00e4he Newquay"}]}]}},"_links":{"self":[{"href":"https:\/\/www.urlaubcornwall.de\/blog\/wp-json\/wp\/v2\/pages\/32735"}],"collection":[{"href":"https:\/\/www.urlaubcornwall.de\/blog\/wp-json\/wp\/v2\/pages"}],"about":[{"href":"https:\/\/www.urlaubcornwall.de\/blog\/wp-json\/wp\/v2\/types\/page"}],"author":[{"embeddable":true,"href":"https:\/\/www.urlaubcornwall.de\/blog\/wp-json\/wp\/v2\/users\/1"}],"replies":[{"embeddable":true,"href":"https:\/\/www.urlaubcornwall.de\/blog\/wp-json\/wp\/v2\/comments?post=32735"}],"version-history":[{"count":5,"href":"https:\/\/www.urlaubcornwall.de\/blog\/wp-json\/wp\/v2\/pages\/32735\/revisions"}],"predecessor-version":[{"id":51058,"href":"https:\/\/www.urlaubcornwall.de\/blog\/wp-json\/wp\/v2\/pages\/32735\/revisions\/51058"}],"wp:attachment":[{"href":"https:\/\/www.urlaubcornwall.de\/blog\/wp-json\/wp\/v2\/media?parent=32735"}],"curies":[{"name":"wp","href":"https:\/\/api.w.org\/{rel}","templated":true}]}}