{"id":32662,"date":"2018-02-26T17:06:53","date_gmt":"2018-02-26T17:06:53","guid":{"rendered":"https:\/\/www.urlaubcornwall.de\/blog\/?page_id=32662"},"modified":"2024-05-30T13:47:31","modified_gmt":"2024-05-30T13:47:31","slug":"schoensten-straende-in-cornwall","status":"publish","type":"page","link":"https:\/\/www.urlaubcornwall.de\/blog\/schoensten-straende-in-cornwall\/","title":{"rendered":"Sch\u00f6nsten Str\u00e4nde in Cornwall \u2013 Insidertipps von Cornwalls Nr. 1 Reisef\u00fchrer."},"content":{"rendered":"<p>Cornwall hat mehr Sandstr\u00e4nde und K\u00fcstenabschnitte als irgendein anderer Teil in Britannien. Es gibt mehr als 431km dramatischer K\u00fcstenpfade zu entdecken, \u00fcber Klippen hinweg, vorbei an herrlichen goldenen Str\u00e4nden und durch malerische Fischerd\u00f6rfer hindurch.<br \/>\nEs gibt mehr als <a href=\"https:\/\/www.urlaubcornwall.de\/ferienhaeuser-fewos\/cornwall-am-meer.html\">300 Str\u00e4nde in Cornwall<\/a>, die alle etwas anderes anzubieten haben; familienfreundlich, hundefreundlich, abgeschieden, gro\u00dfartig zum Wassersport betreiben und Schwimmen. Jeder hat da so seine pers\u00f6nlichen Favoriten&#8230;<\/p>\n<p style=\"text-align: center;\"><strong><a href=\"#top10\">Cornwalls Top 10<\/a> | <a href=\"#nordcornwall\">Nordk\u00fcste<\/a> | <a href=\"#suedcornwall\">S\u00fcdk\u00fcste<\/a> | <a href=\"#westcornwall\">Westk\u00fcste<\/a><\/strong><\/p>\n<p><a href=\"https:\/\/www.urlaubcornwall.de\/blog\/wp-content\/uploads\/2017\/08\/holywell-bay.jpg\"><img loading=\"lazy\" src=\"https:\/\/www.urlaubcornwall.de\/blog\/wp-content\/uploads\/2017\/08\/holywell-bay.jpg\" alt=\"strand Cornwall\" width=\"746\" height=\"380\" class=\"alignnone size-full wp-image-28780\" srcset=\"https:\/\/www.urlaubcornwall.de\/blog\/wp-content\/uploads\/2017\/08\/holywell-bay.jpg 746w, https:\/\/www.urlaubcornwall.de\/blog\/wp-content\/uploads\/2017\/08\/holywell-bay-300x153.jpg 300w\" sizes=\"(max-width: 746px) 100vw, 746px\" \/><\/a><\/p>\n<h2 id=\"top10\">Cornwalls Top 10<\/h2>\n<p><strong>1<\/strong> &#8211; <a href=\"https:\/\/www.urlaubcornwall.de\/blog\/lizard-halbinsel-geschichte-sehenswuerdigkeiten-und-unterkunft\/\">Kynance Cove, Lizard Halbinsel<\/a><\/p>\n<p><strong>2 <\/strong> &#8211; <a href=\"https:\/\/www.urlaubcornwall.de\/blog\/polzeath-strand-nahe-wadebridge\/\">Polzeath Strand nahe Wadebridge<\/a> <\/p>\n<p><strong>3<\/strong> &#8211; <a href=\"https:\/\/www.urlaubcornwall.de\/blog\/holywell-bay-nahe-newquay\/\">Holywell Bay nahe Newquay<\/a><\/p>\n<p><strong>4<\/strong> &#8211; <a href=\"https:\/\/www.urlaubcornwall.de\/blog\/constantine-bay-nahe-padstow\/\">Constantine Bay, Padstow<\/a><\/p>\n<p><strong>5<\/strong> &#8211; <a href=\"https:\/\/www.urlaubcornwall.de\/blog\/perranporth-beach-perranporth\/\">Perranporth Beach, Perranporth <\/a><\/p>\n<p><strong>6<\/strong> &#8211; <a href=\"https:\/\/www.urlaubcornwall.de\/blog\/st-ives-geschichte-sehenswuerdigkeiten-und-unterkunft\/\">Porthminster Beach, St Ives<\/a><\/p>\n<p><strong>7<\/strong> &#8211; <a href=\"https:\/\/www.urlaubcornwall.de\/blog\/fistral-beach-surfstrand-newquay\/\">Fistral Strand in Newquay<\/a><\/p>\n<p><strong>8<\/strong> &#8211; <a href=\"https:\/\/www.urlaubcornwall.de\/blog\/was-sie-in-sennen-tun-koennen\/\">Sennen Cove Beach, Land&#8217;s End<\/a><\/p>\n<p><strong>9<\/strong> &#8211; <a href=\"https:\/\/www.urlaubcornwall.de\/blog\/watergate-bay-newquay\/\">Watergate Bay, Newquay<\/a><\/p>\n<p><strong>10<\/strong> &#8211; <a href=\"https:\/\/www.urlaubcornwall.de\/ferienhaeuser-fewos\/fowey.html\">Lantic Bay nahe Fowey<\/a><\/p>\n<p><img loading=\"lazy\" class=\"aligncenter size-full wp-image-47783\" src=\"https:\/\/www.urlaubcornwall.de\/blog\/wp-content\/uploads\/2024\/03\/Fistral-strand.jpg\" alt=\"Fistral strand\" width=\"750\" height=\"482\" srcset=\"https:\/\/www.urlaubcornwall.de\/blog\/wp-content\/uploads\/2024\/03\/Fistral-strand.jpg 750w, https:\/\/www.urlaubcornwall.de\/blog\/wp-content\/uploads\/2024\/03\/Fistral-strand-300x193.jpg 300w\" sizes=\"(max-width: 750px) 100vw, 750px\" \/><\/p>\n<h2 id=\"#nordcornwall\">Nordk\u00fcste Cornwalls Besten Str\u00e4nde<\/h2>\n<p>Der herrliche Bogen der Widemouth Bay, Nord Cornwall, ist bei Familien beliebt, die bei Ebbe die breite Strandausdehnung und die Felsenpools lieben. Surfer genie\u00dfen die hohen Wellen des Atlantischen Ozeans&#8230;. <a href=\"https:\/\/www.urlaubcornwall.de\/blog\/schoensten-straende-nord-cornwall-urlaubstipps-cornwall\/\">[ Mehr ]<\/a><\/p>\n<p><img loading=\"lazy\" class=\"aligncenter size-full wp-image-32668\" src=\"https:\/\/www.urlaubcornwall.de\/blog\/wp-content\/uploads\/2018\/02\/gylly-beach-daisies.jpg\" alt=\"\" width=\"748\" height=\"383\"\/><\/p>\n<h2 id=\"#suedcornwall\">S\u00fcdk\u00fcste Cornwalls Besten Str\u00e4nde<\/h2>\n<p>Am Ufer der malerischen Helford Flussm\u00fcndung gelegen, ist dies ein beliebter Ort, um ein Boot zu mieten und den Fluss Helford zu erkunden, einschlie\u00dflich der ber\u00fchmten Frenchmans Creek&#8230;. <a href=\"https:\/\/www.urlaubcornwall.de\/blog\/schoensten-straende-an-der-suedkueste-cornwall\/\">[ Mehr ]<\/a><\/p>\n<p><a href=\"https:\/\/www.urlaubcornwall.de\/blog\/wp-content\/uploads\/2024\/03\/lizard.jpg\"><img loading=\"lazy\" src=\"https:\/\/www.urlaubcornwall.de\/blog\/wp-content\/uploads\/2024\/03\/lizard.jpg\" alt=\"lizard kynance\" width=\"750\" height=\"563\" class=\"alignnone size-full wp-image-47900\" srcset=\"https:\/\/www.urlaubcornwall.de\/blog\/wp-content\/uploads\/2024\/03\/lizard.jpg 750w, https:\/\/www.urlaubcornwall.de\/blog\/wp-content\/uploads\/2024\/03\/lizard-300x225.jpg 300w\" sizes=\"(max-width: 750px) 100vw, 750px\" \/><\/a><\/p>\n<h2 id=\"#westcornwall\">Westk\u00fcste Cornwalls Besten Str\u00e4nde<\/h2>\n<p>In West Cornwall sind Englands herrlichste Str\u00e4nde zu finden. Jeder hat da so seine pers\u00f6nlichen Favoriten&#8230;. <a href=\"https:\/\/www.urlaubcornwall.de\/blog\/straende-westkueste-cornwall-insidertipps\/\">[ Mehr ]<\/a> <\/p>\n<div class=\"snippet\"> <a class=\"featured-item\" href=\"https:\/\/www.urlaubcornwall.de\/ferienhaeuser\/cornwall.php\"> <span class=\"image-holder\" style=\"background-image: url('https:\/\/www.urlaubcornwall.de\/blog\/wp-content\/uploads\/2018\/12\/familienurlaub-corwnall-snippet.jpg');\"><\/span> <span class=\"featured-content\"> \n<h2 class=\"featured-title\">Ferienh\u00e4user in Cornwall am Strand<\/h2>\n<p class=\"featured-body\">Cornwall besitzt mehr K\u00fcstenlinien als jede andere Grafschaft und bietet einige der besten Str\u00e4nde, K\u00fcstenwanderwege und Klippenlandschaften, die man \u00fcberhaupt finden kann&#8230; <\/p><\/span> <span class=\"featured-link-holder\"> <span class=\"featured-extra-info\"> \n<p>F\u00fcr Paare, Familien &#038; Gruppen<\/p>\n<\/span> \n<p class=\"featured-link\">DETAILS<\/p>\n<\/span> <\/a><\/div>\n","protected":false},"excerpt":{"rendered":"<p>Cornwall hat mehr Sandstr\u00e4nde und K\u00fcstenabschnitte als irgendein anderer Teil in Britannien. Es gibt mehr als 431km dramatischer K\u00fcstenpfade zu entdecken, \u00fcber Klippen hinweg, vorbei an herrlichen goldenen Str\u00e4nden und durch malerische Fischerd\u00f6rfer hindurch. Es gibt mehr als 300 Str\u00e4nde in Cornwall, die alle etwas anderes anzubieten haben; familienfreundlich, hundefreundlich, abgeschieden, gro\u00dfartig zum Wassersport betreiben [&hellip;]<\/p>\n","protected":false},"author":1,"featured_media":0,"parent":0,"menu_order":0,"comment_status":"closed","ping_status":"closed","template":"single-four.php","meta":[],"acf":[],"yoast_head":"<!-- This site is optimized with the Yoast SEO plugin v19.4 - https:\/\/yoast.com\/wordpress\/plugins\/seo\/ -->\n<title>Sch\u00f6nsten Str\u00e4nde in Cornwall \u2013 Insidertipps von Cornwalls Nr. 1 Reisef\u00fchrer. - Urlaub &amp; Reisen<\/title>\n<meta name=\"robots\" content=\"index, follow, max-snippet:-1, max-image-preview:large, max-video-preview:-1\" \/>\n<link rel=\"canonical\" href=\"https:\/\/www.urlaubcornwall.de\/blog\/schoensten-straende-in-cornwall\/\" \/>\n<meta property=\"og:locale\" content=\"en_US\" \/>\n<meta property=\"og:type\" content=\"article\" \/>\n<meta property=\"og:title\" content=\"Sch\u00f6nsten Str\u00e4nde in Cornwall \u2013 Insidertipps von Cornwalls Nr. 1 Reisef\u00fchrer. - Urlaub &amp; Reisen\" \/>\n<meta property=\"og:description\" content=\"Cornwall hat mehr Sandstr\u00e4nde und K\u00fcstenabschnitte als irgendein anderer Teil in Britannien. Es gibt mehr als 431km dramatischer K\u00fcstenpfade zu entdecken, \u00fcber Klippen hinweg, vorbei an herrlichen goldenen Str\u00e4nden und durch malerische Fischerd\u00f6rfer hindurch. Es gibt mehr als 300 Str\u00e4nde in Cornwall, die alle etwas anderes anzubieten haben; familienfreundlich, hundefreundlich, abgeschieden, gro\u00dfartig zum Wassersport betreiben [&hellip;]\" \/>\n<meta property=\"og:url\" content=\"https:\/\/www.urlaubcornwall.de\/blog\/schoensten-straende-in-cornwall\/\" \/>\n<meta property=\"og:site_name\" content=\"Urlaub &amp; Reisen\" \/>\n<meta property=\"article:modified_time\" content=\"2024-05-30T13:47:31+00:00\" \/>\n<meta property=\"og:image\" content=\"https:\/\/www.urlaubcornwall.de\/blog\/wp-content\/uploads\/2017\/08\/holywell-bay.jpg\" \/>\n<meta name=\"twitter:card\" content=\"summary\" \/>\n<meta name=\"twitter:label1\" content=\"Est. reading time\" \/>\n\t<meta name=\"twitter:data1\" content=\"2 minutes\" \/>\n<script type=\"application\/ld+json\" class=\"yoast-schema-graph\">{\"@context\":\"https:\/\/schema.org\",\"@graph\":[{\"@type\":\"WebSite\",\"@id\":\"https:\/\/www.urlaubcornwall.de\/blog\/#website\",\"url\":\"https:\/\/www.urlaubcornwall.de\/blog\/\",\"name\":\"Urlaub &amp; Reisen\",\"description\":\"Urlaub, Reisen, Cornwall und S\u00fcdengland: eine perfekte Kombination\",\"potentialAction\":[{\"@type\":\"SearchAction\",\"target\":{\"@type\":\"EntryPoint\",\"urlTemplate\":\"https:\/\/www.urlaubcornwall.de\/blog\/?s={search_term_string}\"},\"query-input\":\"required name=search_term_string\"}],\"inLanguage\":\"en-US\"},{\"@type\":\"WebPage\",\"@id\":\"https:\/\/www.urlaubcornwall.de\/blog\/schoensten-straende-in-cornwall\/\",\"url\":\"https:\/\/www.urlaubcornwall.de\/blog\/schoensten-straende-in-cornwall\/\",\"name\":\"Sch\u00f6nsten Str\u00e4nde in Cornwall \u2013 Insidertipps von Cornwalls Nr. 1 Reisef\u00fchrer. - Urlaub &amp; Reisen\",\"isPartOf\":{\"@id\":\"https:\/\/www.urlaubcornwall.de\/blog\/#website\"},\"datePublished\":\"2018-02-26T17:06:53+00:00\",\"dateModified\":\"2024-05-30T13:47:31+00:00\",\"breadcrumb\":{\"@id\":\"https:\/\/www.urlaubcornwall.de\/blog\/schoensten-straende-in-cornwall\/#breadcrumb\"},\"inLanguage\":\"en-US\",\"potentialAction\":[{\"@type\":\"ReadAction\",\"target\":[\"https:\/\/www.urlaubcornwall.de\/blog\/schoensten-straende-in-cornwall\/\"]}]},{\"@type\":\"BreadcrumbList\",\"@id\":\"https:\/\/www.urlaubcornwall.de\/blog\/schoensten-straende-in-cornwall\/#breadcrumb\",\"itemListElement\":[{\"@type\":\"ListItem\",\"position\":1,\"name\":\"Home\",\"item\":\"https:\/\/www.urlaubcornwall.de\/blog\/\"},{\"@type\":\"ListItem\",\"position\":2,\"name\":\"Sch\u00f6nsten Str\u00e4nde in Cornwall \u2013 Insidertipps von Cornwalls Nr. 1 Reisef\u00fchrer.\"}]}]}<\/script>\n<!-- \/ Yoast SEO plugin. -->","yoast_head_json":{"title":"Sch\u00f6nsten Str\u00e4nde in Cornwall \u2013 Insidertipps von Cornwalls Nr. 1 Reisef\u00fchrer. - Urlaub &amp; Reisen","robots":{"index":"index","follow":"follow","max-snippet":"max-snippet:-1","max-image-preview":"max-image-preview:large","max-video-preview":"max-video-preview:-1"},"canonical":"https:\/\/www.urlaubcornwall.de\/blog\/schoensten-straende-in-cornwall\/","og_locale":"en_US","og_type":"article","og_title":"Sch\u00f6nsten Str\u00e4nde in Cornwall \u2013 Insidertipps von Cornwalls Nr. 1 Reisef\u00fchrer. - Urlaub &amp; Reisen","og_description":"Cornwall hat mehr Sandstr\u00e4nde und K\u00fcstenabschnitte als irgendein anderer Teil in Britannien. Es gibt mehr als 431km dramatischer K\u00fcstenpfade zu entdecken, \u00fcber Klippen hinweg, vorbei an herrlichen goldenen Str\u00e4nden und durch malerische Fischerd\u00f6rfer hindurch. Es gibt mehr als 300 Str\u00e4nde in Cornwall, die alle etwas anderes anzubieten haben; familienfreundlich, hundefreundlich, abgeschieden, gro\u00dfartig zum Wassersport betreiben [&hellip;]","og_url":"https:\/\/www.urlaubcornwall.de\/blog\/schoensten-straende-in-cornwall\/","og_site_name":"Urlaub &amp; Reisen","article_modified_time":"2024-05-30T13:47:31+00:00","og_image":[{"url":"https:\/\/www.urlaubcornwall.de\/blog\/wp-content\/uploads\/2017\/08\/holywell-bay.jpg"}],"twitter_card":"summary","twitter_misc":{"Est. reading time":"2 minutes"},"schema":{"@context":"https:\/\/schema.org","@graph":[{"@type":"WebSite","@id":"https:\/\/www.urlaubcornwall.de\/blog\/#website","url":"https:\/\/www.urlaubcornwall.de\/blog\/","name":"Urlaub &amp; Reisen","description":"Urlaub, Reisen, Cornwall und S\u00fcdengland: eine perfekte Kombination","potentialAction":[{"@type":"SearchAction","target":{"@type":"EntryPoint","urlTemplate":"https:\/\/www.urlaubcornwall.de\/blog\/?s={search_term_string}"},"query-input":"required name=search_term_string"}],"inLanguage":"en-US"},{"@type":"WebPage","@id":"https:\/\/www.urlaubcornwall.de\/blog\/schoensten-straende-in-cornwall\/","url":"https:\/\/www.urlaubcornwall.de\/blog\/schoensten-straende-in-cornwall\/","name":"Sch\u00f6nsten Str\u00e4nde in Cornwall \u2013 Insidertipps von Cornwalls Nr. 1 Reisef\u00fchrer. - Urlaub &amp; Reisen","isPartOf":{"@id":"https:\/\/www.urlaubcornwall.de\/blog\/#website"},"datePublished":"2018-02-26T17:06:53+00:00","dateModified":"2024-05-30T13:47:31+00:00","breadcrumb":{"@id":"https:\/\/www.urlaubcornwall.de\/blog\/schoensten-straende-in-cornwall\/#breadcrumb"},"inLanguage":"en-US","potentialAction":[{"@type":"ReadAction","target":["https:\/\/www.urlaubcornwall.de\/blog\/schoensten-straende-in-cornwall\/"]}]},{"@type":"BreadcrumbList","@id":"https:\/\/www.urlaubcornwall.de\/blog\/schoensten-straende-in-cornwall\/#breadcrumb","itemListElement":[{"@type":"ListItem","position":1,"name":"Home","item":"https:\/\/www.urlaubcornwall.de\/blog\/"},{"@type":"ListItem","position":2,"name":"Sch\u00f6nsten Str\u00e4nde in Cornwall \u2013 Insidertipps von Cornwalls Nr. 1 Reisef\u00fchrer."}]}]}},"_links":{"self":[{"href":"https:\/\/www.urlaubcornwall.de\/blog\/wp-json\/wp\/v2\/pages\/32662"}],"collection":[{"href":"https:\/\/www.urlaubcornwall.de\/blog\/wp-json\/wp\/v2\/pages"}],"about":[{"href":"https:\/\/www.urlaubcornwall.de\/blog\/wp-json\/wp\/v2\/types\/page"}],"author":[{"embeddable":true,"href":"https:\/\/www.urlaubcornwall.de\/blog\/wp-json\/wp\/v2\/users\/1"}],"replies":[{"embeddable":true,"href":"https:\/\/www.urlaubcornwall.de\/blog\/wp-json\/wp\/v2\/comments?post=32662"}],"version-history":[{"count":19,"href":"https:\/\/www.urlaubcornwall.de\/blog\/wp-json\/wp\/v2\/pages\/32662\/revisions"}],"predecessor-version":[{"id":51079,"href":"https:\/\/www.urlaubcornwall.de\/blog\/wp-json\/wp\/v2\/pages\/32662\/revisions\/51079"}],"wp:attachment":[{"href":"https:\/\/www.urlaubcornwall.de\/blog\/wp-json\/wp\/v2\/media?parent=32662"}],"curies":[{"name":"wp","href":"https:\/\/api.w.org\/{rel}","templated":true}]}}