{"id":32650,"date":"2018-03-18T12:24:12","date_gmt":"2018-03-18T12:24:12","guid":{"rendered":"https:\/\/www.urlaubcornwall.de\/blog\/?page_id=32650"},"modified":"2024-05-30T13:51:56","modified_gmt":"2024-05-30T13:51:56","slug":"londons-historische-koenigliche-parkanlagen-und-gaerten","status":"publish","type":"page","link":"https:\/\/www.urlaubcornwall.de\/blog\/londons-historische-koenigliche-parkanlagen-und-gaerten\/","title":{"rendered":"Londons sch\u00f6nsten historische k\u00f6nigliche Parkanlagen und G\u00e4rten"},"content":{"rendered":"<p>Die K\u00f6niglichen Parkanlagen &#8211; In London gibt es viele Parkanlagen und G\u00e4rten, in denen man w\u00e4hrend eines Urlaubs in der Hauptstadt des UK entspannen und die wundervolle Umgebung genie\u00dfen kann. London hat zahlreiche Gr\u00fcnanlagen und offene Fl\u00e4chen im gesamten Zentral- und Greater London-Gebiet, so dass dies wahrhaftig eine gr\u00fcne Stadt ist. Einige davon waren einst k\u00f6nigliche Jagdgebiete, die nun Teil der Stadt wurden, als diese wuchs. Es gibt acht k\u00f6nigliche Parkanlagen, die ein Gebiet von 1976 Hektar umfassen. Sie sind der \u00d6ffentlichkeit zug\u00e4nglich und t\u00e4glich das ganze Jahr \u00fcber kostenfrei zu besuchen.<\/p>\n<p><strong>St James\u2019s Park<\/strong><\/p>\n<p><img loading=\"lazy\" class=\"aligncenter size-full wp-image-32658\" src=\"https:\/\/www.urlaubcornwall.de\/blog\/wp-content\/uploads\/2018\/02\/st-james-park-london.jpg\" alt=\"st james park london\" width=\"746\" height=\"437\" srcset=\"https:\/\/www.urlaubcornwall.de\/blog\/wp-content\/uploads\/2018\/02\/st-james-park-london.jpg 746w, https:\/\/www.urlaubcornwall.de\/blog\/wp-content\/uploads\/2018\/02\/st-james-park-london-300x176.jpg 300w\" sizes=\"(max-width: 746px) 100vw, 746px\" \/><br \/>\nDie \u00e4lteste der k\u00f6niglichen Parkanlagen ist St James\u2019s. Es war Sumpfgebiet, bis es von K\u00f6nig Heinrich VIII trockengelegt wurde und befindet sich nun im Herzen des zeremoniellen London; Changing of the Guard findet w\u00e4hrend des Sommers t\u00e4glich statt und an abwechselnden Tagen w\u00e4hrend des Rests des Jahres. Die Anlage bedeckt 23 Hektar und ist umgeben von 3 k\u00f6niglichen Pal\u00e4sten; der \u00e4lteste davon ist Westminster, das nun die Houses of Parliament sind, St James\u2019s Palace und Buckingham Palace. Dieser ruhige Park eignet sich perfekt zum Entspannen, der See des St James\u2019s Park beherbergt die ber\u00fchmten Pelikane, die t\u00e4glich um 14.30 Uhr gef\u00fcttert werden; es gibt zudem jede Menge anderer Wasserv\u00f6gel, die auf den beiden Inseln des Sees zuhause sind. Der Park ist das ganze Jahr \u00fcber von 5 Uhr bis 24 Uhr ge\u00f6ffnet; es gibt jede Menge Erfrischungskioske, sowie den Inn on The Park, ein zeitgen\u00f6ssisches britisches Restaurant.<\/p>\n<p><strong>Der Green Park<\/strong><\/p>\n<p>Der kleinste der k\u00f6niglichen Parks ist Green Park, ein kleines, friedvolles Dreieck reifer B\u00e4ume und Gras direkt neben dem Buckingham Palast; die einzigen Blumen sind die Millionen gelber Narzissen, die in jedem Fr\u00fchling bl\u00fchen. K\u00f6nigliche Schie\u00dfgewehrsalute finde das ganze Jahr \u00fcber im Green Park statt, um den offiziellen Geburtstag der K\u00f6nigin, die Er\u00f6ffnung des Parlaments und zahlreiche weitere k\u00f6nigliche und staatliche Veranstaltungen zu feiern. Der Park ist von 5 Uhr bis 24 Uhr das ganze Jahr \u00fcber t\u00e4glich ge\u00f6ffnet, und von M\u00e4rz bis Oktober gibt es jede Menge Liegest\u00fchle, in denen Sie entspannen k\u00f6nnen.<\/p>\n<p><strong>Hyde Park<\/strong><\/p>\n<p>Hyde Park ist der gr\u00f6\u00dfte der k\u00f6niglichen Parks in Zentrallondon und reicht zur\u00fcck ins Jahr 1536, als Heinrich VIII das Land von Westminster Abbey nahm und es als Jagdgebiet nutzte. Hyde Park ist einer der gro\u00dfartigsten Stadtparks der Welt; er bedeckt mehr als 142 Hektar, hat mehr als 4000 B\u00e4ume, einen gro\u00dfen See, eine Wiese und Blumeng\u00e4rten. Hyde Park hat jedermann eine Menge zu bieten; Sie k\u00f6nnen im Serpentine schwimmen, mit dem Boot fahren, Tennis spielen; es gibt Pferdereitstrecken, wie die bekannte \u2018Rotten Row\u2019 und einen wundervollen Kinderspielplatz. Der Park ist auch beliebt bei Radfahrern, Skatern, Spazierg\u00e4ngern und Joggern. Er beherbergt viele faszinierende Geb\u00e4ude und Monumente; einschlie\u00dflich der Diana Gedenkfont\u00e4ne und hat eine lange Geschichte als Ort von Protesten; besuchen Sie den Speakers\u2019 Corner an einem Sonntagmorgen, um Menschen aus s\u00e4mtlichen Lebensbereichen zu h\u00f6ren, die ihre Ansichten mit anderen teilen. Im Hyde Park k\u00f6nnen Sie auch Konzerte und Veranstaltungen von Weltklasse genie\u00dfen, die das ganze Jahr \u00fcber stattfinden, von den BBC Proms im Park bis hin zum Winterwunderland. Der Park ist t\u00e4glich von 5 Uhr bis 24 Uhr ge\u00f6ffnet, es gibt jede Menge Liegest\u00fchle zu mieten und zwei Restaurants am See.<\/p>\n<p><strong>Kensington Gardens<\/strong><\/p>\n<p>Kensington Gardens waren einst Privatg\u00e4rten des Kensington Palastes, doch sind sie heute das ganze Jahr \u00fcber t\u00e4glich von 6 Uhr bis zum Sonnenuntergang der \u00d6ffentlichkeit zug\u00e4nglich. Der Park, der 100 Hektar bedeckt, ist bepflanzt mit formellen Avenues herrlicher B\u00e4ume und ornamentalen Blumenbeeten. Kensington Gardens ist Schauplatz von JM Barries Buch Peter Pan, und eine Bronzestatue von Peter Pan ist seit 1912 das Lieblingsmerkmal des Gartens. An der n\u00f6rdlichen Seite der G\u00e4rten in der N\u00e4he des Lancaster Gate befinden sich die italienischen G\u00e4rten; dieser ornamentale Wassergarten wurde in den 1860ern als Geschenk von Prinz Albert f\u00fcr K\u00f6nigin Viktoria geschaffen und \u00e4hnelt dem des Osborne House auf der Isle of Wight, welches ihr Sommerhaus war. Hier befindet sich auch der \u2018Diana Gedenkspielplatz\u2019, der im Jahre 2000 im Gedenken an die verstorbene Prinzessin er\u00f6ffnet wurde; es ist ein herrlicher Ort f\u00fcr Kinder, um in der Mitte mit einem Piratenschiff zu spielen und jeder Menge Sitzm\u00f6glichkeiten f\u00fcr Erwachsene, um zu entspannen und den Kindern beim Spielen zuzusehen. Mit seinen Caf\u00e9s und jeder Menge zu sehen und zu tun, l\u00e4sst es sich hier im Kensington Garten w\u00e4hrend Ihres Urlaubs in London herrlich Zeit verbringen.<\/p>\n<p><strong>Regent\u2019s Park<\/strong><\/p>\n<p>Im Jahre 1811 wurde der Regent\u2019s Park vom bekannten Architekten John Nash designt; er sollte das Grundst\u00fcck eines neuen Palastes darstellen, der niemals errichtet wurde. Der 166 Hektar gro\u00dfe Park ist benannt nach dem Prinzregenten, der K\u00f6nig George IV wurde. Es gibt den Queen Mary\u2019s Garten mit mehr als 12000 Rosen, einen Bootssee und das gr\u00f6\u00dfte Sportgebiet im Freien in London mit M\u00f6glichkeiten zum Fu\u00dfball, Softball, Rugby- und Kricketspielen. Im Regent\u2019s Park finden Sie den weltbekannten Londoner Zoo &#8211; den \u00e4ltesten und beliebtesten Zoo in England. Es gibt im Regent\u2019s Park f\u00fcr die gesamte Familie jede Menge zu tun, und der Blick vom Primrose Hill aus, der sich bis in 63m H\u00f6he erstreckt, ist einer der besten in London; es bietet sich ein gro\u00dfartiges Panorama \u00fcber die Stadt.<\/p>\n<p><strong>Bushy Park<\/strong><\/p>\n<p>In der N\u00e4he des Hampton Court Palastes befindet sich Bushy Park, der der zweitgr\u00f6\u00dfte der k\u00f6niglichen Parks ist mit einem Gebiet von 445 Hektar. Der Park beheimatet mehr als 320 Rehe, die frei herumspazieren. Diese historische Parkanlage ist auch bekannt f\u00fcr ihre alten B\u00e4ume, Waldgebiete, Teiche, B\u00e4che, sowie eine reichhaltige Variation an Flora und Fauna. Radfahren und Reiten sind hier beliebt, sowie Angeln und Tennis spielen. Bushy Park ist das ganze Jahr \u00fcber ge\u00f6ffnet.<\/p>\n<p><strong>Richmond Park<\/strong><\/p>\n<p>Der gr\u00f6\u00dfte k\u00f6nigliche Park ist Richmond Park, westlich von Zentrallondon. Der Park bedeckt ein Gebiet von 1000 Hektar mit weiten offenen Fl\u00e4chen, Grasgebieten, alten B\u00e4umen und ist Heimat f\u00fcr mehr als 650 Rehe; es ist ein sehr friedvolles Fleckchen und so nahe am Zentrum von London. Richmond Park hat gesch\u00fctzten Status als wichtiges Habitat f\u00fcr Wildtiere und ist ein nationales Naturreservat. Es ist ein beliebter Familienpark mit jeder Menge Platz f\u00fcr jedermann; Sie k\u00f6nnen R\u00e4der mieten, Angeln gehen und sogar eine Runde Golf im Richmond Park Golf Club genie\u00dfen.<\/p>\n<p><strong>Greenwich Park<\/strong><\/p>\n<p>Seitlich eines H\u00fcgels gelegen mit Blick \u00fcber den Fluss Thames ist Greenwich Park der \u00e4lteste eingegrenzte k\u00f6nigliche Park und umfasst 74 Hektar. Es ist der gr\u00f6\u00dfte Gr\u00fcnbereich in S\u00fcdost-London und bietet Panoramablick \u00fcber London und den Fluss Thames. Neben den G\u00e4rten finden Sie hier auch die k\u00f6nigliche Sternwarte, die in der Geschichte der Astronomie und Navigation eine gro\u00dfe Rolle spielte und weltweit bekannt ist als Ort des \u2018Nullmeridian\u2019, der Greenwich Mean Time den Namen gab. Greenwich Park ist das ganze Jahr \u00fcber von 6 Uhr &#8211; 21.30 Uhr ge\u00f6ffnet und ist das ganze Jahr \u00fcber Gastgeber zahlreicher Veranstaltungen, einschlie\u00dflich eines Halbmarathons und Festivals.<\/p>\n","protected":false},"excerpt":{"rendered":"<p>Die K\u00f6niglichen Parkanlagen &#8211; In London gibt es viele Parkanlagen und G\u00e4rten, in denen man w\u00e4hrend eines Urlaubs in der Hauptstadt des UK entspannen und die wundervolle Umgebung genie\u00dfen kann. London hat zahlreiche Gr\u00fcnanlagen und offene Fl\u00e4chen im gesamten Zentral- und Greater London-Gebiet, so dass dies wahrhaftig eine gr\u00fcne Stadt ist. Einige davon waren einst [&hellip;]<\/p>\n","protected":false},"author":1,"featured_media":0,"parent":0,"menu_order":0,"comment_status":"closed","ping_status":"closed","template":"single-four.php","meta":[],"acf":[],"yoast_head":"<!-- This site is optimized with the Yoast SEO plugin v19.4 - https:\/\/yoast.com\/wordpress\/plugins\/seo\/ -->\n<title>Londons sch\u00f6nsten historische k\u00f6nigliche Parkanlagen und G\u00e4rten - Urlaub &amp; Reisen<\/title>\n<meta name=\"robots\" content=\"index, follow, max-snippet:-1, max-image-preview:large, max-video-preview:-1\" \/>\n<link rel=\"canonical\" href=\"https:\/\/www.urlaubcornwall.de\/blog\/londons-historische-koenigliche-parkanlagen-und-gaerten\/\" \/>\n<meta property=\"og:locale\" content=\"en_US\" \/>\n<meta property=\"og:type\" content=\"article\" \/>\n<meta property=\"og:title\" content=\"Londons sch\u00f6nsten historische k\u00f6nigliche Parkanlagen und G\u00e4rten - Urlaub &amp; Reisen\" \/>\n<meta property=\"og:description\" content=\"Die K\u00f6niglichen Parkanlagen &#8211; In London gibt es viele Parkanlagen und G\u00e4rten, in denen man w\u00e4hrend eines Urlaubs in der Hauptstadt des UK entspannen und die wundervolle Umgebung genie\u00dfen kann. London hat zahlreiche Gr\u00fcnanlagen und offene Fl\u00e4chen im gesamten Zentral- und Greater London-Gebiet, so dass dies wahrhaftig eine gr\u00fcne Stadt ist. Einige davon waren einst [&hellip;]\" \/>\n<meta property=\"og:url\" content=\"https:\/\/www.urlaubcornwall.de\/blog\/londons-historische-koenigliche-parkanlagen-und-gaerten\/\" \/>\n<meta property=\"og:site_name\" content=\"Urlaub &amp; Reisen\" \/>\n<meta property=\"article:modified_time\" content=\"2024-05-30T13:51:56+00:00\" \/>\n<meta property=\"og:image\" content=\"https:\/\/www.urlaubcornwall.de\/blog\/wp-content\/uploads\/2018\/02\/st-james-park-london.jpg\" \/>\n<meta name=\"twitter:card\" content=\"summary\" \/>\n<meta name=\"twitter:label1\" content=\"Est. reading time\" \/>\n\t<meta name=\"twitter:data1\" content=\"7 minutes\" \/>\n<script type=\"application\/ld+json\" class=\"yoast-schema-graph\">{\"@context\":\"https:\/\/schema.org\",\"@graph\":[{\"@type\":\"WebSite\",\"@id\":\"https:\/\/www.urlaubcornwall.de\/blog\/#website\",\"url\":\"https:\/\/www.urlaubcornwall.de\/blog\/\",\"name\":\"Urlaub &amp; Reisen\",\"description\":\"Urlaub, Reisen, Cornwall und S\u00fcdengland: eine perfekte Kombination\",\"potentialAction\":[{\"@type\":\"SearchAction\",\"target\":{\"@type\":\"EntryPoint\",\"urlTemplate\":\"https:\/\/www.urlaubcornwall.de\/blog\/?s={search_term_string}\"},\"query-input\":\"required name=search_term_string\"}],\"inLanguage\":\"en-US\"},{\"@type\":\"WebPage\",\"@id\":\"https:\/\/www.urlaubcornwall.de\/blog\/londons-historische-koenigliche-parkanlagen-und-gaerten\/\",\"url\":\"https:\/\/www.urlaubcornwall.de\/blog\/londons-historische-koenigliche-parkanlagen-und-gaerten\/\",\"name\":\"Londons sch\u00f6nsten historische k\u00f6nigliche Parkanlagen und G\u00e4rten - Urlaub &amp; Reisen\",\"isPartOf\":{\"@id\":\"https:\/\/www.urlaubcornwall.de\/blog\/#website\"},\"datePublished\":\"2018-03-18T12:24:12+00:00\",\"dateModified\":\"2024-05-30T13:51:56+00:00\",\"breadcrumb\":{\"@id\":\"https:\/\/www.urlaubcornwall.de\/blog\/londons-historische-koenigliche-parkanlagen-und-gaerten\/#breadcrumb\"},\"inLanguage\":\"en-US\",\"potentialAction\":[{\"@type\":\"ReadAction\",\"target\":[\"https:\/\/www.urlaubcornwall.de\/blog\/londons-historische-koenigliche-parkanlagen-und-gaerten\/\"]}]},{\"@type\":\"BreadcrumbList\",\"@id\":\"https:\/\/www.urlaubcornwall.de\/blog\/londons-historische-koenigliche-parkanlagen-und-gaerten\/#breadcrumb\",\"itemListElement\":[{\"@type\":\"ListItem\",\"position\":1,\"name\":\"Home\",\"item\":\"https:\/\/www.urlaubcornwall.de\/blog\/\"},{\"@type\":\"ListItem\",\"position\":2,\"name\":\"Londons sch\u00f6nsten historische k\u00f6nigliche Parkanlagen und G\u00e4rten\"}]}]}<\/script>\n<!-- \/ Yoast SEO plugin. -->","yoast_head_json":{"title":"Londons sch\u00f6nsten historische k\u00f6nigliche Parkanlagen und G\u00e4rten - Urlaub &amp; Reisen","robots":{"index":"index","follow":"follow","max-snippet":"max-snippet:-1","max-image-preview":"max-image-preview:large","max-video-preview":"max-video-preview:-1"},"canonical":"https:\/\/www.urlaubcornwall.de\/blog\/londons-historische-koenigliche-parkanlagen-und-gaerten\/","og_locale":"en_US","og_type":"article","og_title":"Londons sch\u00f6nsten historische k\u00f6nigliche Parkanlagen und G\u00e4rten - Urlaub &amp; Reisen","og_description":"Die K\u00f6niglichen Parkanlagen &#8211; In London gibt es viele Parkanlagen und G\u00e4rten, in denen man w\u00e4hrend eines Urlaubs in der Hauptstadt des UK entspannen und die wundervolle Umgebung genie\u00dfen kann. London hat zahlreiche Gr\u00fcnanlagen und offene Fl\u00e4chen im gesamten Zentral- und Greater London-Gebiet, so dass dies wahrhaftig eine gr\u00fcne Stadt ist. Einige davon waren einst [&hellip;]","og_url":"https:\/\/www.urlaubcornwall.de\/blog\/londons-historische-koenigliche-parkanlagen-und-gaerten\/","og_site_name":"Urlaub &amp; Reisen","article_modified_time":"2024-05-30T13:51:56+00:00","og_image":[{"url":"https:\/\/www.urlaubcornwall.de\/blog\/wp-content\/uploads\/2018\/02\/st-james-park-london.jpg"}],"twitter_card":"summary","twitter_misc":{"Est. reading time":"7 minutes"},"schema":{"@context":"https:\/\/schema.org","@graph":[{"@type":"WebSite","@id":"https:\/\/www.urlaubcornwall.de\/blog\/#website","url":"https:\/\/www.urlaubcornwall.de\/blog\/","name":"Urlaub &amp; Reisen","description":"Urlaub, Reisen, Cornwall und S\u00fcdengland: eine perfekte Kombination","potentialAction":[{"@type":"SearchAction","target":{"@type":"EntryPoint","urlTemplate":"https:\/\/www.urlaubcornwall.de\/blog\/?s={search_term_string}"},"query-input":"required name=search_term_string"}],"inLanguage":"en-US"},{"@type":"WebPage","@id":"https:\/\/www.urlaubcornwall.de\/blog\/londons-historische-koenigliche-parkanlagen-und-gaerten\/","url":"https:\/\/www.urlaubcornwall.de\/blog\/londons-historische-koenigliche-parkanlagen-und-gaerten\/","name":"Londons sch\u00f6nsten historische k\u00f6nigliche Parkanlagen und G\u00e4rten - Urlaub &amp; Reisen","isPartOf":{"@id":"https:\/\/www.urlaubcornwall.de\/blog\/#website"},"datePublished":"2018-03-18T12:24:12+00:00","dateModified":"2024-05-30T13:51:56+00:00","breadcrumb":{"@id":"https:\/\/www.urlaubcornwall.de\/blog\/londons-historische-koenigliche-parkanlagen-und-gaerten\/#breadcrumb"},"inLanguage":"en-US","potentialAction":[{"@type":"ReadAction","target":["https:\/\/www.urlaubcornwall.de\/blog\/londons-historische-koenigliche-parkanlagen-und-gaerten\/"]}]},{"@type":"BreadcrumbList","@id":"https:\/\/www.urlaubcornwall.de\/blog\/londons-historische-koenigliche-parkanlagen-und-gaerten\/#breadcrumb","itemListElement":[{"@type":"ListItem","position":1,"name":"Home","item":"https:\/\/www.urlaubcornwall.de\/blog\/"},{"@type":"ListItem","position":2,"name":"Londons sch\u00f6nsten historische k\u00f6nigliche Parkanlagen und G\u00e4rten"}]}]}},"_links":{"self":[{"href":"https:\/\/www.urlaubcornwall.de\/blog\/wp-json\/wp\/v2\/pages\/32650"}],"collection":[{"href":"https:\/\/www.urlaubcornwall.de\/blog\/wp-json\/wp\/v2\/pages"}],"about":[{"href":"https:\/\/www.urlaubcornwall.de\/blog\/wp-json\/wp\/v2\/types\/page"}],"author":[{"embeddable":true,"href":"https:\/\/www.urlaubcornwall.de\/blog\/wp-json\/wp\/v2\/users\/1"}],"replies":[{"embeddable":true,"href":"https:\/\/www.urlaubcornwall.de\/blog\/wp-json\/wp\/v2\/comments?post=32650"}],"version-history":[{"count":10,"href":"https:\/\/www.urlaubcornwall.de\/blog\/wp-json\/wp\/v2\/pages\/32650\/revisions"}],"predecessor-version":[{"id":51085,"href":"https:\/\/www.urlaubcornwall.de\/blog\/wp-json\/wp\/v2\/pages\/32650\/revisions\/51085"}],"wp:attachment":[{"href":"https:\/\/www.urlaubcornwall.de\/blog\/wp-json\/wp\/v2\/media?parent=32650"}],"curies":[{"name":"wp","href":"https:\/\/api.w.org\/{rel}","templated":true}]}}