{"id":32625,"date":"2018-02-25T14:20:50","date_gmt":"2018-02-25T14:20:50","guid":{"rendered":"https:\/\/www.urlaubcornwall.de\/blog\/?page_id=32625"},"modified":"2024-05-30T13:49:18","modified_gmt":"2024-05-30T13:49:18","slug":"schloss-windsor-historische-haeuser-gaerten-berkshire","status":"publish","type":"page","link":"https:\/\/www.urlaubcornwall.de\/blog\/schloss-windsor-historische-haeuser-gaerten-berkshire\/","title":{"rendered":"Schloss Windsor, Historische H\u00e4user &#038; G\u00e4rten in der k\u00f6niglichen Grafschaft Berkshire"},"content":{"rendered":"<p>Westlich von London befindet sich die k\u00f6niglichen <a href=\"https:\/\/www.urlaubcornwall.de\/ferienhaeuser-fewos\/eng\/berkshire\/berkshire.html\">Grafschaft Berkshire<\/a>, Zuhause zahlreicher gro\u00dfartiger historischer Wohnsitze und Geb\u00e4ude, das bekannteste davon ist Windsor Castle. Lediglich in kurzer Entfernung von London, ist es einfach, w\u00e4hrend eines Tagesausflugs viele von Berkshires gro\u00dfartigen Herrenh\u00e4usern und G\u00e4rten zu sehen, wenn Sie Urlaub in der Stadt verbringen.<\/p>\n<p><strong>Windsor Castle<\/strong><\/p>\n<p><img loading=\"lazy\" class=\"aligncenter size-full wp-image-47907\" src=\"https:\/\/www.urlaubcornwall.de\/blog\/wp-content\/uploads\/2024\/03\/windsor-castle.jpg\" alt=\"windsor castle\" width=\"749\" height=\"569\" srcset=\"https:\/\/www.urlaubcornwall.de\/blog\/wp-content\/uploads\/2024\/03\/windsor-castle.jpg 749w, https:\/\/www.urlaubcornwall.de\/blog\/wp-content\/uploads\/2024\/03\/windsor-castle-300x228.jpg 300w\" sizes=\"(max-width: 749px) 100vw, 749px\" \/><\/p>\n<p>Kein Londonbesuch w\u00e4re komplett ohne eine Fahrt zum Schloss Windsor, dem Familienwohnsitz britischer K\u00f6nige und K\u00f6niginnen \u00fcber mehr als 1000 Jahre hinweg. Das Schloss ist riesig, erstreckt sich \u00fcber 5 Hektar und ist das gr\u00f6\u00dfte und \u00e4lteste bewohnte Schloss der Welt, und hier verbringt die K\u00f6nigin die Mehrheit ihrer privaten Wochenenden. Sie wissen genau, wenn sie hier ist, denn wenn die Flagge vom Rundturm des Schlosses weht, dann ist es die k\u00f6nigliche Flagge, und somit ist die K\u00f6nigin hier.<\/p>\n<p>Das Schloss, das sich in der Stadtmitte befindet, ist Besuchern das ganze Jahr \u00fcber zug\u00e4nglich; es gibt so viel zu sehen, so dass Sie ungef\u00e4hr 3 Stunden einplanen sollten, um alles zu sehen. Bevor Sie eine Tour durch das Schloss mit seinen wundersch\u00f6nen M\u00f6beln, herrlichem Dekor und Sammlung seltener Gem\u00e4lde machen, k\u00f6nnen Sie sich kostenfrei einer 30min\u00fctigen Tour des Schlossau\u00dfenbereichs anschlie\u00dfen. Dienstags, donnerstags und samstags findet um 11 Uhr die Wachabl\u00f6sung statt; dieses bunte Spektakel britischen Pomps dient auch einem milit\u00e4rischen Zweck; die neue Wachtruppe marschiert durch die Stadt Windsor, bevor die Aufgabe \u00fcbergeben wird.<\/p>\n<p><strong>Highclere Castle<\/strong><\/p>\n<p><img loading=\"lazy\" class=\"aligncenter size-full wp-image-47847\" src=\"https:\/\/www.urlaubcornwall.de\/blog\/wp-content\/uploads\/2024\/03\/highclere-schloss.jpg\" alt=\"highclere-schloss\" width=\"750\" height=\"500\" srcset=\"https:\/\/www.urlaubcornwall.de\/blog\/wp-content\/uploads\/2024\/03\/highclere-schloss.jpg 750w, https:\/\/www.urlaubcornwall.de\/blog\/wp-content\/uploads\/2024\/03\/highclere-schloss-300x200.jpg 300w\" sizes=\"(max-width: 750px) 100vw, 750px\" \/><\/p>\n<p>Highclere Castle ist eines von Englands wundersch\u00f6nsten viktorianischen Schl\u00f6ssern, innerhalb eines 2000 Hektar gro\u00dfen Grundst\u00fccks gelegen im spektakul\u00e4ren l\u00e4ndlichen Raum in der N\u00e4he von Newbury. Das Schloss ist seit 1679 das Zuhause der Familie Carnarvon und noch immer Wohnsitz des derzeitigen Earl of Carnarvon. Highclere Castle ist \u2018die tats\u00e4chliche Downton Abbey\u2019 in der britischen Fernsehserie und ist zu verschiedenen Zeiten w\u00e4hrend des Jahres der \u00d6ffentlichkeit zug\u00e4nglich. Tickets k\u00f6nnen online erworben werden. Neben der Erkundung des herrlichen Staatsraumes, den G\u00e4rten und W\u00e4ldern gibt es die \u00c4gyptische Ausstellung. Vor 100 Jahren entdeckte der 5. Earl of Carnarvon gemeinsam mit seinem Arch\u00e4ologenkollegen Howard Carter ber\u00fchmterma\u00dfen die Grabst\u00e4tte des \u00e4gyptischen Kindpharaos Tutankhamun. Im Keller des Schlosses befindet sich der Antiquit\u00e4tenraum, wo Sie die Geschichte dieser Entdeckung kennenlernen und Artefakten dazu sehen.<\/p>\n<p><strong>Basildon Park<\/strong><\/p>\n<p>Innerhalb von 162 Hektar historischer Parkanlage und G\u00e4rten gelegen, wurde dieses Herrenhaus aus dem 18. Jahrhundert in Lower Basildon bei Reading von Lord und Lady Iliffe in den 1950ern gekauft, und sie haben nahezu 50 Jahre damit verbracht, das Haus zu renovieren und seine urspr\u00fcngliche Pracht wiederherzustellen. Der bewaldete Park und die G\u00e4rten wurden zu neuem Leben erweckt, indem neue Elemente hinzugef\u00fcgt wurden, wie Lady Iliffes Rosengarten. Haus und Gut befinden sich heute im Besitz des National Trust und sind das ganze Jahr \u00fcber ge\u00f6ffnet; angeleinte Hunde sind auf dem Grundst\u00fcck gestattet.<\/p>\n<p><strong>Mapledurham House<\/strong><\/p>\n<p>Mapledurham House ist ein Landhaus aus dem 12. Jahrhundert im quintessentiellen englischen Dorf Mapledurham am Fluss Thames. Haus und Dorf dienen h\u00e4ufig als Film- oder Fernsehdrehort, unter anderem Inspektor Barnaby und Agatha Christie. Aufgrund von Renovierungsarbeiten wird das Haus im Jahre 2018 Besuchern nicht zug\u00e4nglich sein, doch die Wasserm\u00fchle, die einzige betriebene M\u00fchle an der Themse wird ge\u00f6ffnet sein, sowie die Teer\u00e4ume und das \u00fcbrige Gut.<\/p>\n<p><strong>Dorney Court<\/strong><\/p>\n<p>Dorney Court bei Windsor gilt als eines von Englands feinsten Tudor \u2013 Herrenh\u00e4usern und wird seit mehr als 500 Jahren von der Familie Palmer bewohnt. Es befindet sich in Landschaftsg\u00e4rten mit Blick \u00fcber Parkanlagen. Dorney Court ist somit eine l\u00e4ndliche Oase an der Themse, lediglich eine kurze Strecke von London entfernt. Das Haus ist an Maifeiertagen und im August der \u00d6ffentlichkeit zug\u00e4nglich; es sind auch das ganze Jahr \u00fcber vorgebuchte Touren f\u00fcr Gruppen erh\u00e4ltlich, wobei dann in der Gro\u00dfen Halle Erfrischungen serviert werden.<\/p>\n<h2 style=\"text-align: center;\"><a href=\"https:\/\/www.urlaubcornwall.de\/ferienhaeuser\/suedengland.php\"><strong>Pers\u00f6nlich inspizierte Ferienh\u00e4user, Ferienwohnungen &amp; Cottages in S\u00fcdengland f\u00fcr Ihren Urlaub<\/strong><\/a><\/h2>\n<p style=\"text-align: center;\">Bei uns finden Sie Ferienh\u00e4user zum Verlieben; so einfach ist das!<\/p>\n<p style=\"text-align: center;\"><a class=\"tidycta\" href=\"https:\/\/www.urlaubcornwall.de\/ferienhaeuser\/suedengland.php\">Suche Ferienh\u00e4user<\/a><\/p>\n","protected":false},"excerpt":{"rendered":"<p>Westlich von London befindet sich die k\u00f6niglichen Grafschaft Berkshire, Zuhause zahlreicher gro\u00dfartiger historischer Wohnsitze und Geb\u00e4ude, das bekannteste davon ist Windsor Castle. Lediglich in kurzer Entfernung von London, ist es einfach, w\u00e4hrend eines Tagesausflugs viele von Berkshires gro\u00dfartigen Herrenh\u00e4usern und G\u00e4rten zu sehen, wenn Sie Urlaub in der Stadt verbringen. Windsor Castle Kein Londonbesuch w\u00e4re [&hellip;]<\/p>\n","protected":false},"author":1,"featured_media":0,"parent":0,"menu_order":0,"comment_status":"closed","ping_status":"closed","template":"single-four.php","meta":[],"acf":[],"yoast_head":"<!-- This site is optimized with the Yoast SEO plugin v19.4 - https:\/\/yoast.com\/wordpress\/plugins\/seo\/ -->\n<title>Schloss Windsor, Historische H\u00e4user &amp; G\u00e4rten in der k\u00f6niglichen Grafschaft Berkshire - Urlaub &amp; Reisen<\/title>\n<meta name=\"robots\" content=\"index, follow, max-snippet:-1, max-image-preview:large, max-video-preview:-1\" \/>\n<link rel=\"canonical\" href=\"https:\/\/www.urlaubcornwall.de\/blog\/schloss-windsor-historische-haeuser-gaerten-berkshire\/\" \/>\n<meta property=\"og:locale\" content=\"en_US\" \/>\n<meta property=\"og:type\" content=\"article\" \/>\n<meta property=\"og:title\" content=\"Schloss Windsor, Historische H\u00e4user &amp; G\u00e4rten in der k\u00f6niglichen Grafschaft Berkshire - Urlaub &amp; Reisen\" \/>\n<meta property=\"og:description\" content=\"Westlich von London befindet sich die k\u00f6niglichen Grafschaft Berkshire, Zuhause zahlreicher gro\u00dfartiger historischer Wohnsitze und Geb\u00e4ude, das bekannteste davon ist Windsor Castle. Lediglich in kurzer Entfernung von London, ist es einfach, w\u00e4hrend eines Tagesausflugs viele von Berkshires gro\u00dfartigen Herrenh\u00e4usern und G\u00e4rten zu sehen, wenn Sie Urlaub in der Stadt verbringen. Windsor Castle Kein Londonbesuch w\u00e4re [&hellip;]\" \/>\n<meta property=\"og:url\" content=\"https:\/\/www.urlaubcornwall.de\/blog\/schloss-windsor-historische-haeuser-gaerten-berkshire\/\" \/>\n<meta property=\"og:site_name\" content=\"Urlaub &amp; Reisen\" \/>\n<meta property=\"article:modified_time\" content=\"2024-05-30T13:49:18+00:00\" \/>\n<meta property=\"og:image\" content=\"https:\/\/www.urlaubcornwall.de\/blog\/wp-content\/uploads\/2024\/03\/windsor-castle.jpg\" \/>\n<meta name=\"twitter:card\" content=\"summary\" \/>\n<meta name=\"twitter:label1\" content=\"Est. reading time\" \/>\n\t<meta name=\"twitter:data1\" content=\"4 minutes\" \/>\n<script type=\"application\/ld+json\" class=\"yoast-schema-graph\">{\"@context\":\"https:\/\/schema.org\",\"@graph\":[{\"@type\":\"WebSite\",\"@id\":\"https:\/\/www.urlaubcornwall.de\/blog\/#website\",\"url\":\"https:\/\/www.urlaubcornwall.de\/blog\/\",\"name\":\"Urlaub &amp; Reisen\",\"description\":\"Urlaub, Reisen, Cornwall und S\u00fcdengland: eine perfekte Kombination\",\"potentialAction\":[{\"@type\":\"SearchAction\",\"target\":{\"@type\":\"EntryPoint\",\"urlTemplate\":\"https:\/\/www.urlaubcornwall.de\/blog\/?s={search_term_string}\"},\"query-input\":\"required name=search_term_string\"}],\"inLanguage\":\"en-US\"},{\"@type\":\"WebPage\",\"@id\":\"https:\/\/www.urlaubcornwall.de\/blog\/schloss-windsor-historische-haeuser-gaerten-berkshire\/\",\"url\":\"https:\/\/www.urlaubcornwall.de\/blog\/schloss-windsor-historische-haeuser-gaerten-berkshire\/\",\"name\":\"Schloss Windsor, Historische H\u00e4user & G\u00e4rten in der k\u00f6niglichen Grafschaft Berkshire - Urlaub &amp; Reisen\",\"isPartOf\":{\"@id\":\"https:\/\/www.urlaubcornwall.de\/blog\/#website\"},\"datePublished\":\"2018-02-25T14:20:50+00:00\",\"dateModified\":\"2024-05-30T13:49:18+00:00\",\"breadcrumb\":{\"@id\":\"https:\/\/www.urlaubcornwall.de\/blog\/schloss-windsor-historische-haeuser-gaerten-berkshire\/#breadcrumb\"},\"inLanguage\":\"en-US\",\"potentialAction\":[{\"@type\":\"ReadAction\",\"target\":[\"https:\/\/www.urlaubcornwall.de\/blog\/schloss-windsor-historische-haeuser-gaerten-berkshire\/\"]}]},{\"@type\":\"BreadcrumbList\",\"@id\":\"https:\/\/www.urlaubcornwall.de\/blog\/schloss-windsor-historische-haeuser-gaerten-berkshire\/#breadcrumb\",\"itemListElement\":[{\"@type\":\"ListItem\",\"position\":1,\"name\":\"Home\",\"item\":\"https:\/\/www.urlaubcornwall.de\/blog\/\"},{\"@type\":\"ListItem\",\"position\":2,\"name\":\"Schloss Windsor, Historische H\u00e4user &#038; G\u00e4rten in der k\u00f6niglichen Grafschaft Berkshire\"}]}]}<\/script>\n<!-- \/ Yoast SEO plugin. -->","yoast_head_json":{"title":"Schloss Windsor, Historische H\u00e4user & G\u00e4rten in der k\u00f6niglichen Grafschaft Berkshire - Urlaub &amp; Reisen","robots":{"index":"index","follow":"follow","max-snippet":"max-snippet:-1","max-image-preview":"max-image-preview:large","max-video-preview":"max-video-preview:-1"},"canonical":"https:\/\/www.urlaubcornwall.de\/blog\/schloss-windsor-historische-haeuser-gaerten-berkshire\/","og_locale":"en_US","og_type":"article","og_title":"Schloss Windsor, Historische H\u00e4user & G\u00e4rten in der k\u00f6niglichen Grafschaft Berkshire - Urlaub &amp; Reisen","og_description":"Westlich von London befindet sich die k\u00f6niglichen Grafschaft Berkshire, Zuhause zahlreicher gro\u00dfartiger historischer Wohnsitze und Geb\u00e4ude, das bekannteste davon ist Windsor Castle. Lediglich in kurzer Entfernung von London, ist es einfach, w\u00e4hrend eines Tagesausflugs viele von Berkshires gro\u00dfartigen Herrenh\u00e4usern und G\u00e4rten zu sehen, wenn Sie Urlaub in der Stadt verbringen. Windsor Castle Kein Londonbesuch w\u00e4re [&hellip;]","og_url":"https:\/\/www.urlaubcornwall.de\/blog\/schloss-windsor-historische-haeuser-gaerten-berkshire\/","og_site_name":"Urlaub &amp; Reisen","article_modified_time":"2024-05-30T13:49:18+00:00","og_image":[{"url":"https:\/\/www.urlaubcornwall.de\/blog\/wp-content\/uploads\/2024\/03\/windsor-castle.jpg"}],"twitter_card":"summary","twitter_misc":{"Est. reading time":"4 minutes"},"schema":{"@context":"https:\/\/schema.org","@graph":[{"@type":"WebSite","@id":"https:\/\/www.urlaubcornwall.de\/blog\/#website","url":"https:\/\/www.urlaubcornwall.de\/blog\/","name":"Urlaub &amp; Reisen","description":"Urlaub, Reisen, Cornwall und S\u00fcdengland: eine perfekte Kombination","potentialAction":[{"@type":"SearchAction","target":{"@type":"EntryPoint","urlTemplate":"https:\/\/www.urlaubcornwall.de\/blog\/?s={search_term_string}"},"query-input":"required name=search_term_string"}],"inLanguage":"en-US"},{"@type":"WebPage","@id":"https:\/\/www.urlaubcornwall.de\/blog\/schloss-windsor-historische-haeuser-gaerten-berkshire\/","url":"https:\/\/www.urlaubcornwall.de\/blog\/schloss-windsor-historische-haeuser-gaerten-berkshire\/","name":"Schloss Windsor, Historische H\u00e4user & G\u00e4rten in der k\u00f6niglichen Grafschaft Berkshire - Urlaub &amp; Reisen","isPartOf":{"@id":"https:\/\/www.urlaubcornwall.de\/blog\/#website"},"datePublished":"2018-02-25T14:20:50+00:00","dateModified":"2024-05-30T13:49:18+00:00","breadcrumb":{"@id":"https:\/\/www.urlaubcornwall.de\/blog\/schloss-windsor-historische-haeuser-gaerten-berkshire\/#breadcrumb"},"inLanguage":"en-US","potentialAction":[{"@type":"ReadAction","target":["https:\/\/www.urlaubcornwall.de\/blog\/schloss-windsor-historische-haeuser-gaerten-berkshire\/"]}]},{"@type":"BreadcrumbList","@id":"https:\/\/www.urlaubcornwall.de\/blog\/schloss-windsor-historische-haeuser-gaerten-berkshire\/#breadcrumb","itemListElement":[{"@type":"ListItem","position":1,"name":"Home","item":"https:\/\/www.urlaubcornwall.de\/blog\/"},{"@type":"ListItem","position":2,"name":"Schloss Windsor, Historische H\u00e4user &#038; G\u00e4rten in der k\u00f6niglichen Grafschaft Berkshire"}]}]}},"_links":{"self":[{"href":"https:\/\/www.urlaubcornwall.de\/blog\/wp-json\/wp\/v2\/pages\/32625"}],"collection":[{"href":"https:\/\/www.urlaubcornwall.de\/blog\/wp-json\/wp\/v2\/pages"}],"about":[{"href":"https:\/\/www.urlaubcornwall.de\/blog\/wp-json\/wp\/v2\/types\/page"}],"author":[{"embeddable":true,"href":"https:\/\/www.urlaubcornwall.de\/blog\/wp-json\/wp\/v2\/users\/1"}],"replies":[{"embeddable":true,"href":"https:\/\/www.urlaubcornwall.de\/blog\/wp-json\/wp\/v2\/comments?post=32625"}],"version-history":[{"count":8,"href":"https:\/\/www.urlaubcornwall.de\/blog\/wp-json\/wp\/v2\/pages\/32625\/revisions"}],"predecessor-version":[{"id":51082,"href":"https:\/\/www.urlaubcornwall.de\/blog\/wp-json\/wp\/v2\/pages\/32625\/revisions\/51082"}],"wp:attachment":[{"href":"https:\/\/www.urlaubcornwall.de\/blog\/wp-json\/wp\/v2\/media?parent=32625"}],"curies":[{"name":"wp","href":"https:\/\/api.w.org\/{rel}","templated":true}]}}