{"id":32413,"date":"2018-02-12T15:49:23","date_gmt":"2018-02-12T15:49:23","guid":{"rendered":"https:\/\/www.urlaubcornwall.de\/blog\/?page_id=32413"},"modified":"2021-09-17T11:15:40","modified_gmt":"2021-09-17T11:15:40","slug":"ferienhaus-edinburgh-mit-hund-mieten","status":"publish","type":"page","link":"https:\/\/www.urlaubcornwall.de\/blog\/ferienhaus-edinburgh-mit-hund-mieten\/","title":{"rendered":"Ferienhaus in Edinburgh mit Hund mieten"},"content":{"rendered":"<p><img loading=\"lazy\" class=\"aligncenter size-full wp-image-32414\" src=\"https:\/\/www.urlaubcornwall.de\/blog\/wp-content\/uploads\/2018\/02\/ferienhaus-edinburgh-mit-hund.jpg\" alt=\"ferienhaus edinburgh mit hund\" width=\"749\" height=\"484\"\/><br \/>\n<strong>Hundefreundlich Ferienhaus in Edinburgh mit 2 Schlafzimmern 4 Schlafgelegenheiten<\/strong><\/p>\n<p>Ein Ferienhaus in einer herrlichen, gehobenen Lage in einer steingepflasterten Gasse. Nur einen kurzen Spaziergang von der George Street mit ihren wunderbaren Restaurants, Boutiquen und der Princes Street mit ihren sch\u00f6nen \u00f6ffentlichen G\u00e4rten entfernt. Es gibt nie einen Mangel an Dingen, die mit dem wunderbaren Nachtleben der Stadt zu tun haben, einschlie\u00dflich Theater, Comedy und Nachtclubs. Besuchen Sie das weltbekannte j\u00e4hrliche Fringe Festival, Military Tattoo, Weihnachtsm\u00e4rkte und Hogmanay Festival. Die Sehensw\u00fcrdigkeiten der Stadt, wie das Edinburgh Castle, das Scotts Museum f\u00fcr Kunstgalerien und die ber\u00fchmte k\u00f6nigliche Meile, sind alle in der N\u00e4he. Mit dem Tram-Terminal von Edinburgh mit Verbindungen in die Stadt nur einen kurzen Spaziergang entfernt. Arthur Sitz Holyrood Park und sch\u00f6ne Sandstr\u00e4nde sind ebenfalls leicht zu erreichen.<\/p>\n<p style=\"text-align: center;\"><a class=\"tidycta\" href=\"https:\/\/www.urlaubcornwall.de\/ferienhaeuser-fewos\/sco\/zentralschottland\/edinburgh.html\">Suche Ferienh\u00e4user Edinburgh<\/a><\/p>\n<p style=\"text-align: center;\">Pers\u00f6nlich inspizierte Ferienh\u00e4user und Ferienwohnungen f\u00fcr Ihren Urlaub in Schottland.<\/p>\n<p style=\"text-align: center;\"><a href=\"https:\/\/www.urlaubcornwall.de\/ferienhaeuser-fewos\/sco\/edinburgh-and-lothians\/edinburgh-and-lothians.html\"><strong>Ferienh\u00e4user, Cottages &amp; Ferienwohnungen in Edinburgh<\/strong><\/a><\/p>\n","protected":false},"excerpt":{"rendered":"<p>Hundefreundlich Ferienhaus in Edinburgh mit 2 Schlafzimmern 4 Schlafgelegenheiten Ein Ferienhaus in einer herrlichen, gehobenen Lage in einer steingepflasterten Gasse. Nur einen kurzen Spaziergang von der George Street mit ihren wunderbaren Restaurants, Boutiquen und der Princes Street mit ihren sch\u00f6nen \u00f6ffentlichen G\u00e4rten entfernt. Es gibt nie einen Mangel an Dingen, die mit dem wunderbaren Nachtleben [&hellip;]<\/p>\n","protected":false},"author":1,"featured_media":0,"parent":0,"menu_order":0,"comment_status":"closed","ping_status":"closed","template":"single-four.php","meta":[],"acf":[],"yoast_head":"<!-- This site is optimized with the Yoast SEO plugin v19.4 - https:\/\/yoast.com\/wordpress\/plugins\/seo\/ -->\n<title>Ferienhaus in Edinburgh mit Hund mieten - Urlaub &amp; Reisen<\/title>\n<meta name=\"description\" content=\"Ein Ferienhaus in einer herrlichen, gehobenen Lage in einer steingepflasterten Gasse. Nur einen kurzen Spaziergang von der George Street mit ihren wunderbaren Restaurants, Boutiquen und der Princes Street mit ihren sch\u00f6nen \u00f6ffentlichen G\u00e4rten entfernt. Es gibt nie einen Mangel an Dingen, die mit dem wunderbaren Nachtleben der Stadt zu tun haben\" \/>\n<meta name=\"robots\" content=\"index, follow, max-snippet:-1, max-image-preview:large, max-video-preview:-1\" \/>\n<link rel=\"canonical\" href=\"https:\/\/www.urlaubcornwall.de\/blog\/ferienhaus-edinburgh-mit-hund-mieten\/\" \/>\n<meta property=\"og:locale\" content=\"en_US\" \/>\n<meta property=\"og:type\" content=\"article\" \/>\n<meta property=\"og:title\" content=\"Ferienhaus in Edinburgh mit Hund mieten - Urlaub &amp; Reisen\" \/>\n<meta property=\"og:description\" content=\"Ein Ferienhaus in einer herrlichen, gehobenen Lage in einer steingepflasterten Gasse. Nur einen kurzen Spaziergang von der George Street mit ihren wunderbaren Restaurants, Boutiquen und der Princes Street mit ihren sch\u00f6nen \u00f6ffentlichen G\u00e4rten entfernt. Es gibt nie einen Mangel an Dingen, die mit dem wunderbaren Nachtleben der Stadt zu tun haben\" \/>\n<meta property=\"og:url\" content=\"https:\/\/www.urlaubcornwall.de\/blog\/ferienhaus-edinburgh-mit-hund-mieten\/\" \/>\n<meta property=\"og:site_name\" content=\"Urlaub &amp; Reisen\" \/>\n<meta property=\"article:modified_time\" content=\"2021-09-17T11:15:40+00:00\" \/>\n<meta property=\"og:image\" content=\"https:\/\/www.urlaubcornwall.de\/blog\/wp-content\/uploads\/2018\/02\/ferienhaus-edinburgh-mit-hund.jpg\" \/>\n<meta name=\"twitter:card\" content=\"summary\" \/>\n<meta name=\"twitter:label1\" content=\"Est. reading time\" \/>\n\t<meta name=\"twitter:data1\" content=\"1 minute\" \/>\n<script type=\"application\/ld+json\" class=\"yoast-schema-graph\">{\"@context\":\"https:\/\/schema.org\",\"@graph\":[{\"@type\":\"WebSite\",\"@id\":\"https:\/\/www.urlaubcornwall.de\/blog\/#website\",\"url\":\"https:\/\/www.urlaubcornwall.de\/blog\/\",\"name\":\"Urlaub &amp; Reisen\",\"description\":\"Urlaub, Reisen, Cornwall und S\u00fcdengland: eine perfekte Kombination\",\"potentialAction\":[{\"@type\":\"SearchAction\",\"target\":{\"@type\":\"EntryPoint\",\"urlTemplate\":\"https:\/\/www.urlaubcornwall.de\/blog\/?s={search_term_string}\"},\"query-input\":\"required name=search_term_string\"}],\"inLanguage\":\"en-US\"},{\"@type\":\"WebPage\",\"@id\":\"https:\/\/www.urlaubcornwall.de\/blog\/ferienhaus-edinburgh-mit-hund-mieten\/\",\"url\":\"https:\/\/www.urlaubcornwall.de\/blog\/ferienhaus-edinburgh-mit-hund-mieten\/\",\"name\":\"Ferienhaus in Edinburgh mit Hund mieten - Urlaub &amp; Reisen\",\"isPartOf\":{\"@id\":\"https:\/\/www.urlaubcornwall.de\/blog\/#website\"},\"datePublished\":\"2018-02-12T15:49:23+00:00\",\"dateModified\":\"2021-09-17T11:15:40+00:00\",\"description\":\"Ein Ferienhaus in einer herrlichen, gehobenen Lage in einer steingepflasterten Gasse. Nur einen kurzen Spaziergang von der George Street mit ihren wunderbaren Restaurants, Boutiquen und der Princes Street mit ihren sch\u00f6nen \u00f6ffentlichen G\u00e4rten entfernt. Es gibt nie einen Mangel an Dingen, die mit dem wunderbaren Nachtleben der Stadt zu tun haben\",\"breadcrumb\":{\"@id\":\"https:\/\/www.urlaubcornwall.de\/blog\/ferienhaus-edinburgh-mit-hund-mieten\/#breadcrumb\"},\"inLanguage\":\"en-US\",\"potentialAction\":[{\"@type\":\"ReadAction\",\"target\":[\"https:\/\/www.urlaubcornwall.de\/blog\/ferienhaus-edinburgh-mit-hund-mieten\/\"]}]},{\"@type\":\"BreadcrumbList\",\"@id\":\"https:\/\/www.urlaubcornwall.de\/blog\/ferienhaus-edinburgh-mit-hund-mieten\/#breadcrumb\",\"itemListElement\":[{\"@type\":\"ListItem\",\"position\":1,\"name\":\"Home\",\"item\":\"https:\/\/www.urlaubcornwall.de\/blog\/\"},{\"@type\":\"ListItem\",\"position\":2,\"name\":\"Ferienhaus in Edinburgh mit Hund mieten\"}]}]}<\/script>\n<!-- \/ Yoast SEO plugin. -->","yoast_head_json":{"title":"Ferienhaus in Edinburgh mit Hund mieten - Urlaub &amp; Reisen","description":"Ein Ferienhaus in einer herrlichen, gehobenen Lage in einer steingepflasterten Gasse. Nur einen kurzen Spaziergang von der George Street mit ihren wunderbaren Restaurants, Boutiquen und der Princes Street mit ihren sch\u00f6nen \u00f6ffentlichen G\u00e4rten entfernt. Es gibt nie einen Mangel an Dingen, die mit dem wunderbaren Nachtleben der Stadt zu tun haben","robots":{"index":"index","follow":"follow","max-snippet":"max-snippet:-1","max-image-preview":"max-image-preview:large","max-video-preview":"max-video-preview:-1"},"canonical":"https:\/\/www.urlaubcornwall.de\/blog\/ferienhaus-edinburgh-mit-hund-mieten\/","og_locale":"en_US","og_type":"article","og_title":"Ferienhaus in Edinburgh mit Hund mieten - Urlaub &amp; Reisen","og_description":"Ein Ferienhaus in einer herrlichen, gehobenen Lage in einer steingepflasterten Gasse. Nur einen kurzen Spaziergang von der George Street mit ihren wunderbaren Restaurants, Boutiquen und der Princes Street mit ihren sch\u00f6nen \u00f6ffentlichen G\u00e4rten entfernt. Es gibt nie einen Mangel an Dingen, die mit dem wunderbaren Nachtleben der Stadt zu tun haben","og_url":"https:\/\/www.urlaubcornwall.de\/blog\/ferienhaus-edinburgh-mit-hund-mieten\/","og_site_name":"Urlaub &amp; Reisen","article_modified_time":"2021-09-17T11:15:40+00:00","og_image":[{"url":"https:\/\/www.urlaubcornwall.de\/blog\/wp-content\/uploads\/2018\/02\/ferienhaus-edinburgh-mit-hund.jpg"}],"twitter_card":"summary","twitter_misc":{"Est. reading time":"1 minute"},"schema":{"@context":"https:\/\/schema.org","@graph":[{"@type":"WebSite","@id":"https:\/\/www.urlaubcornwall.de\/blog\/#website","url":"https:\/\/www.urlaubcornwall.de\/blog\/","name":"Urlaub &amp; Reisen","description":"Urlaub, Reisen, Cornwall und S\u00fcdengland: eine perfekte Kombination","potentialAction":[{"@type":"SearchAction","target":{"@type":"EntryPoint","urlTemplate":"https:\/\/www.urlaubcornwall.de\/blog\/?s={search_term_string}"},"query-input":"required name=search_term_string"}],"inLanguage":"en-US"},{"@type":"WebPage","@id":"https:\/\/www.urlaubcornwall.de\/blog\/ferienhaus-edinburgh-mit-hund-mieten\/","url":"https:\/\/www.urlaubcornwall.de\/blog\/ferienhaus-edinburgh-mit-hund-mieten\/","name":"Ferienhaus in Edinburgh mit Hund mieten - Urlaub &amp; Reisen","isPartOf":{"@id":"https:\/\/www.urlaubcornwall.de\/blog\/#website"},"datePublished":"2018-02-12T15:49:23+00:00","dateModified":"2021-09-17T11:15:40+00:00","description":"Ein Ferienhaus in einer herrlichen, gehobenen Lage in einer steingepflasterten Gasse. Nur einen kurzen Spaziergang von der George Street mit ihren wunderbaren Restaurants, Boutiquen und der Princes Street mit ihren sch\u00f6nen \u00f6ffentlichen G\u00e4rten entfernt. Es gibt nie einen Mangel an Dingen, die mit dem wunderbaren Nachtleben der Stadt zu tun haben","breadcrumb":{"@id":"https:\/\/www.urlaubcornwall.de\/blog\/ferienhaus-edinburgh-mit-hund-mieten\/#breadcrumb"},"inLanguage":"en-US","potentialAction":[{"@type":"ReadAction","target":["https:\/\/www.urlaubcornwall.de\/blog\/ferienhaus-edinburgh-mit-hund-mieten\/"]}]},{"@type":"BreadcrumbList","@id":"https:\/\/www.urlaubcornwall.de\/blog\/ferienhaus-edinburgh-mit-hund-mieten\/#breadcrumb","itemListElement":[{"@type":"ListItem","position":1,"name":"Home","item":"https:\/\/www.urlaubcornwall.de\/blog\/"},{"@type":"ListItem","position":2,"name":"Ferienhaus in Edinburgh mit Hund mieten"}]}]}},"_links":{"self":[{"href":"https:\/\/www.urlaubcornwall.de\/blog\/wp-json\/wp\/v2\/pages\/32413"}],"collection":[{"href":"https:\/\/www.urlaubcornwall.de\/blog\/wp-json\/wp\/v2\/pages"}],"about":[{"href":"https:\/\/www.urlaubcornwall.de\/blog\/wp-json\/wp\/v2\/types\/page"}],"author":[{"embeddable":true,"href":"https:\/\/www.urlaubcornwall.de\/blog\/wp-json\/wp\/v2\/users\/1"}],"replies":[{"embeddable":true,"href":"https:\/\/www.urlaubcornwall.de\/blog\/wp-json\/wp\/v2\/comments?post=32413"}],"version-history":[{"count":4,"href":"https:\/\/www.urlaubcornwall.de\/blog\/wp-json\/wp\/v2\/pages\/32413\/revisions"}],"predecessor-version":[{"id":42869,"href":"https:\/\/www.urlaubcornwall.de\/blog\/wp-json\/wp\/v2\/pages\/32413\/revisions\/42869"}],"wp:attachment":[{"href":"https:\/\/www.urlaubcornwall.de\/blog\/wp-json\/wp\/v2\/media?parent=32413"}],"curies":[{"name":"wp","href":"https:\/\/api.w.org\/{rel}","templated":true}]}}