{"id":32368,"date":"2018-02-08T15:10:56","date_gmt":"2018-02-08T15:10:56","guid":{"rendered":"https:\/\/www.urlaubcornwall.de\/blog\/?page_id=32368"},"modified":"2024-05-30T12:58:19","modified_gmt":"2024-05-30T12:58:19","slug":"rundreise-suedengland-4-und-5-sterne-hotels-8-tage","status":"publish","type":"page","link":"https:\/\/www.urlaubcornwall.de\/blog\/rundreise-suedengland-4-und-5-sterne-hotels-8-tage\/","title":{"rendered":"Luxus-Rundreise in S\u00fcdengland 4 &#038; 5 Sterne Hotels \u2013 8 Tage"},"content":{"rendered":"<p><a href=\"https:\/\/www.urlaubcornwall.de\/blog\/wp-content\/uploads\/2024\/03\/corfe-castle.jpg\"><img loading=\"lazy\" src=\"https:\/\/www.urlaubcornwall.de\/blog\/wp-content\/uploads\/2024\/03\/corfe-castle.jpg\" alt=\"corfe castle\" width=\"750\" height=\"719\" class=\"alignnone size-full wp-image-47968\" srcset=\"https:\/\/www.urlaubcornwall.de\/blog\/wp-content\/uploads\/2024\/03\/corfe-castle.jpg 750w, https:\/\/www.urlaubcornwall.de\/blog\/wp-content\/uploads\/2024\/03\/corfe-castle-300x288.jpg 300w\" sizes=\"(max-width: 750px) 100vw, 750px\" \/><\/a><\/p>\n<h2><strong>Highlights: Bath, Cotswolds, Dartmoor Nationalpark, Devon, Cornwall<\/strong><\/h2>\n<p>8 Tage \/ 7 N\u00e4chte | t\u00e4glich m\u00f6glich | ab\/bis Newquay, Bristol, Cardiff oder London<\/p>\n<p style=\"text-align: left;\">Sie legen etwas mehr Wert auf tolle Unterk\u00fcnfte? Dann ist diese Reise genau das Richtige f\u00fcr Sie, denn es sind sieben \u00dcbernachtungen in sch\u00f6nen 4-5* Hotels eingeschlossen. Diese \u00fcberzeugen nicht nur mit ihrer tollen Lage sondern auch was Service und Komfort angeht. Die Selbstfahrertour beinhaltet aber nicht nur sch\u00f6ne Unterk\u00fcnfte sondern auch beeindruckende Sehensw\u00fcrdigkeiten, sehenswerte Orte und eindrucksvolle Landschaften.<\/p>\n<p style=\"text-align: center;\"><a class=\"tidycta\" href=\"http:\/\/www.urlaubcornwall.de\/anfrage.php?tourcode=ENGSELBST-10\">Anfrage \/ Buchung<\/a><\/p>\n<p><strong>Tourbeschreibung<\/strong><\/p>\n<p><strong>1. Tag:<\/strong> Anreise nach Bath<\/p>\n<p>F\u00fcr diese Selbstfahrertour eignen sich Fl\u00fcge nach Newquay, Bristol, Cardiff und London. Gerne bieten wir passende Verbindungen an, fragen Sie uns einfach nach einem Angebot. Verbringen Sie den ersten Tag in der Stadt Bath, welche von der UNESCO zum Weltkulturerbe erkl\u00e4rt wurde. Die Stadt selbst sowie die umliegende Landschaft d\u00fcrfen auf keiner S\u00fcdenglandreise fehlen. Die r\u00f6mischen B\u00e4der mit Pumpraum, eine Abteikirche aus dem 15. Jahrhundert und die Royal Crescent, eine halbmondf\u00f6rmige Stra\u00dfe, warten darauf von Ihnen entdeckt zu werden. 2 \u00dcbernachtungen im Macdonald Bath Spa Hotel 4* (Executive Room)<\/p>\n<p><img loading=\"lazy\" class=\"aligncenter size-full wp-image-32369\" src=\"https:\/\/www.urlaubcornwall.de\/blog\/wp-content\/uploads\/2018\/02\/rundreise-bath.jpg\" alt=\"rundreise bath\" width=\"748\" height=\"407\" srcset=\"https:\/\/www.urlaubcornwall.de\/blog\/wp-content\/uploads\/2018\/02\/rundreise-bath.jpg 711w, https:\/\/www.urlaubcornwall.de\/blog\/wp-content\/uploads\/2018\/02\/rundreise-bath-300x163.jpg 300w\" sizes=\"(max-width: 748px) 100vw, 748px\" \/><\/p>\n<p><strong>2. Tag:<\/strong> Bath und Umgebung<\/p>\n<p>Verbringen Sie diesen Tag entweder in der Stadt Bath oder entdecken Sie die Umgebung. Es bietet sich zum Beispiel ein Ausflug in die Cotswolds an. Es handelt sich hier um eine Region mit sanften H\u00fcgeln zwischen den bezaubernden St\u00e4dten Stratford-upon-Avon, Bath und Oxford. Die D\u00f6rfer voller honigfarbener H\u00e4uschen, Landg\u00fctern, charmanten Kirchen und Bruchsteinmauern scheinen aus dem Bilderbuch zu stammen. \u00dcbernachtung wie am Vortag.<\/p>\n<p><strong>3. Tag:<\/strong> Bath \u2013 Dartmoor Nationalpark<\/p>\n<p>Fahrt \u00fcber Wells und Glastonbury nach Exeter. Wells ist nicht nur die kleinste Stadt Englands gelegen in der Grafschaft Somerset, sondern bietet mit St. Andrews auch eine sehr bedeutungsvolle Kathedrale in Anlehnung an die englische Gotik. Auch Glastonbury lohnt mit dem Ham Wall Nature Reserve, Chalice Well und Glastonbury Abbey f\u00fcr einen Zwischenstopp. Lassen Sie nach Ihrer Ankunft im Dartmoor Nationalpark den heutigen Tag doch bei einem sch\u00f6nen Spaziergang ausklingen. 2 \u00dcbernachtungen im Bovey Castle 5* (Castle Room)<\/p>\n<p><strong>4. Tag:<\/strong> Dartmoor Nationalpark<\/p>\n<p>Den heutigen Tag k\u00f6nnen Sie voll und ganz der Erkundung des Dartmoor Nationalparks widmen. Hierbei d\u00fcrfen Sie sich auf wilde, ausgedehnte Moorlandschaften sowie tiefe Flusst\u00e4ler reich an Geschichte und seltener Tierwelten freuen. Der Dartmoor Nationalpark hat nicht nur einmalige Landschaften mit atemberaubenden Ausblicken zu bieten, sondern h\u00e4lt auch vielerlei Aktivit\u00e4ten f\u00fcr Sie bereit. Egal ob Sie Freund des Kletterns, Radfahrens oder Wanderns sind \u2013 unser ber\u00fchmt ber\u00fcchtigter Dartmoor Nationalpark bietet mit Sicherheit auch das Passende f\u00fcr Sie! Auch f\u00fcr die Adrenalinsuchenden unter Ihnen wird mit Wildwasser Kajaktouren bestimmt f\u00fcr den n\u00f6tigen Kick gesorgt. \u00dcbernachtung wie am Vortag.<\/p>\n<p><strong>5. Tag:<\/strong> Dartmoor Nationalpark \u2013 Cornwall<\/p>\n<p><img loading=\"lazy\" class=\"aligncenter size-full wp-image-29997\" src=\"https:\/\/www.urlaubcornwall.de\/blog\/wp-content\/uploads\/2017\/10\/Poldark-Cornwall-Porthcothan.jpg\" alt=\"Poldark Cornwall - Porthcothan - 17 July 2016-1 - Matt Jessop.CR2\" width=\"748\" height=\"470\"\/><\/p>\n<p>Nach einem gem\u00fctlichen Fr\u00fchst\u00fcck f\u00fchrt Sie Ihre Reise heute weiter in das <a href=\"https:\/\/www.urlaubcornwall.de\/rundreisen\/cornwall-suedengland.php\">wundersch\u00f6ne Cornwall<\/a>, welches bestimmt auch Sie in einem der zahlreichen Rosamunde Pilcher Romanzen zum Schw\u00e4rmen brachte. Nicht umsonst gilt die Region um Cornwall als eine sehr beliebte Ferienregion, besonders w\u00e4hrend der Sommermonate. Mildes Klima und kontrastvolle Landschaftsbilder machen Cornwall zu etwas ganz Besonderem. Je nach Belieben w\u00e4re f\u00fcr den restlichen Tag ein Abstecher nach St. Ives empfehlenswert. Dieser kleine Ort l\u00e4sst mit Palmen, Blumenlandschaften, t\u00fcrkisblauem Meer und wei\u00dfem Sandstrand jedes Urlauberherz h\u00f6her schlagen. 3 \u00dcbernachtungen im The Cornwall Hotel Spa &amp; Estate 4* (Executive Room)<\/p>\n<p><strong>6. \/7. Tag:<\/strong> Cornwall und Umgebung<\/p>\n<p>Diese beiden Tage stehen Ihnen zur freien Verf\u00fcgung. Cornwall ist Hauptattraktion und Kulisse zugleich. Man findet dort atemberaubenden Klippen, imposante Gartenanlagen, wundersch\u00f6ne Sandstr\u00e4nde, malerische Fischerd\u00f6rfer, gr\u00fcne H\u00fcgellandschaften als auch historische Bauten mit beeindruckender Architektur. Auf Ihrem Programmzettel sollten auf jeden Fall das Minack Open Air Theatre, die Lizard Peninsula, das St Michaels Mount, der Ort St Ives sowie der Trebah Garden und der Lost Garden of Heligan stehen. \u00dcbernachtungen wie am Vortag.<\/p>\n<p><strong>8. Tag:<\/strong> Heimreise<\/p>\n<p>Heute wird es leider schon wieder Zeit sich von dem bezaubernden S\u00fcdengland zu verabschieden. Je nach Abflugszeit haben Sie heute nochmals die Gelegenheit letzte Souvenirs f\u00fcr die Liebsten zuhause zu besorgen, bevor es sp\u00e4ter zur\u00fcck zum Flughafen nach Bristol geht. Gerne bieten wir Ihnen passende Transfers und Fl\u00fcge mit an \u2013 lassen Sie uns Ihre W\u00fcnsche einfach wissen, damit Ihrem bevorstehenden Urlaub nichts mehr im Wege steht!<\/p>\n<p><strong>Eingeschlossene Leistungen<\/strong><\/p>\n<p>7 \u00dcbernachtungen in den genannten oder gleichwertigen 4-5* Hotels<\/p>\n<p>T\u00e4gliches Fr\u00fchst\u00fcck<\/p>\n<p>1 Reisef\u00fchrer \u00fcber England<\/p>\n<p><strong>Nicht eingeschlossene Leistungen:<\/strong><\/p>\n<p>Fl\u00fcge nach Bristol, Cardiff oder London<\/p>\n<p>Leihauto (ebenfalls \u00fcber uns zubuchbar)<\/p>\n<p>Sonstige Ausgaben, wie z.B. Eintrittsgelder, Tankkosten, Parkplatzgeb\u00fchren etc.<\/p>\n<p>Weitere Mahlzeiten<\/p>\n<p><strong>Termine\/Preise<\/strong><\/p>\n<p>t\u00e4glich m\u00f6glich!<\/p>\n<p><strong>Preise 2024<\/strong><\/p>\n<p>Auf Anfrage!<\/p>\n<p style=\"text-align: center;\"><a class=\"tidycta\" href=\"http:\/\/www.urlaubcornwall.de\/anfrage.php?tourcode=ENGSELBST-10\">Anfrage \/ Buchung<\/a><\/p>\n","protected":false},"excerpt":{"rendered":"<p>Highlights: Bath, Cotswolds, Dartmoor Nationalpark, Devon, Cornwall 8 Tage \/ 7 N\u00e4chte | t\u00e4glich m\u00f6glich | ab\/bis Newquay, Bristol, Cardiff oder London Sie legen etwas mehr Wert auf tolle Unterk\u00fcnfte? Dann ist diese Reise genau das Richtige f\u00fcr Sie, denn es sind sieben \u00dcbernachtungen in sch\u00f6nen 4-5* Hotels eingeschlossen. Diese \u00fcberzeugen nicht nur mit ihrer [&hellip;]<\/p>\n","protected":false},"author":1,"featured_media":0,"parent":0,"menu_order":0,"comment_status":"closed","ping_status":"closed","template":"single-four.php","meta":[],"acf":[],"yoast_head":"<!-- This site is optimized with the Yoast SEO plugin v19.4 - https:\/\/yoast.com\/wordpress\/plugins\/seo\/ -->\n<title>Luxus-Rundreise in S\u00fcdengland 4 &amp; 5 Sterne Hotels \u2013 8 Tage - Urlaub &amp; Reisen<\/title>\n<meta name=\"robots\" content=\"index, follow, max-snippet:-1, max-image-preview:large, max-video-preview:-1\" \/>\n<link rel=\"canonical\" href=\"https:\/\/www.urlaubcornwall.de\/blog\/rundreise-suedengland-4-und-5-sterne-hotels-8-tage\/\" \/>\n<meta property=\"og:locale\" content=\"en_US\" \/>\n<meta property=\"og:type\" content=\"article\" \/>\n<meta property=\"og:title\" content=\"Luxus-Rundreise in S\u00fcdengland 4 &amp; 5 Sterne Hotels \u2013 8 Tage - Urlaub &amp; Reisen\" \/>\n<meta property=\"og:description\" content=\"Highlights: Bath, Cotswolds, Dartmoor Nationalpark, Devon, Cornwall 8 Tage \/ 7 N\u00e4chte | t\u00e4glich m\u00f6glich | ab\/bis Newquay, Bristol, Cardiff oder London Sie legen etwas mehr Wert auf tolle Unterk\u00fcnfte? Dann ist diese Reise genau das Richtige f\u00fcr Sie, denn es sind sieben \u00dcbernachtungen in sch\u00f6nen 4-5* Hotels eingeschlossen. Diese \u00fcberzeugen nicht nur mit ihrer [&hellip;]\" \/>\n<meta property=\"og:url\" content=\"https:\/\/www.urlaubcornwall.de\/blog\/rundreise-suedengland-4-und-5-sterne-hotels-8-tage\/\" \/>\n<meta property=\"og:site_name\" content=\"Urlaub &amp; Reisen\" \/>\n<meta property=\"article:modified_time\" content=\"2024-05-30T12:58:19+00:00\" \/>\n<meta property=\"og:image\" content=\"https:\/\/www.urlaubcornwall.de\/blog\/wp-content\/uploads\/2024\/03\/corfe-castle.jpg\" \/>\n<meta name=\"twitter:card\" content=\"summary\" \/>\n<meta name=\"twitter:label1\" content=\"Est. reading time\" \/>\n\t<meta name=\"twitter:data1\" content=\"4 minutes\" \/>\n<script type=\"application\/ld+json\" class=\"yoast-schema-graph\">{\"@context\":\"https:\/\/schema.org\",\"@graph\":[{\"@type\":\"WebSite\",\"@id\":\"https:\/\/www.urlaubcornwall.de\/blog\/#website\",\"url\":\"https:\/\/www.urlaubcornwall.de\/blog\/\",\"name\":\"Urlaub &amp; Reisen\",\"description\":\"Urlaub, Reisen, Cornwall und S\u00fcdengland: eine perfekte Kombination\",\"potentialAction\":[{\"@type\":\"SearchAction\",\"target\":{\"@type\":\"EntryPoint\",\"urlTemplate\":\"https:\/\/www.urlaubcornwall.de\/blog\/?s={search_term_string}\"},\"query-input\":\"required name=search_term_string\"}],\"inLanguage\":\"en-US\"},{\"@type\":\"WebPage\",\"@id\":\"https:\/\/www.urlaubcornwall.de\/blog\/rundreise-suedengland-4-und-5-sterne-hotels-8-tage\/\",\"url\":\"https:\/\/www.urlaubcornwall.de\/blog\/rundreise-suedengland-4-und-5-sterne-hotels-8-tage\/\",\"name\":\"Luxus-Rundreise in S\u00fcdengland 4 & 5 Sterne Hotels \u2013 8 Tage - Urlaub &amp; Reisen\",\"isPartOf\":{\"@id\":\"https:\/\/www.urlaubcornwall.de\/blog\/#website\"},\"datePublished\":\"2018-02-08T15:10:56+00:00\",\"dateModified\":\"2024-05-30T12:58:19+00:00\",\"breadcrumb\":{\"@id\":\"https:\/\/www.urlaubcornwall.de\/blog\/rundreise-suedengland-4-und-5-sterne-hotels-8-tage\/#breadcrumb\"},\"inLanguage\":\"en-US\",\"potentialAction\":[{\"@type\":\"ReadAction\",\"target\":[\"https:\/\/www.urlaubcornwall.de\/blog\/rundreise-suedengland-4-und-5-sterne-hotels-8-tage\/\"]}]},{\"@type\":\"BreadcrumbList\",\"@id\":\"https:\/\/www.urlaubcornwall.de\/blog\/rundreise-suedengland-4-und-5-sterne-hotels-8-tage\/#breadcrumb\",\"itemListElement\":[{\"@type\":\"ListItem\",\"position\":1,\"name\":\"Home\",\"item\":\"https:\/\/www.urlaubcornwall.de\/blog\/\"},{\"@type\":\"ListItem\",\"position\":2,\"name\":\"Luxus-Rundreise in S\u00fcdengland 4 &#038; 5 Sterne Hotels \u2013 8 Tage\"}]}]}<\/script>\n<!-- \/ Yoast SEO plugin. -->","yoast_head_json":{"title":"Luxus-Rundreise in S\u00fcdengland 4 & 5 Sterne Hotels \u2013 8 Tage - Urlaub &amp; Reisen","robots":{"index":"index","follow":"follow","max-snippet":"max-snippet:-1","max-image-preview":"max-image-preview:large","max-video-preview":"max-video-preview:-1"},"canonical":"https:\/\/www.urlaubcornwall.de\/blog\/rundreise-suedengland-4-und-5-sterne-hotels-8-tage\/","og_locale":"en_US","og_type":"article","og_title":"Luxus-Rundreise in S\u00fcdengland 4 & 5 Sterne Hotels \u2013 8 Tage - Urlaub &amp; Reisen","og_description":"Highlights: Bath, Cotswolds, Dartmoor Nationalpark, Devon, Cornwall 8 Tage \/ 7 N\u00e4chte | t\u00e4glich m\u00f6glich | ab\/bis Newquay, Bristol, Cardiff oder London Sie legen etwas mehr Wert auf tolle Unterk\u00fcnfte? Dann ist diese Reise genau das Richtige f\u00fcr Sie, denn es sind sieben \u00dcbernachtungen in sch\u00f6nen 4-5* Hotels eingeschlossen. Diese \u00fcberzeugen nicht nur mit ihrer [&hellip;]","og_url":"https:\/\/www.urlaubcornwall.de\/blog\/rundreise-suedengland-4-und-5-sterne-hotels-8-tage\/","og_site_name":"Urlaub &amp; Reisen","article_modified_time":"2024-05-30T12:58:19+00:00","og_image":[{"url":"https:\/\/www.urlaubcornwall.de\/blog\/wp-content\/uploads\/2024\/03\/corfe-castle.jpg"}],"twitter_card":"summary","twitter_misc":{"Est. reading time":"4 minutes"},"schema":{"@context":"https:\/\/schema.org","@graph":[{"@type":"WebSite","@id":"https:\/\/www.urlaubcornwall.de\/blog\/#website","url":"https:\/\/www.urlaubcornwall.de\/blog\/","name":"Urlaub &amp; Reisen","description":"Urlaub, Reisen, Cornwall und S\u00fcdengland: eine perfekte Kombination","potentialAction":[{"@type":"SearchAction","target":{"@type":"EntryPoint","urlTemplate":"https:\/\/www.urlaubcornwall.de\/blog\/?s={search_term_string}"},"query-input":"required name=search_term_string"}],"inLanguage":"en-US"},{"@type":"WebPage","@id":"https:\/\/www.urlaubcornwall.de\/blog\/rundreise-suedengland-4-und-5-sterne-hotels-8-tage\/","url":"https:\/\/www.urlaubcornwall.de\/blog\/rundreise-suedengland-4-und-5-sterne-hotels-8-tage\/","name":"Luxus-Rundreise in S\u00fcdengland 4 & 5 Sterne Hotels \u2013 8 Tage - Urlaub &amp; Reisen","isPartOf":{"@id":"https:\/\/www.urlaubcornwall.de\/blog\/#website"},"datePublished":"2018-02-08T15:10:56+00:00","dateModified":"2024-05-30T12:58:19+00:00","breadcrumb":{"@id":"https:\/\/www.urlaubcornwall.de\/blog\/rundreise-suedengland-4-und-5-sterne-hotels-8-tage\/#breadcrumb"},"inLanguage":"en-US","potentialAction":[{"@type":"ReadAction","target":["https:\/\/www.urlaubcornwall.de\/blog\/rundreise-suedengland-4-und-5-sterne-hotels-8-tage\/"]}]},{"@type":"BreadcrumbList","@id":"https:\/\/www.urlaubcornwall.de\/blog\/rundreise-suedengland-4-und-5-sterne-hotels-8-tage\/#breadcrumb","itemListElement":[{"@type":"ListItem","position":1,"name":"Home","item":"https:\/\/www.urlaubcornwall.de\/blog\/"},{"@type":"ListItem","position":2,"name":"Luxus-Rundreise in S\u00fcdengland 4 &#038; 5 Sterne Hotels \u2013 8 Tage"}]}]}},"_links":{"self":[{"href":"https:\/\/www.urlaubcornwall.de\/blog\/wp-json\/wp\/v2\/pages\/32368"}],"collection":[{"href":"https:\/\/www.urlaubcornwall.de\/blog\/wp-json\/wp\/v2\/pages"}],"about":[{"href":"https:\/\/www.urlaubcornwall.de\/blog\/wp-json\/wp\/v2\/types\/page"}],"author":[{"embeddable":true,"href":"https:\/\/www.urlaubcornwall.de\/blog\/wp-json\/wp\/v2\/users\/1"}],"replies":[{"embeddable":true,"href":"https:\/\/www.urlaubcornwall.de\/blog\/wp-json\/wp\/v2\/comments?post=32368"}],"version-history":[{"count":11,"href":"https:\/\/www.urlaubcornwall.de\/blog\/wp-json\/wp\/v2\/pages\/32368\/revisions"}],"predecessor-version":[{"id":51056,"href":"https:\/\/www.urlaubcornwall.de\/blog\/wp-json\/wp\/v2\/pages\/32368\/revisions\/51056"}],"wp:attachment":[{"href":"https:\/\/www.urlaubcornwall.de\/blog\/wp-json\/wp\/v2\/media?parent=32368"}],"curies":[{"name":"wp","href":"https:\/\/api.w.org\/{rel}","templated":true}]}}