{"id":32347,"date":"2018-02-07T15:41:35","date_gmt":"2018-02-07T15:41:35","guid":{"rendered":"https:\/\/www.urlaubcornwall.de\/blog\/?page_id=32347"},"modified":"2020-06-25T08:50:42","modified_gmt":"2020-06-25T08:50:42","slug":"ferienhaus-pembrokeshire-mit-hund-mieten","status":"publish","type":"page","link":"https:\/\/www.urlaubcornwall.de\/blog\/ferienhaus-pembrokeshire-mit-hund-mieten\/","title":{"rendered":"Ferienhaus in Pembrokeshire mit Hund mieten"},"content":{"rendered":"<p><img loading=\"lazy\" class=\"aligncenter size-full wp-image-32349\" src=\"https:\/\/www.urlaubcornwall.de\/blog\/wp-content\/uploads\/2018\/02\/ferienhaus-pemrokeshire-mit-hund.jpg\" alt=\"ferienhaus pemrokeshire mit hund\" width=\"749\" height=\"508\"\/><br \/>\n<strong>Hundefreundlich Ferienhaus in Haverfordwest mit 2 Schlafzimmern, Schlafgelegenheiten 4<\/strong><\/p>\n<p>Dieses Land Ferienhaus befindet sich auf einem Bauernhof, nur ein paar Meilen von der atemberaubenden K\u00fcste entfernt. Das halb freistehende Bauernhaus liegt direkt an der Dale Road und liegt in einer h\u00fcgeligen Landschaft, ideal f\u00fcr Wanderer und Strandliebhaber mit Broad Haven North und Little Haven weniger als 5 km. Die Burgstadt Haverfordwest liegt in der N\u00e4he und bietet viele Einkaufsm\u00f6glichkeiten und viele interessante Restaurants. Der Pembrokeshire Coast National Park mit seinem atemberaubenden K\u00fcstenweg ist ein beliebtes Reiseziel&#8230;&#8230;&#8230;.<\/p>\n<p style=\"text-align: center;\"><a class=\"tidycta\" href=\"https:\/\/www.urlaubcornwall.de\/ferienhaeuser-fewos\/wal\/westwales\/westwales-hundefreundlich.html\"> Suche Ferienh\u00e4user Pembrokeshire<\/a><\/p>\n<p style=\"text-align: center;\">Pers\u00f6nlich inspizierte Ferienh\u00e4user und Ferienwohnungen f\u00fcr Ihren Urlaub.<\/p>\n<p style=\"text-align: center;\"><a href=\"https:\/\/www.urlaubcornwall.de\/ferienhaeuser-fewos\/wal\/westwales\/westwales-hundefreundlich.html\"><strong>Ferienh\u00e4user, Cottages &amp; Ferienwohnungen in Pembrokeshire <\/strong><\/a><\/p>\n","protected":false},"excerpt":{"rendered":"<p>Hundefreundlich Ferienhaus in Haverfordwest mit 2 Schlafzimmern, Schlafgelegenheiten 4 Dieses Land Ferienhaus befindet sich auf einem Bauernhof, nur ein paar Meilen von der atemberaubenden K\u00fcste entfernt. Das halb freistehende Bauernhaus liegt direkt an der Dale Road und liegt in einer h\u00fcgeligen Landschaft, ideal f\u00fcr Wanderer und Strandliebhaber mit Broad Haven North und Little Haven weniger [&hellip;]<\/p>\n","protected":false},"author":1,"featured_media":0,"parent":0,"menu_order":0,"comment_status":"closed","ping_status":"closed","template":"single-four.php","meta":[],"acf":[],"yoast_head":"<!-- This site is optimized with the Yoast SEO plugin v19.4 - https:\/\/yoast.com\/wordpress\/plugins\/seo\/ -->\n<title>Ferienhaus in Pembrokeshire mit Hund mieten - Urlaub &amp; Reisen<\/title>\n<meta name=\"robots\" content=\"index, follow, max-snippet:-1, max-image-preview:large, max-video-preview:-1\" \/>\n<link rel=\"canonical\" href=\"https:\/\/www.urlaubcornwall.de\/blog\/ferienhaus-pembrokeshire-mit-hund-mieten\/\" \/>\n<meta property=\"og:locale\" content=\"en_US\" \/>\n<meta property=\"og:type\" content=\"article\" \/>\n<meta property=\"og:title\" content=\"Ferienhaus in Pembrokeshire mit Hund mieten - Urlaub &amp; Reisen\" \/>\n<meta property=\"og:description\" content=\"Hundefreundlich Ferienhaus in Haverfordwest mit 2 Schlafzimmern, Schlafgelegenheiten 4 Dieses Land Ferienhaus befindet sich auf einem Bauernhof, nur ein paar Meilen von der atemberaubenden K\u00fcste entfernt. Das halb freistehende Bauernhaus liegt direkt an der Dale Road und liegt in einer h\u00fcgeligen Landschaft, ideal f\u00fcr Wanderer und Strandliebhaber mit Broad Haven North und Little Haven weniger [&hellip;]\" \/>\n<meta property=\"og:url\" content=\"https:\/\/www.urlaubcornwall.de\/blog\/ferienhaus-pembrokeshire-mit-hund-mieten\/\" \/>\n<meta property=\"og:site_name\" content=\"Urlaub &amp; Reisen\" \/>\n<meta property=\"article:modified_time\" content=\"2020-06-25T08:50:42+00:00\" \/>\n<meta property=\"og:image\" content=\"https:\/\/www.urlaubcornwall.de\/blog\/wp-content\/uploads\/2018\/02\/ferienhaus-pemrokeshire-mit-hund.jpg\" \/>\n<meta name=\"twitter:card\" content=\"summary\" \/>\n<meta name=\"twitter:label1\" content=\"Est. reading time\" \/>\n\t<meta name=\"twitter:data1\" content=\"1 minute\" \/>\n<script type=\"application\/ld+json\" class=\"yoast-schema-graph\">{\"@context\":\"https:\/\/schema.org\",\"@graph\":[{\"@type\":\"WebSite\",\"@id\":\"https:\/\/www.urlaubcornwall.de\/blog\/#website\",\"url\":\"https:\/\/www.urlaubcornwall.de\/blog\/\",\"name\":\"Urlaub &amp; Reisen\",\"description\":\"Urlaub, Reisen, Cornwall und S\u00fcdengland: eine perfekte Kombination\",\"potentialAction\":[{\"@type\":\"SearchAction\",\"target\":{\"@type\":\"EntryPoint\",\"urlTemplate\":\"https:\/\/www.urlaubcornwall.de\/blog\/?s={search_term_string}\"},\"query-input\":\"required name=search_term_string\"}],\"inLanguage\":\"en-US\"},{\"@type\":\"WebPage\",\"@id\":\"https:\/\/www.urlaubcornwall.de\/blog\/ferienhaus-pembrokeshire-mit-hund-mieten\/\",\"url\":\"https:\/\/www.urlaubcornwall.de\/blog\/ferienhaus-pembrokeshire-mit-hund-mieten\/\",\"name\":\"Ferienhaus in Pembrokeshire mit Hund mieten - Urlaub &amp; Reisen\",\"isPartOf\":{\"@id\":\"https:\/\/www.urlaubcornwall.de\/blog\/#website\"},\"datePublished\":\"2018-02-07T15:41:35+00:00\",\"dateModified\":\"2020-06-25T08:50:42+00:00\",\"breadcrumb\":{\"@id\":\"https:\/\/www.urlaubcornwall.de\/blog\/ferienhaus-pembrokeshire-mit-hund-mieten\/#breadcrumb\"},\"inLanguage\":\"en-US\",\"potentialAction\":[{\"@type\":\"ReadAction\",\"target\":[\"https:\/\/www.urlaubcornwall.de\/blog\/ferienhaus-pembrokeshire-mit-hund-mieten\/\"]}]},{\"@type\":\"BreadcrumbList\",\"@id\":\"https:\/\/www.urlaubcornwall.de\/blog\/ferienhaus-pembrokeshire-mit-hund-mieten\/#breadcrumb\",\"itemListElement\":[{\"@type\":\"ListItem\",\"position\":1,\"name\":\"Home\",\"item\":\"https:\/\/www.urlaubcornwall.de\/blog\/\"},{\"@type\":\"ListItem\",\"position\":2,\"name\":\"Ferienhaus in Pembrokeshire mit Hund mieten\"}]}]}<\/script>\n<!-- \/ Yoast SEO plugin. -->","yoast_head_json":{"title":"Ferienhaus in Pembrokeshire mit Hund mieten - Urlaub &amp; Reisen","robots":{"index":"index","follow":"follow","max-snippet":"max-snippet:-1","max-image-preview":"max-image-preview:large","max-video-preview":"max-video-preview:-1"},"canonical":"https:\/\/www.urlaubcornwall.de\/blog\/ferienhaus-pembrokeshire-mit-hund-mieten\/","og_locale":"en_US","og_type":"article","og_title":"Ferienhaus in Pembrokeshire mit Hund mieten - Urlaub &amp; Reisen","og_description":"Hundefreundlich Ferienhaus in Haverfordwest mit 2 Schlafzimmern, Schlafgelegenheiten 4 Dieses Land Ferienhaus befindet sich auf einem Bauernhof, nur ein paar Meilen von der atemberaubenden K\u00fcste entfernt. Das halb freistehende Bauernhaus liegt direkt an der Dale Road und liegt in einer h\u00fcgeligen Landschaft, ideal f\u00fcr Wanderer und Strandliebhaber mit Broad Haven North und Little Haven weniger [&hellip;]","og_url":"https:\/\/www.urlaubcornwall.de\/blog\/ferienhaus-pembrokeshire-mit-hund-mieten\/","og_site_name":"Urlaub &amp; Reisen","article_modified_time":"2020-06-25T08:50:42+00:00","og_image":[{"url":"https:\/\/www.urlaubcornwall.de\/blog\/wp-content\/uploads\/2018\/02\/ferienhaus-pemrokeshire-mit-hund.jpg"}],"twitter_card":"summary","twitter_misc":{"Est. reading time":"1 minute"},"schema":{"@context":"https:\/\/schema.org","@graph":[{"@type":"WebSite","@id":"https:\/\/www.urlaubcornwall.de\/blog\/#website","url":"https:\/\/www.urlaubcornwall.de\/blog\/","name":"Urlaub &amp; Reisen","description":"Urlaub, Reisen, Cornwall und S\u00fcdengland: eine perfekte Kombination","potentialAction":[{"@type":"SearchAction","target":{"@type":"EntryPoint","urlTemplate":"https:\/\/www.urlaubcornwall.de\/blog\/?s={search_term_string}"},"query-input":"required name=search_term_string"}],"inLanguage":"en-US"},{"@type":"WebPage","@id":"https:\/\/www.urlaubcornwall.de\/blog\/ferienhaus-pembrokeshire-mit-hund-mieten\/","url":"https:\/\/www.urlaubcornwall.de\/blog\/ferienhaus-pembrokeshire-mit-hund-mieten\/","name":"Ferienhaus in Pembrokeshire mit Hund mieten - Urlaub &amp; Reisen","isPartOf":{"@id":"https:\/\/www.urlaubcornwall.de\/blog\/#website"},"datePublished":"2018-02-07T15:41:35+00:00","dateModified":"2020-06-25T08:50:42+00:00","breadcrumb":{"@id":"https:\/\/www.urlaubcornwall.de\/blog\/ferienhaus-pembrokeshire-mit-hund-mieten\/#breadcrumb"},"inLanguage":"en-US","potentialAction":[{"@type":"ReadAction","target":["https:\/\/www.urlaubcornwall.de\/blog\/ferienhaus-pembrokeshire-mit-hund-mieten\/"]}]},{"@type":"BreadcrumbList","@id":"https:\/\/www.urlaubcornwall.de\/blog\/ferienhaus-pembrokeshire-mit-hund-mieten\/#breadcrumb","itemListElement":[{"@type":"ListItem","position":1,"name":"Home","item":"https:\/\/www.urlaubcornwall.de\/blog\/"},{"@type":"ListItem","position":2,"name":"Ferienhaus in Pembrokeshire mit Hund mieten"}]}]}},"_links":{"self":[{"href":"https:\/\/www.urlaubcornwall.de\/blog\/wp-json\/wp\/v2\/pages\/32347"}],"collection":[{"href":"https:\/\/www.urlaubcornwall.de\/blog\/wp-json\/wp\/v2\/pages"}],"about":[{"href":"https:\/\/www.urlaubcornwall.de\/blog\/wp-json\/wp\/v2\/types\/page"}],"author":[{"embeddable":true,"href":"https:\/\/www.urlaubcornwall.de\/blog\/wp-json\/wp\/v2\/users\/1"}],"replies":[{"embeddable":true,"href":"https:\/\/www.urlaubcornwall.de\/blog\/wp-json\/wp\/v2\/comments?post=32347"}],"version-history":[{"count":4,"href":"https:\/\/www.urlaubcornwall.de\/blog\/wp-json\/wp\/v2\/pages\/32347\/revisions"}],"predecessor-version":[{"id":40420,"href":"https:\/\/www.urlaubcornwall.de\/blog\/wp-json\/wp\/v2\/pages\/32347\/revisions\/40420"}],"wp:attachment":[{"href":"https:\/\/www.urlaubcornwall.de\/blog\/wp-json\/wp\/v2\/media?parent=32347"}],"curies":[{"name":"wp","href":"https:\/\/api.w.org\/{rel}","templated":true}]}}