{"id":32344,"date":"2018-02-07T15:29:30","date_gmt":"2018-02-07T15:29:30","guid":{"rendered":"https:\/\/www.urlaubcornwall.de\/blog\/?page_id=32344"},"modified":"2021-09-17T10:49:42","modified_gmt":"2021-09-17T10:49:42","slug":"ferienhaus-meer-pembrokeshire-mieten","status":"publish","type":"page","link":"https:\/\/www.urlaubcornwall.de\/blog\/ferienhaus-meer-pembrokeshire-mieten\/","title":{"rendered":"Ferienhaus am Meer Pembrokeshire mieten"},"content":{"rendered":"<p><img loading=\"lazy\" class=\"aligncenter size-full wp-image-32345\" src=\"https:\/\/www.urlaubcornwall.de\/blog\/wp-content\/uploads\/2018\/02\/ferienhaus-pemrokeshire-am-meer.jpg\" alt=\"ferienhaus pemrokeshire am meer\" width=\"749\" height=\"558\"\/><br \/>\n<strong>Hundefreundlich Ferienhaus am Meer Gower Halbinsel mit 3 Schlafzimmern, Schlafgelegenheiten 6<\/strong><\/p>\n<p>Ein attraktives Ferienhaus in einem K\u00fcstenort von St. Dogmels in der N\u00e4he von Sandstr\u00e4nden. Dieses freistehende Ferienhaus liegt auf dem Dorfh\u00fcgel und ist voller Charakter mit sichtbaren Balken und interessanten Details. Das Anwesen hat eine erh\u00f6hte Lage mit herrlichem Blick auf die M\u00fcndung an der M\u00fcndung des Flusses Teifi. Dieses historische und ruhige Dorf liegt am Rande von St Dogmaels und bietet eine Vielzahl von Gesch\u00e4ften, Caf\u00e9s, Pubs und Restaurants, die Sie mit den sch\u00f6nen Poppit Sands in der N\u00e4he genie\u00dfen k\u00f6nnen. Am Pembrokeshire Coastal Walking Path gelegen, ist das Cottage ideal gelegen, um die Str\u00e4nde und Buchten zu erkunden.<\/p>\n<p style=\"text-align: center;\"><a class=\"tidycta\" href=\"https:\/\/www.urlaubcornwall.de\/ferienhaeuser-fewos\/wal\/westwales\/pembroke.html\">Suche Ferienh\u00e4user Pembrokeshire<\/a><\/p>\n<p style=\"text-align: center;\">Pers\u00f6nlich inspizierte Ferienh\u00e4user und Ferienwohnungen f\u00fcr Ihren Urlaub.<\/p>\n<p style=\"text-align: center;\"><a href=\"https:\/\/www.urlaubcornwall.de\/ferienhaeuser-fewos\/wal\/westwales\/westwales.html\"><strong>Ferienh\u00e4user, Cottages &amp; Ferienwohnungen in West Wales<\/strong><\/a><\/p>\n","protected":false},"excerpt":{"rendered":"<p>Hundefreundlich Ferienhaus am Meer Gower Halbinsel mit 3 Schlafzimmern, Schlafgelegenheiten 6 Ein attraktives Ferienhaus in einem K\u00fcstenort von St. Dogmels in der N\u00e4he von Sandstr\u00e4nden. Dieses freistehende Ferienhaus liegt auf dem Dorfh\u00fcgel und ist voller Charakter mit sichtbaren Balken und interessanten Details. Das Anwesen hat eine erh\u00f6hte Lage mit herrlichem Blick auf die M\u00fcndung an [&hellip;]<\/p>\n","protected":false},"author":1,"featured_media":0,"parent":0,"menu_order":0,"comment_status":"closed","ping_status":"closed","template":"single-four.php","meta":[],"acf":[],"yoast_head":"<!-- This site is optimized with the Yoast SEO plugin v19.4 - https:\/\/yoast.com\/wordpress\/plugins\/seo\/ -->\n<title>Ferienhaus am Meer Pembrokeshire mieten - Urlaub &amp; Reisen<\/title>\n<meta name=\"description\" content=\"Ein attraktives Ferienhaus in einem K\u00fcstenort von St. Dogmels in der N\u00e4he von Sandstr\u00e4nden. Dieses freistehende Ferienhaus liegt auf dem Dorfh\u00fcgel und ist voller Charakter mit sichtbaren Balken und interessanten Details. Das Anwesen hat eine erh\u00f6hte Lage mit herrlichem Blick auf die M\u00fcndung an der M\u00fcndung des Flusses Teifi\" \/>\n<meta name=\"robots\" content=\"index, follow, max-snippet:-1, max-image-preview:large, max-video-preview:-1\" \/>\n<link rel=\"canonical\" href=\"https:\/\/www.urlaubcornwall.de\/blog\/ferienhaus-meer-pembrokeshire-mieten\/\" \/>\n<meta property=\"og:locale\" content=\"en_US\" \/>\n<meta property=\"og:type\" content=\"article\" \/>\n<meta property=\"og:title\" content=\"Ferienhaus am Meer Pembrokeshire mieten - Urlaub &amp; Reisen\" \/>\n<meta property=\"og:description\" content=\"Ein attraktives Ferienhaus in einem K\u00fcstenort von St. Dogmels in der N\u00e4he von Sandstr\u00e4nden. Dieses freistehende Ferienhaus liegt auf dem Dorfh\u00fcgel und ist voller Charakter mit sichtbaren Balken und interessanten Details. Das Anwesen hat eine erh\u00f6hte Lage mit herrlichem Blick auf die M\u00fcndung an der M\u00fcndung des Flusses Teifi\" \/>\n<meta property=\"og:url\" content=\"https:\/\/www.urlaubcornwall.de\/blog\/ferienhaus-meer-pembrokeshire-mieten\/\" \/>\n<meta property=\"og:site_name\" content=\"Urlaub &amp; Reisen\" \/>\n<meta property=\"article:modified_time\" content=\"2021-09-17T10:49:42+00:00\" \/>\n<meta property=\"og:image\" content=\"https:\/\/www.urlaubcornwall.de\/blog\/wp-content\/uploads\/2018\/02\/ferienhaus-pemrokeshire-am-meer.jpg\" \/>\n<meta name=\"twitter:card\" content=\"summary\" \/>\n<meta name=\"twitter:label1\" content=\"Est. reading time\" \/>\n\t<meta name=\"twitter:data1\" content=\"1 minute\" \/>\n<script type=\"application\/ld+json\" class=\"yoast-schema-graph\">{\"@context\":\"https:\/\/schema.org\",\"@graph\":[{\"@type\":\"WebSite\",\"@id\":\"https:\/\/www.urlaubcornwall.de\/blog\/#website\",\"url\":\"https:\/\/www.urlaubcornwall.de\/blog\/\",\"name\":\"Urlaub &amp; Reisen\",\"description\":\"Urlaub, Reisen, Cornwall und S\u00fcdengland: eine perfekte Kombination\",\"potentialAction\":[{\"@type\":\"SearchAction\",\"target\":{\"@type\":\"EntryPoint\",\"urlTemplate\":\"https:\/\/www.urlaubcornwall.de\/blog\/?s={search_term_string}\"},\"query-input\":\"required name=search_term_string\"}],\"inLanguage\":\"en-US\"},{\"@type\":\"WebPage\",\"@id\":\"https:\/\/www.urlaubcornwall.de\/blog\/ferienhaus-meer-pembrokeshire-mieten\/\",\"url\":\"https:\/\/www.urlaubcornwall.de\/blog\/ferienhaus-meer-pembrokeshire-mieten\/\",\"name\":\"Ferienhaus am Meer Pembrokeshire mieten - Urlaub &amp; Reisen\",\"isPartOf\":{\"@id\":\"https:\/\/www.urlaubcornwall.de\/blog\/#website\"},\"datePublished\":\"2018-02-07T15:29:30+00:00\",\"dateModified\":\"2021-09-17T10:49:42+00:00\",\"description\":\"Ein attraktives Ferienhaus in einem K\u00fcstenort von St. Dogmels in der N\u00e4he von Sandstr\u00e4nden. Dieses freistehende Ferienhaus liegt auf dem Dorfh\u00fcgel und ist voller Charakter mit sichtbaren Balken und interessanten Details. Das Anwesen hat eine erh\u00f6hte Lage mit herrlichem Blick auf die M\u00fcndung an der M\u00fcndung des Flusses Teifi\",\"breadcrumb\":{\"@id\":\"https:\/\/www.urlaubcornwall.de\/blog\/ferienhaus-meer-pembrokeshire-mieten\/#breadcrumb\"},\"inLanguage\":\"en-US\",\"potentialAction\":[{\"@type\":\"ReadAction\",\"target\":[\"https:\/\/www.urlaubcornwall.de\/blog\/ferienhaus-meer-pembrokeshire-mieten\/\"]}]},{\"@type\":\"BreadcrumbList\",\"@id\":\"https:\/\/www.urlaubcornwall.de\/blog\/ferienhaus-meer-pembrokeshire-mieten\/#breadcrumb\",\"itemListElement\":[{\"@type\":\"ListItem\",\"position\":1,\"name\":\"Home\",\"item\":\"https:\/\/www.urlaubcornwall.de\/blog\/\"},{\"@type\":\"ListItem\",\"position\":2,\"name\":\"Ferienhaus am Meer Pembrokeshire mieten\"}]}]}<\/script>\n<!-- \/ Yoast SEO plugin. -->","yoast_head_json":{"title":"Ferienhaus am Meer Pembrokeshire mieten - Urlaub &amp; Reisen","description":"Ein attraktives Ferienhaus in einem K\u00fcstenort von St. Dogmels in der N\u00e4he von Sandstr\u00e4nden. Dieses freistehende Ferienhaus liegt auf dem Dorfh\u00fcgel und ist voller Charakter mit sichtbaren Balken und interessanten Details. Das Anwesen hat eine erh\u00f6hte Lage mit herrlichem Blick auf die M\u00fcndung an der M\u00fcndung des Flusses Teifi","robots":{"index":"index","follow":"follow","max-snippet":"max-snippet:-1","max-image-preview":"max-image-preview:large","max-video-preview":"max-video-preview:-1"},"canonical":"https:\/\/www.urlaubcornwall.de\/blog\/ferienhaus-meer-pembrokeshire-mieten\/","og_locale":"en_US","og_type":"article","og_title":"Ferienhaus am Meer Pembrokeshire mieten - Urlaub &amp; Reisen","og_description":"Ein attraktives Ferienhaus in einem K\u00fcstenort von St. Dogmels in der N\u00e4he von Sandstr\u00e4nden. Dieses freistehende Ferienhaus liegt auf dem Dorfh\u00fcgel und ist voller Charakter mit sichtbaren Balken und interessanten Details. Das Anwesen hat eine erh\u00f6hte Lage mit herrlichem Blick auf die M\u00fcndung an der M\u00fcndung des Flusses Teifi","og_url":"https:\/\/www.urlaubcornwall.de\/blog\/ferienhaus-meer-pembrokeshire-mieten\/","og_site_name":"Urlaub &amp; Reisen","article_modified_time":"2021-09-17T10:49:42+00:00","og_image":[{"url":"https:\/\/www.urlaubcornwall.de\/blog\/wp-content\/uploads\/2018\/02\/ferienhaus-pemrokeshire-am-meer.jpg"}],"twitter_card":"summary","twitter_misc":{"Est. reading time":"1 minute"},"schema":{"@context":"https:\/\/schema.org","@graph":[{"@type":"WebSite","@id":"https:\/\/www.urlaubcornwall.de\/blog\/#website","url":"https:\/\/www.urlaubcornwall.de\/blog\/","name":"Urlaub &amp; Reisen","description":"Urlaub, Reisen, Cornwall und S\u00fcdengland: eine perfekte Kombination","potentialAction":[{"@type":"SearchAction","target":{"@type":"EntryPoint","urlTemplate":"https:\/\/www.urlaubcornwall.de\/blog\/?s={search_term_string}"},"query-input":"required name=search_term_string"}],"inLanguage":"en-US"},{"@type":"WebPage","@id":"https:\/\/www.urlaubcornwall.de\/blog\/ferienhaus-meer-pembrokeshire-mieten\/","url":"https:\/\/www.urlaubcornwall.de\/blog\/ferienhaus-meer-pembrokeshire-mieten\/","name":"Ferienhaus am Meer Pembrokeshire mieten - Urlaub &amp; Reisen","isPartOf":{"@id":"https:\/\/www.urlaubcornwall.de\/blog\/#website"},"datePublished":"2018-02-07T15:29:30+00:00","dateModified":"2021-09-17T10:49:42+00:00","description":"Ein attraktives Ferienhaus in einem K\u00fcstenort von St. Dogmels in der N\u00e4he von Sandstr\u00e4nden. Dieses freistehende Ferienhaus liegt auf dem Dorfh\u00fcgel und ist voller Charakter mit sichtbaren Balken und interessanten Details. Das Anwesen hat eine erh\u00f6hte Lage mit herrlichem Blick auf die M\u00fcndung an der M\u00fcndung des Flusses Teifi","breadcrumb":{"@id":"https:\/\/www.urlaubcornwall.de\/blog\/ferienhaus-meer-pembrokeshire-mieten\/#breadcrumb"},"inLanguage":"en-US","potentialAction":[{"@type":"ReadAction","target":["https:\/\/www.urlaubcornwall.de\/blog\/ferienhaus-meer-pembrokeshire-mieten\/"]}]},{"@type":"BreadcrumbList","@id":"https:\/\/www.urlaubcornwall.de\/blog\/ferienhaus-meer-pembrokeshire-mieten\/#breadcrumb","itemListElement":[{"@type":"ListItem","position":1,"name":"Home","item":"https:\/\/www.urlaubcornwall.de\/blog\/"},{"@type":"ListItem","position":2,"name":"Ferienhaus am Meer Pembrokeshire mieten"}]}]}},"_links":{"self":[{"href":"https:\/\/www.urlaubcornwall.de\/blog\/wp-json\/wp\/v2\/pages\/32344"}],"collection":[{"href":"https:\/\/www.urlaubcornwall.de\/blog\/wp-json\/wp\/v2\/pages"}],"about":[{"href":"https:\/\/www.urlaubcornwall.de\/blog\/wp-json\/wp\/v2\/types\/page"}],"author":[{"embeddable":true,"href":"https:\/\/www.urlaubcornwall.de\/blog\/wp-json\/wp\/v2\/users\/1"}],"replies":[{"embeddable":true,"href":"https:\/\/www.urlaubcornwall.de\/blog\/wp-json\/wp\/v2\/comments?post=32344"}],"version-history":[{"count":6,"href":"https:\/\/www.urlaubcornwall.de\/blog\/wp-json\/wp\/v2\/pages\/32344\/revisions"}],"predecessor-version":[{"id":42845,"href":"https:\/\/www.urlaubcornwall.de\/blog\/wp-json\/wp\/v2\/pages\/32344\/revisions\/42845"}],"wp:attachment":[{"href":"https:\/\/www.urlaubcornwall.de\/blog\/wp-json\/wp\/v2\/media?parent=32344"}],"curies":[{"name":"wp","href":"https:\/\/api.w.org\/{rel}","templated":true}]}}