{"id":32286,"date":"2018-02-03T14:18:20","date_gmt":"2018-02-03T14:18:20","guid":{"rendered":"https:\/\/www.urlaubcornwall.de\/blog\/?page_id=32286"},"modified":"2021-08-31T14:29:08","modified_gmt":"2021-08-31T14:29:08","slug":"ferienhaus-falmouth-mieten-nr-389","status":"publish","type":"page","link":"https:\/\/www.urlaubcornwall.de\/blog\/ferienhaus-falmouth-mieten-nr-389\/","title":{"rendered":"Ferienhaus in Falmouth mieten &#8211; Nr 389"},"content":{"rendered":"<p><img loading=\"lazy\" class=\"aligncenter size-full wp-image-32287\" src=\"https:\/\/www.urlaubcornwall.de\/blog\/wp-content\/uploads\/2018\/02\/ferienhaus-falmouth-mieten.jpg\" alt=\"ferienhaus falmouth mieten\" width=\"749\" height=\"458\"\/><\/p>\n<p><strong>Ferienhaus mit Meerblick Falmouth, S\u00fcdk\u00fcste Cornwall.<\/strong><\/p>\n<p>2 Schlafzimmer, leider keine Haustiere erlaubt, Schlafplatz f\u00fcr 4, An-\/Abreisetag am Freitag<\/p>\n<p>Preis pro Woche \u00a3566 &#8211; \u00a31550<\/p>\n<p>Direkt am Wasser gelegen, blickt dieses sch\u00f6ne Ferienhaus auf die Carrick Roads, einen der spektakul\u00e4rsten Naturh\u00e4fen der Welt. Fenster f\u00fchren von der K\u00fcche \/ Esszimmer auf die Terrasse am Wasser, der perfekte Ort f\u00fcr Fr\u00fchst\u00fcck oder Mahlzeiten am Abend, eine magische Zeit des Tages auf dieser Strecke von Wasser. Das Wohnzimmer im ersten Stock hat ein Fenster mit Meerblick und einen Balkon mit Blick auf den Prince of Wales Pier, von wo F\u00e4hren nach St. Mawes, Flushing und den Helford Fluss fahren&#8230;.<\/p>\n<p style=\"text-align: center;\"><a class=\"tidycta\" href=\"https:\/\/www.urlaubcornwall.de\/ferienhaeuser-fewos\/falmouth.html\"><\/a>Suche Ferienh\u00e4user Falmouth<\/p>\n","protected":false},"excerpt":{"rendered":"<p>Ferienhaus mit Meerblick Falmouth, S\u00fcdk\u00fcste Cornwall. 2 Schlafzimmer, leider keine Haustiere erlaubt, Schlafplatz f\u00fcr 4, An-\/Abreisetag am Freitag Preis pro Woche \u00a3566 &#8211; \u00a31550 Direkt am Wasser gelegen, blickt dieses sch\u00f6ne Ferienhaus auf die Carrick Roads, einen der spektakul\u00e4rsten Naturh\u00e4fen der Welt. Fenster f\u00fchren von der K\u00fcche \/ Esszimmer auf die Terrasse am Wasser, der [&hellip;]<\/p>\n","protected":false},"author":1,"featured_media":0,"parent":0,"menu_order":0,"comment_status":"closed","ping_status":"closed","template":"single-four.php","meta":[],"acf":[],"yoast_head":"<!-- This site is optimized with the Yoast SEO plugin v19.4 - https:\/\/yoast.com\/wordpress\/plugins\/seo\/ -->\n<title>Ferienhaus in Falmouth mieten - Nr 389 - Urlaub &amp; Reisen<\/title>\n<meta name=\"robots\" content=\"index, follow, max-snippet:-1, max-image-preview:large, max-video-preview:-1\" \/>\n<link rel=\"canonical\" href=\"https:\/\/www.urlaubcornwall.de\/blog\/ferienhaus-falmouth-mieten-nr-389\/\" \/>\n<meta property=\"og:locale\" content=\"en_US\" \/>\n<meta property=\"og:type\" content=\"article\" \/>\n<meta property=\"og:title\" content=\"Ferienhaus in Falmouth mieten - Nr 389 - Urlaub &amp; Reisen\" \/>\n<meta property=\"og:description\" content=\"Ferienhaus mit Meerblick Falmouth, S\u00fcdk\u00fcste Cornwall. 2 Schlafzimmer, leider keine Haustiere erlaubt, Schlafplatz f\u00fcr 4, An-\/Abreisetag am Freitag Preis pro Woche \u00a3566 &#8211; \u00a31550 Direkt am Wasser gelegen, blickt dieses sch\u00f6ne Ferienhaus auf die Carrick Roads, einen der spektakul\u00e4rsten Naturh\u00e4fen der Welt. Fenster f\u00fchren von der K\u00fcche \/ Esszimmer auf die Terrasse am Wasser, der [&hellip;]\" \/>\n<meta property=\"og:url\" content=\"https:\/\/www.urlaubcornwall.de\/blog\/ferienhaus-falmouth-mieten-nr-389\/\" \/>\n<meta property=\"og:site_name\" content=\"Urlaub &amp; Reisen\" \/>\n<meta property=\"article:modified_time\" content=\"2021-08-31T14:29:08+00:00\" \/>\n<meta property=\"og:image\" content=\"https:\/\/www.urlaubcornwall.de\/blog\/wp-content\/uploads\/2018\/02\/ferienhaus-falmouth-mieten.jpg\" \/>\n<meta name=\"twitter:card\" content=\"summary\" \/>\n<meta name=\"twitter:label1\" content=\"Est. reading time\" \/>\n\t<meta name=\"twitter:data1\" content=\"1 minute\" \/>\n<script type=\"application\/ld+json\" class=\"yoast-schema-graph\">{\"@context\":\"https:\/\/schema.org\",\"@graph\":[{\"@type\":\"WebSite\",\"@id\":\"https:\/\/www.urlaubcornwall.de\/blog\/#website\",\"url\":\"https:\/\/www.urlaubcornwall.de\/blog\/\",\"name\":\"Urlaub &amp; Reisen\",\"description\":\"Urlaub, Reisen, Cornwall und S\u00fcdengland: eine perfekte Kombination\",\"potentialAction\":[{\"@type\":\"SearchAction\",\"target\":{\"@type\":\"EntryPoint\",\"urlTemplate\":\"https:\/\/www.urlaubcornwall.de\/blog\/?s={search_term_string}\"},\"query-input\":\"required name=search_term_string\"}],\"inLanguage\":\"en-US\"},{\"@type\":\"WebPage\",\"@id\":\"https:\/\/www.urlaubcornwall.de\/blog\/ferienhaus-falmouth-mieten-nr-389\/\",\"url\":\"https:\/\/www.urlaubcornwall.de\/blog\/ferienhaus-falmouth-mieten-nr-389\/\",\"name\":\"Ferienhaus in Falmouth mieten - Nr 389 - Urlaub &amp; Reisen\",\"isPartOf\":{\"@id\":\"https:\/\/www.urlaubcornwall.de\/blog\/#website\"},\"datePublished\":\"2018-02-03T14:18:20+00:00\",\"dateModified\":\"2021-08-31T14:29:08+00:00\",\"breadcrumb\":{\"@id\":\"https:\/\/www.urlaubcornwall.de\/blog\/ferienhaus-falmouth-mieten-nr-389\/#breadcrumb\"},\"inLanguage\":\"en-US\",\"potentialAction\":[{\"@type\":\"ReadAction\",\"target\":[\"https:\/\/www.urlaubcornwall.de\/blog\/ferienhaus-falmouth-mieten-nr-389\/\"]}]},{\"@type\":\"BreadcrumbList\",\"@id\":\"https:\/\/www.urlaubcornwall.de\/blog\/ferienhaus-falmouth-mieten-nr-389\/#breadcrumb\",\"itemListElement\":[{\"@type\":\"ListItem\",\"position\":1,\"name\":\"Home\",\"item\":\"https:\/\/www.urlaubcornwall.de\/blog\/\"},{\"@type\":\"ListItem\",\"position\":2,\"name\":\"Ferienhaus in Falmouth mieten &#8211; Nr 389\"}]}]}<\/script>\n<!-- \/ Yoast SEO plugin. -->","yoast_head_json":{"title":"Ferienhaus in Falmouth mieten - Nr 389 - Urlaub &amp; Reisen","robots":{"index":"index","follow":"follow","max-snippet":"max-snippet:-1","max-image-preview":"max-image-preview:large","max-video-preview":"max-video-preview:-1"},"canonical":"https:\/\/www.urlaubcornwall.de\/blog\/ferienhaus-falmouth-mieten-nr-389\/","og_locale":"en_US","og_type":"article","og_title":"Ferienhaus in Falmouth mieten - Nr 389 - Urlaub &amp; Reisen","og_description":"Ferienhaus mit Meerblick Falmouth, S\u00fcdk\u00fcste Cornwall. 2 Schlafzimmer, leider keine Haustiere erlaubt, Schlafplatz f\u00fcr 4, An-\/Abreisetag am Freitag Preis pro Woche \u00a3566 &#8211; \u00a31550 Direkt am Wasser gelegen, blickt dieses sch\u00f6ne Ferienhaus auf die Carrick Roads, einen der spektakul\u00e4rsten Naturh\u00e4fen der Welt. Fenster f\u00fchren von der K\u00fcche \/ Esszimmer auf die Terrasse am Wasser, der [&hellip;]","og_url":"https:\/\/www.urlaubcornwall.de\/blog\/ferienhaus-falmouth-mieten-nr-389\/","og_site_name":"Urlaub &amp; Reisen","article_modified_time":"2021-08-31T14:29:08+00:00","og_image":[{"url":"https:\/\/www.urlaubcornwall.de\/blog\/wp-content\/uploads\/2018\/02\/ferienhaus-falmouth-mieten.jpg"}],"twitter_card":"summary","twitter_misc":{"Est. reading time":"1 minute"},"schema":{"@context":"https:\/\/schema.org","@graph":[{"@type":"WebSite","@id":"https:\/\/www.urlaubcornwall.de\/blog\/#website","url":"https:\/\/www.urlaubcornwall.de\/blog\/","name":"Urlaub &amp; Reisen","description":"Urlaub, Reisen, Cornwall und S\u00fcdengland: eine perfekte Kombination","potentialAction":[{"@type":"SearchAction","target":{"@type":"EntryPoint","urlTemplate":"https:\/\/www.urlaubcornwall.de\/blog\/?s={search_term_string}"},"query-input":"required name=search_term_string"}],"inLanguage":"en-US"},{"@type":"WebPage","@id":"https:\/\/www.urlaubcornwall.de\/blog\/ferienhaus-falmouth-mieten-nr-389\/","url":"https:\/\/www.urlaubcornwall.de\/blog\/ferienhaus-falmouth-mieten-nr-389\/","name":"Ferienhaus in Falmouth mieten - Nr 389 - Urlaub &amp; Reisen","isPartOf":{"@id":"https:\/\/www.urlaubcornwall.de\/blog\/#website"},"datePublished":"2018-02-03T14:18:20+00:00","dateModified":"2021-08-31T14:29:08+00:00","breadcrumb":{"@id":"https:\/\/www.urlaubcornwall.de\/blog\/ferienhaus-falmouth-mieten-nr-389\/#breadcrumb"},"inLanguage":"en-US","potentialAction":[{"@type":"ReadAction","target":["https:\/\/www.urlaubcornwall.de\/blog\/ferienhaus-falmouth-mieten-nr-389\/"]}]},{"@type":"BreadcrumbList","@id":"https:\/\/www.urlaubcornwall.de\/blog\/ferienhaus-falmouth-mieten-nr-389\/#breadcrumb","itemListElement":[{"@type":"ListItem","position":1,"name":"Home","item":"https:\/\/www.urlaubcornwall.de\/blog\/"},{"@type":"ListItem","position":2,"name":"Ferienhaus in Falmouth mieten &#8211; Nr 389"}]}]}},"_links":{"self":[{"href":"https:\/\/www.urlaubcornwall.de\/blog\/wp-json\/wp\/v2\/pages\/32286"}],"collection":[{"href":"https:\/\/www.urlaubcornwall.de\/blog\/wp-json\/wp\/v2\/pages"}],"about":[{"href":"https:\/\/www.urlaubcornwall.de\/blog\/wp-json\/wp\/v2\/types\/page"}],"author":[{"embeddable":true,"href":"https:\/\/www.urlaubcornwall.de\/blog\/wp-json\/wp\/v2\/users\/1"}],"replies":[{"embeddable":true,"href":"https:\/\/www.urlaubcornwall.de\/blog\/wp-json\/wp\/v2\/comments?post=32286"}],"version-history":[{"count":2,"href":"https:\/\/www.urlaubcornwall.de\/blog\/wp-json\/wp\/v2\/pages\/32286\/revisions"}],"predecessor-version":[{"id":42354,"href":"https:\/\/www.urlaubcornwall.de\/blog\/wp-json\/wp\/v2\/pages\/32286\/revisions\/42354"}],"wp:attachment":[{"href":"https:\/\/www.urlaubcornwall.de\/blog\/wp-json\/wp\/v2\/media?parent=32286"}],"curies":[{"name":"wp","href":"https:\/\/api.w.org\/{rel}","templated":true}]}}