{"id":32256,"date":"2018-01-31T12:10:43","date_gmt":"2018-01-31T12:10:43","guid":{"rendered":"https:\/\/www.urlaubcornwall.de\/blog\/?page_id=32256"},"modified":"2026-01-07T10:21:24","modified_gmt":"2026-01-07T10:21:24","slug":"sehenswuerdigkeiten-somerset-historische-herrenhaeuser-gaerten","status":"publish","type":"page","link":"https:\/\/www.urlaubcornwall.de\/blog\/sehenswuerdigkeiten-somerset-historische-herrenhaeuser-gaerten\/","title":{"rendered":"Sehensw\u00fcrdigkeiten in Somerset &#8211; Historische Herrenh\u00e4user &#038; G\u00e4rten"},"content":{"rendered":"<p>Die <a href=\"https:\/\/www.urlaubcornwall.de\/ferienhaeuser-fewos\/eng\/somerset\/somerset.html\">Grafschaft Somerset<\/a> hat einige der besten Herrenh\u00e4user mit herrlichen G\u00e4rten im S\u00fcdwesten Englands. Hier finden Sie lediglich ein paar, die Sie w\u00e4hrend Ihres Urlaubs im Vereinten K\u00f6nigreich besuchen k\u00f6nnen.<\/p>\n<p><a href=\"https:\/\/www.nationaltrust.org.uk\/barrington-court\"rel=\"nofollow\"><strong>Barrington Court<\/strong><\/a><\/p>\n<p><a href=\"https:\/\/www.urlaubcornwall.de\/blog\/wp-content\/uploads\/2024\/03\/barrington-court.jpg\"><img loading=\"lazy\" src=\"https:\/\/www.urlaubcornwall.de\/blog\/wp-content\/uploads\/2024\/03\/barrington-court.jpg\" alt=\"barrington court\" width=\"750\" height=\"563\" class=\"alignnone size-full wp-image-48104\" srcset=\"https:\/\/www.urlaubcornwall.de\/blog\/wp-content\/uploads\/2024\/03\/barrington-court.jpg 750w, https:\/\/www.urlaubcornwall.de\/blog\/wp-content\/uploads\/2024\/03\/barrington-court-300x225.jpg 300w\" sizes=\"(max-width: 750px) 100vw, 750px\" \/><\/a><\/p>\n<p>In der N\u00e4he von <a href=\"https:\/\/www.urlaubcornwall.de\/ferienhaeuser-fewos\/eng\/somerset\/ilminster.html\">Ilminster in Somerset<\/a> befindet sich das teilweise verfallene Gerichtsgeb\u00e4ude des 16. Jahrhunderts. Im wundersch\u00f6nen l\u00e4ndlichen Raum gelegen, wurde dieses Tudor Herrenhaus in den 1920ern von der Familie Lyle vor dem Zerfall gerettet. Heute befindet sich Barrington Court im Besitz des National Trust und ist unm\u00f6bliert, so dass Sie sich in den atmosph\u00e4rischen R\u00e4umen frei bewegen k\u00f6nnen. Die G\u00e4rten, die von Gertrude Jekyll inspiriert wurden, sind entz\u00fcckend, um darin herumzuspazieren, mit Font\u00e4nen, lebendigen Farben und wundervollen D\u00fcften. Der originale Kr\u00e4utergarten beliefert das Restaurant und die Teer\u00e4ume. Haus und Garten sind das ganze Jahr \u00fcber ge\u00f6ffnet; Hunde sind nicht gestattet.<\/p>\n<p><strong><a href=\"https:\/\/bishopspalace.org.uk\/\"rel=\"nofollow\">Der Bischofspalast Wells<\/a><br \/>\n<\/strong><\/p>\n<p>Dieser herrliche mittelalterliche Palast im Herzen von Wells war mehr als 800 Jahre lang das Zuhause der Bisch\u00f6fe von Bath und Wells und ist der \u00d6ffentlichkeit zug\u00e4nglich. Er ist umgeben von einem Burggraben und Besucher \u00fcberqueren eine gepflasterte Zugbr\u00fccke und entdecken ein wahrhaftes verborgenes Juwel in der <a href=\"https:\/\/www.urlaubcornwall.de\/ferienhaeuser-fewos\/eng\/somerset\/wells.html\">Stadt Wells<\/a>. Von den W\u00e4llen aus ergibt sich ein unbedingt wahrzunehmender spektakul\u00e4rer Blick nicht nur \u00fcber die Mendips, Glastonbury Tor und die Kathedrale. Der Palast befindet sich innerhalb von 5,6 Hektar herrlicher, ruhiger G\u00e4rten und beinhaltet den Wells Garten, von dem die Stadt ihren Namen hat. Der Garten ist ein Partnergarten zum RHS; diese Auszeichnung wird an G\u00e4rten vergeben von \u201ahervorragendem und au\u00dferordentlich hohem Standard an Bepflanzung und Design.\u2019 Palast und G\u00e4rten sind das ganze Jahr \u00fcber ge\u00f6ffnet, und eine gef\u00fchrte Tour ist im Eintrittspreis enthalten. Ein Besuch hier stellt w\u00e4hrend Ihres <a href=\"https:\/\/www.urlaubcornwall.de\/reiseziel\/suedwestengland.php\">Urlaubs im S\u00fcdwesten Englands<\/a> einen gro\u00dfartigen Familienausflugstag dar.<\/p>\n<p><a href=\"https:\/\/www.nationaltrust.org.uk\/dunster-castle\"rel=\"nofollow\"><strong>Dunster Castle<\/strong><\/a><br \/>\n<a href=\"https:\/\/www.urlaubcornwall.de\/blog\/wp-content\/uploads\/2024\/05\/dunster.jpg\"><img loading=\"lazy\" src=\"https:\/\/www.urlaubcornwall.de\/blog\/wp-content\/uploads\/2024\/05\/dunster.jpg\" alt=\"dunster\" width=\"750\" height=\"465\" class=\"alignnone size-full wp-image-50301\" srcset=\"https:\/\/www.urlaubcornwall.de\/blog\/wp-content\/uploads\/2024\/05\/dunster.jpg 750w, https:\/\/www.urlaubcornwall.de\/blog\/wp-content\/uploads\/2024\/05\/dunster-300x186.jpg 300w\" sizes=\"(max-width: 750px) 100vw, 750px\" \/><\/a><\/p>\n<p>Dunster Castle liegt dramatisch an einem bewaldeten H\u00fcgel mit atemberaubendem Blick \u00fcber den Bristol Channel und <a href=\"https:\/\/www.urlaubcornwall.de\/ferienhaeuser-fewos\/eng\/nord-devon\/exmoor.html\">Exmoor<\/a>. Die Burg war im Besitz der Familie Luttrell, die hier mehr als 600 Jahre lang lebte, und was einst eine normannische Burg war, wurde w\u00e4hrend des 19. Jahrhunderts ein f\u00fcrstliches und elegantes Landhaus. Die G\u00e4rten von Dunster Castle sind das Ergebnis von Hunderten von Jahren an Bepflanzungen; der terrassenf\u00f6rmig angelegte Garten mit wundervoller Aussicht stellt mediterrane und subtropische Pflanzen in Blumenbeeten viktorianischen Stils zur Schau. Der Flussgarten ist ein ruhiger, wild bewaldeter Garten, der zur historischen Dunster Wasserm\u00fchle f\u00fchrt. Burg und G\u00e4rten befinden sich nun im Besitz des National Trust, wie auch die Wasserm\u00fchle. Hunde, die an kurzen Leinen gef\u00fchrt werden, sind im Burgpark und Garten gestattet, sowie im Teehausgarten der Wasserm\u00fchle.<\/p>\n<p><a href=\"https:\/\/www.fordeabbey.co.uk\/\"rel=\"nofollow\"><strong>Forde Abbey House und G\u00e4rten<\/strong><\/a><\/p>\n<p><img loading=\"lazy\" class=\"aligncenter size-full wp-image-49448\" src=\"https:\/\/www.urlaubcornwall.de\/blog\/wp-content\/uploads\/2024\/04\/IMG_E6005-scaled-e1713179317374.jpg\" alt=\"forde abbey\" width=\"750\" height=\"582\"\/><\/p>\n<p>Die Abtei Forde ist ein Zisterzienserkloster im Privatbesitz in der N\u00e4he von Chard. Dieses einzigartige 850 Jahre alte Haus ist das Zuhause der Familie Kennard und ist der \u00d6ffentlichkeit zug\u00e4nglich. Dieses wundersch\u00f6ne Haus befindet sich innerhalb von mehr als 12 Hektar preisgekr\u00f6nter G\u00e4rten mit Formschnitten, farbenpr\u00e4chtigen Staudenrabatten, einem Arboretum, einem Moorgarten und der Wasserfont\u00e4ne mit der h\u00f6chsten Leistung des Landes. Die G\u00e4rten sind das ganze Jahr \u00fcber ge\u00f6ffnet, und an kurzen Leinen gef\u00fchrte Hunde sind willkommen; das Haus ist von Ende M\u00e4rz bis Ende Oktober ge\u00f6ffnet.<\/p>\n<p><a href=\"https:\/\/www.nationaltrust.org.uk\/tyntesfield\"rel=\"nofollow\"><strong>Tyntesfield<\/strong><\/a><\/p>\n<p><img loading=\"lazy\" class=\"aligncenter size-full wp-image-32261\" src=\"https:\/\/www.urlaubcornwall.de\/blog\/wp-content\/uploads\/2018\/01\/Tytnesfield_herrenhaus.jpg\" alt=\"Tytnesfield_herrenhaus\" width=\"743\" height=\"413\" srcset=\"https:\/\/www.urlaubcornwall.de\/blog\/wp-content\/uploads\/2018\/01\/Tytnesfield_herrenhaus.jpg 743w, https:\/\/www.urlaubcornwall.de\/blog\/wp-content\/uploads\/2018\/01\/Tytnesfield_herrenhaus-300x167.jpg 300w\" sizes=\"(max-width: 743px) 100vw, 743px\" \/><\/p>\n<p>In der N\u00e4he von Bristol befindet sich das spektakul\u00e4re viktorianische neugotische Haus und Gut von Tyntesfield. Es war der Wohnsitz der Familie Gibbs und ist gef\u00fcllt mit einer Sammlung von mehr als 60000 Objekten. Mit dem Reichtum, zu dem sie durch den Guanohandel kamen, verwandelten sie ein georgianisches Haus in ein viktorianisches Meisterwerk, das Besucher heute sehen. Das weitl\u00e4ufige Anwesen ist eingeschmiegt in die l\u00e4ndliche Landschaft Somersets mit wundervollem Blick; die G\u00e4rten haben mit Blumen angereicherte Terrassen, und es gibt einen \u00fcppigen Kr\u00e4utergarten, der das Restaurant und Teehaus beliefert. Tyntesfield befindet sich nun im Besitz des National Trust und ist das ganze Jahr \u00fcber ge\u00f6ffnet; angeleinte Hunde sind in bestimmten Gebieten des Guts gestattet.<\/p>\n<h1 style=\"text-align: center;\"><a href=\"https:\/\/www.urlaubcornwall.de\/ferienhaeuser-fewos\/eng\/somerset\/somerset.html\"><strong>Pers\u00f6nlich inspizierte Ferienh\u00e4user, Ferienwohnungen &amp; Cottages in Somerset f\u00fcr Ihren Urlaub.<\/strong><\/a><\/h1>\n<p style=\"text-align: center;\">Bei uns finden Sie Ferienh\u00e4user zum Verlieben; so einfach ist das!<\/p>\n<p style=\"text-align: center;\"><a class=\"tidycta\" href=\"https:\/\/www.urlaubcornwall.de\/ferienhaeuser-fewos\/eng\/somerset\/somerset.html\">Suche Ferienh\u00e4user<\/a><\/p>\n<p><img loading=\"lazy\" class=\"aligncenter size-full wp-image-24598\" src=\"https:\/\/www.urlaubcornwall.de\/blog\/wp-content\/uploads\/2016\/06\/urlaub-und-sudengland_logo-final.jpg\" width=\"746\" height=\"361\"\/><\/p>\n<p style=\"text-align: right;\"><em>Images \u00a9 National Trust<\/em><\/p>\n","protected":false},"excerpt":{"rendered":"<p>Die Grafschaft Somerset hat einige der besten Herrenh\u00e4user mit herrlichen G\u00e4rten im S\u00fcdwesten Englands. Hier finden Sie lediglich ein paar, die Sie w\u00e4hrend Ihres Urlaubs im Vereinten K\u00f6nigreich besuchen k\u00f6nnen. Barrington Court In der N\u00e4he von Ilminster in Somerset befindet sich das teilweise verfallene Gerichtsgeb\u00e4ude des 16. Jahrhunderts. Im wundersch\u00f6nen l\u00e4ndlichen Raum gelegen, wurde dieses [&hellip;]<\/p>\n","protected":false},"author":1,"featured_media":0,"parent":0,"menu_order":0,"comment_status":"closed","ping_status":"closed","template":"single-four.php","meta":[],"acf":[],"yoast_head":"<!-- This site is optimized with the Yoast SEO plugin v19.4 - https:\/\/yoast.com\/wordpress\/plugins\/seo\/ -->\n<title>Sehensw\u00fcrdigkeiten in Somerset - Historische Herrenh\u00e4user &amp; G\u00e4rten - Urlaub &amp; Reisen<\/title>\n<meta name=\"robots\" content=\"index, follow, max-snippet:-1, max-image-preview:large, max-video-preview:-1\" \/>\n<link rel=\"canonical\" href=\"https:\/\/www.urlaubcornwall.de\/blog\/sehenswuerdigkeiten-somerset-historische-herrenhaeuser-gaerten\/\" \/>\n<meta property=\"og:locale\" content=\"en_US\" \/>\n<meta property=\"og:type\" content=\"article\" \/>\n<meta property=\"og:title\" content=\"Sehensw\u00fcrdigkeiten in Somerset - Historische Herrenh\u00e4user &amp; G\u00e4rten - Urlaub &amp; Reisen\" \/>\n<meta property=\"og:description\" content=\"Die Grafschaft Somerset hat einige der besten Herrenh\u00e4user mit herrlichen G\u00e4rten im S\u00fcdwesten Englands. Hier finden Sie lediglich ein paar, die Sie w\u00e4hrend Ihres Urlaubs im Vereinten K\u00f6nigreich besuchen k\u00f6nnen. Barrington Court In der N\u00e4he von Ilminster in Somerset befindet sich das teilweise verfallene Gerichtsgeb\u00e4ude des 16. Jahrhunderts. Im wundersch\u00f6nen l\u00e4ndlichen Raum gelegen, wurde dieses [&hellip;]\" \/>\n<meta property=\"og:url\" content=\"https:\/\/www.urlaubcornwall.de\/blog\/sehenswuerdigkeiten-somerset-historische-herrenhaeuser-gaerten\/\" \/>\n<meta property=\"og:site_name\" content=\"Urlaub &amp; Reisen\" \/>\n<meta property=\"article:modified_time\" content=\"2026-01-07T10:21:24+00:00\" \/>\n<meta property=\"og:image\" content=\"https:\/\/www.urlaubcornwall.de\/blog\/wp-content\/uploads\/2024\/03\/barrington-court.jpg\" \/>\n<meta name=\"twitter:card\" content=\"summary\" \/>\n<meta name=\"twitter:label1\" content=\"Est. reading time\" \/>\n\t<meta name=\"twitter:data1\" content=\"4 minutes\" \/>\n<script type=\"application\/ld+json\" class=\"yoast-schema-graph\">{\"@context\":\"https:\/\/schema.org\",\"@graph\":[{\"@type\":\"WebSite\",\"@id\":\"https:\/\/www.urlaubcornwall.de\/blog\/#website\",\"url\":\"https:\/\/www.urlaubcornwall.de\/blog\/\",\"name\":\"Urlaub &amp; Reisen\",\"description\":\"Urlaub, Reisen, Cornwall und S\u00fcdengland: eine perfekte Kombination\",\"potentialAction\":[{\"@type\":\"SearchAction\",\"target\":{\"@type\":\"EntryPoint\",\"urlTemplate\":\"https:\/\/www.urlaubcornwall.de\/blog\/?s={search_term_string}\"},\"query-input\":\"required name=search_term_string\"}],\"inLanguage\":\"en-US\"},{\"@type\":\"WebPage\",\"@id\":\"https:\/\/www.urlaubcornwall.de\/blog\/sehenswuerdigkeiten-somerset-historische-herrenhaeuser-gaerten\/\",\"url\":\"https:\/\/www.urlaubcornwall.de\/blog\/sehenswuerdigkeiten-somerset-historische-herrenhaeuser-gaerten\/\",\"name\":\"Sehensw\u00fcrdigkeiten in Somerset - Historische Herrenh\u00e4user & G\u00e4rten - Urlaub &amp; Reisen\",\"isPartOf\":{\"@id\":\"https:\/\/www.urlaubcornwall.de\/blog\/#website\"},\"datePublished\":\"2018-01-31T12:10:43+00:00\",\"dateModified\":\"2026-01-07T10:21:24+00:00\",\"breadcrumb\":{\"@id\":\"https:\/\/www.urlaubcornwall.de\/blog\/sehenswuerdigkeiten-somerset-historische-herrenhaeuser-gaerten\/#breadcrumb\"},\"inLanguage\":\"en-US\",\"potentialAction\":[{\"@type\":\"ReadAction\",\"target\":[\"https:\/\/www.urlaubcornwall.de\/blog\/sehenswuerdigkeiten-somerset-historische-herrenhaeuser-gaerten\/\"]}]},{\"@type\":\"BreadcrumbList\",\"@id\":\"https:\/\/www.urlaubcornwall.de\/blog\/sehenswuerdigkeiten-somerset-historische-herrenhaeuser-gaerten\/#breadcrumb\",\"itemListElement\":[{\"@type\":\"ListItem\",\"position\":1,\"name\":\"Home\",\"item\":\"https:\/\/www.urlaubcornwall.de\/blog\/\"},{\"@type\":\"ListItem\",\"position\":2,\"name\":\"Sehensw\u00fcrdigkeiten in Somerset &#8211; Historische Herrenh\u00e4user &#038; G\u00e4rten\"}]}]}<\/script>\n<!-- \/ Yoast SEO plugin. -->","yoast_head_json":{"title":"Sehensw\u00fcrdigkeiten in Somerset - Historische Herrenh\u00e4user & G\u00e4rten - Urlaub &amp; Reisen","robots":{"index":"index","follow":"follow","max-snippet":"max-snippet:-1","max-image-preview":"max-image-preview:large","max-video-preview":"max-video-preview:-1"},"canonical":"https:\/\/www.urlaubcornwall.de\/blog\/sehenswuerdigkeiten-somerset-historische-herrenhaeuser-gaerten\/","og_locale":"en_US","og_type":"article","og_title":"Sehensw\u00fcrdigkeiten in Somerset - Historische Herrenh\u00e4user & G\u00e4rten - Urlaub &amp; Reisen","og_description":"Die Grafschaft Somerset hat einige der besten Herrenh\u00e4user mit herrlichen G\u00e4rten im S\u00fcdwesten Englands. Hier finden Sie lediglich ein paar, die Sie w\u00e4hrend Ihres Urlaubs im Vereinten K\u00f6nigreich besuchen k\u00f6nnen. Barrington Court In der N\u00e4he von Ilminster in Somerset befindet sich das teilweise verfallene Gerichtsgeb\u00e4ude des 16. Jahrhunderts. Im wundersch\u00f6nen l\u00e4ndlichen Raum gelegen, wurde dieses [&hellip;]","og_url":"https:\/\/www.urlaubcornwall.de\/blog\/sehenswuerdigkeiten-somerset-historische-herrenhaeuser-gaerten\/","og_site_name":"Urlaub &amp; Reisen","article_modified_time":"2026-01-07T10:21:24+00:00","og_image":[{"url":"https:\/\/www.urlaubcornwall.de\/blog\/wp-content\/uploads\/2024\/03\/barrington-court.jpg"}],"twitter_card":"summary","twitter_misc":{"Est. reading time":"4 minutes"},"schema":{"@context":"https:\/\/schema.org","@graph":[{"@type":"WebSite","@id":"https:\/\/www.urlaubcornwall.de\/blog\/#website","url":"https:\/\/www.urlaubcornwall.de\/blog\/","name":"Urlaub &amp; Reisen","description":"Urlaub, Reisen, Cornwall und S\u00fcdengland: eine perfekte Kombination","potentialAction":[{"@type":"SearchAction","target":{"@type":"EntryPoint","urlTemplate":"https:\/\/www.urlaubcornwall.de\/blog\/?s={search_term_string}"},"query-input":"required name=search_term_string"}],"inLanguage":"en-US"},{"@type":"WebPage","@id":"https:\/\/www.urlaubcornwall.de\/blog\/sehenswuerdigkeiten-somerset-historische-herrenhaeuser-gaerten\/","url":"https:\/\/www.urlaubcornwall.de\/blog\/sehenswuerdigkeiten-somerset-historische-herrenhaeuser-gaerten\/","name":"Sehensw\u00fcrdigkeiten in Somerset - Historische Herrenh\u00e4user & G\u00e4rten - Urlaub &amp; Reisen","isPartOf":{"@id":"https:\/\/www.urlaubcornwall.de\/blog\/#website"},"datePublished":"2018-01-31T12:10:43+00:00","dateModified":"2026-01-07T10:21:24+00:00","breadcrumb":{"@id":"https:\/\/www.urlaubcornwall.de\/blog\/sehenswuerdigkeiten-somerset-historische-herrenhaeuser-gaerten\/#breadcrumb"},"inLanguage":"en-US","potentialAction":[{"@type":"ReadAction","target":["https:\/\/www.urlaubcornwall.de\/blog\/sehenswuerdigkeiten-somerset-historische-herrenhaeuser-gaerten\/"]}]},{"@type":"BreadcrumbList","@id":"https:\/\/www.urlaubcornwall.de\/blog\/sehenswuerdigkeiten-somerset-historische-herrenhaeuser-gaerten\/#breadcrumb","itemListElement":[{"@type":"ListItem","position":1,"name":"Home","item":"https:\/\/www.urlaubcornwall.de\/blog\/"},{"@type":"ListItem","position":2,"name":"Sehensw\u00fcrdigkeiten in Somerset &#8211; Historische Herrenh\u00e4user &#038; G\u00e4rten"}]}]}},"_links":{"self":[{"href":"https:\/\/www.urlaubcornwall.de\/blog\/wp-json\/wp\/v2\/pages\/32256"}],"collection":[{"href":"https:\/\/www.urlaubcornwall.de\/blog\/wp-json\/wp\/v2\/pages"}],"about":[{"href":"https:\/\/www.urlaubcornwall.de\/blog\/wp-json\/wp\/v2\/types\/page"}],"author":[{"embeddable":true,"href":"https:\/\/www.urlaubcornwall.de\/blog\/wp-json\/wp\/v2\/users\/1"}],"replies":[{"embeddable":true,"href":"https:\/\/www.urlaubcornwall.de\/blog\/wp-json\/wp\/v2\/comments?post=32256"}],"version-history":[{"count":11,"href":"https:\/\/www.urlaubcornwall.de\/blog\/wp-json\/wp\/v2\/pages\/32256\/revisions"}],"predecessor-version":[{"id":52020,"href":"https:\/\/www.urlaubcornwall.de\/blog\/wp-json\/wp\/v2\/pages\/32256\/revisions\/52020"}],"wp:attachment":[{"href":"https:\/\/www.urlaubcornwall.de\/blog\/wp-json\/wp\/v2\/media?parent=32256"}],"curies":[{"name":"wp","href":"https:\/\/api.w.org\/{rel}","templated":true}]}}