{"id":32156,"date":"2018-01-28T14:15:18","date_gmt":"2018-01-28T14:15:18","guid":{"rendered":"https:\/\/www.urlaubcornwall.de\/blog\/?page_id=32156"},"modified":"2021-09-17T10:16:21","modified_gmt":"2021-09-17T10:16:21","slug":"cottage-wales-meer-mieten","status":"publish","type":"page","link":"https:\/\/www.urlaubcornwall.de\/blog\/cottage-wales-meer-mieten\/","title":{"rendered":"Cottage in Wales am Meer mieten"},"content":{"rendered":"<p><img loading=\"lazy\" class=\"aligncenter size-full wp-image-32158\" src=\"https:\/\/www.urlaubcornwall.de\/blog\/wp-content\/uploads\/2018\/01\/cottage-in-wales-am-meer.jpg\" alt=\"cottage in wales am meer\" width=\"749\" height=\"508\"\/><br \/>\n<strong>Ferienhaus in <a href=\"https:\/\/www.urlaubcornwall.de\/ferienhaeuser-fewos\/wal\/westwales\/haverfordwest.html\">Haverfordwest<\/a> mit 2 Schlafzimmern, Schlafgelegenheiten 4<\/strong><\/p>\n<p>Sch\u00f6nes Ferienhaus auf einem Bauernhof. Ehemals eine Molkerei mit umz\u00e4unten Garten mit Land- und K\u00fcstenblick. Das Anwesen befindet sich in 100 Hektar \u00fcber die private Stra\u00dfe in dem kleinen Dorf Compass und Square zugegriffen. Das Dorf hat ein Pub-Restaurant und ein Gesch\u00e4ft. Gelegen zwischen der farbenfrohen <a href=\"https:\/\/www.urlaubcornwall.de\/ferienhaeuser-fewos\/wal\/westwales\/fishguard.html\">Hafenstadt Fishguard<\/a> und der kleinen Stadt <a href=\"https:\/\/www.urlaubcornwall.de\/ferienhaeuser-fewos\/wal\/westwales\/st-davids.html\">St. Davids<\/a>. Nehmen Sie an einem der vielen sich kreuzenden Wanderwege des Pembrokeshire Coastal Path teil, indem Sie die Buchten von Abercastle und Aberfelin erkunden oder die Blaue Lagune bei den Surferwellen von Abereiddy bei Porthgain und die Sandstr\u00e4nde bei Traethlyn erkunden&#8230;&#8230;..<\/p>\n<p style=\"text-align: center;\"><a class=\"tidycta\" href=\"https:\/\/www.urlaubcornwall.de\/ferienhaeuser-fewos\/wal\/westwales\/westwales-am-meer.html\">Suche Ferienh\u00e4user am Meer<\/a><\/p>\n<p style=\"text-align: center;\">Pers\u00f6nlich inspizierte Ferienh\u00e4user und Ferienwohnungen f\u00fcr Ihren Urlaub.<\/p>\n<p style=\"text-align: center;\"><a href=\"https:\/\/www.urlaubcornwall.de\/ferienhaeuser\/wales.php\"><strong>Ferienh\u00e4user, Cottages &amp; Ferienwohnungen in Wales. <\/strong><\/a><\/p>\n","protected":false},"excerpt":{"rendered":"<p>Ferienhaus in Haverfordwest mit 2 Schlafzimmern, Schlafgelegenheiten 4 Sch\u00f6nes Ferienhaus auf einem Bauernhof. Ehemals eine Molkerei mit umz\u00e4unten Garten mit Land- und K\u00fcstenblick. Das Anwesen befindet sich in 100 Hektar \u00fcber die private Stra\u00dfe in dem kleinen Dorf Compass und Square zugegriffen. Das Dorf hat ein Pub-Restaurant und ein Gesch\u00e4ft. Gelegen zwischen der farbenfrohen Hafenstadt [&hellip;]<\/p>\n","protected":false},"author":1,"featured_media":0,"parent":0,"menu_order":0,"comment_status":"closed","ping_status":"closed","template":"single-four.php","meta":[],"acf":[],"yoast_head":"<!-- This site is optimized with the Yoast SEO plugin v19.4 - https:\/\/yoast.com\/wordpress\/plugins\/seo\/ -->\n<title>Cottage in Wales am Meer mieten - Urlaub &amp; Reisen<\/title>\n<meta name=\"description\" content=\"ch\u00f6nes Ferienhaus auf einem Bauernhof. Ehemals eine Molkerei mit umz\u00e4unten Garten mit Land- und K\u00fcstenblick. Das Anwesen befindet sich in 100 Hektar \u00fcber die private Stra\u00dfe in dem kleinen Dorf Compass und Square zugegriffen. Das Dorf hat ein Pub-Restaurant und ein Gesch\u00e4ft. Gelegen zwischen der farbenfrohen Hafenstadt Fishguard\" \/>\n<meta name=\"robots\" content=\"index, follow, max-snippet:-1, max-image-preview:large, max-video-preview:-1\" \/>\n<link rel=\"canonical\" href=\"https:\/\/www.urlaubcornwall.de\/blog\/cottage-wales-meer-mieten\/\" \/>\n<meta property=\"og:locale\" content=\"en_US\" \/>\n<meta property=\"og:type\" content=\"article\" \/>\n<meta property=\"og:title\" content=\"Cottage in Wales am Meer mieten - Urlaub &amp; Reisen\" \/>\n<meta property=\"og:description\" content=\"ch\u00f6nes Ferienhaus auf einem Bauernhof. Ehemals eine Molkerei mit umz\u00e4unten Garten mit Land- und K\u00fcstenblick. Das Anwesen befindet sich in 100 Hektar \u00fcber die private Stra\u00dfe in dem kleinen Dorf Compass und Square zugegriffen. Das Dorf hat ein Pub-Restaurant und ein Gesch\u00e4ft. Gelegen zwischen der farbenfrohen Hafenstadt Fishguard\" \/>\n<meta property=\"og:url\" content=\"https:\/\/www.urlaubcornwall.de\/blog\/cottage-wales-meer-mieten\/\" \/>\n<meta property=\"og:site_name\" content=\"Urlaub &amp; Reisen\" \/>\n<meta property=\"article:modified_time\" content=\"2021-09-17T10:16:21+00:00\" \/>\n<meta property=\"og:image\" content=\"https:\/\/www.urlaubcornwall.de\/blog\/wp-content\/uploads\/2018\/01\/cottage-in-wales-am-meer.jpg\" \/>\n<meta name=\"twitter:card\" content=\"summary\" \/>\n<meta name=\"twitter:label1\" content=\"Est. reading time\" \/>\n\t<meta name=\"twitter:data1\" content=\"1 minute\" \/>\n<script type=\"application\/ld+json\" class=\"yoast-schema-graph\">{\"@context\":\"https:\/\/schema.org\",\"@graph\":[{\"@type\":\"WebSite\",\"@id\":\"https:\/\/www.urlaubcornwall.de\/blog\/#website\",\"url\":\"https:\/\/www.urlaubcornwall.de\/blog\/\",\"name\":\"Urlaub &amp; Reisen\",\"description\":\"Urlaub, Reisen, Cornwall und S\u00fcdengland: eine perfekte Kombination\",\"potentialAction\":[{\"@type\":\"SearchAction\",\"target\":{\"@type\":\"EntryPoint\",\"urlTemplate\":\"https:\/\/www.urlaubcornwall.de\/blog\/?s={search_term_string}\"},\"query-input\":\"required name=search_term_string\"}],\"inLanguage\":\"en-US\"},{\"@type\":\"WebPage\",\"@id\":\"https:\/\/www.urlaubcornwall.de\/blog\/cottage-wales-meer-mieten\/\",\"url\":\"https:\/\/www.urlaubcornwall.de\/blog\/cottage-wales-meer-mieten\/\",\"name\":\"Cottage in Wales am Meer mieten - Urlaub &amp; Reisen\",\"isPartOf\":{\"@id\":\"https:\/\/www.urlaubcornwall.de\/blog\/#website\"},\"datePublished\":\"2018-01-28T14:15:18+00:00\",\"dateModified\":\"2021-09-17T10:16:21+00:00\",\"description\":\"ch\u00f6nes Ferienhaus auf einem Bauernhof. Ehemals eine Molkerei mit umz\u00e4unten Garten mit Land- und K\u00fcstenblick. Das Anwesen befindet sich in 100 Hektar \u00fcber die private Stra\u00dfe in dem kleinen Dorf Compass und Square zugegriffen. Das Dorf hat ein Pub-Restaurant und ein Gesch\u00e4ft. Gelegen zwischen der farbenfrohen Hafenstadt Fishguard\",\"breadcrumb\":{\"@id\":\"https:\/\/www.urlaubcornwall.de\/blog\/cottage-wales-meer-mieten\/#breadcrumb\"},\"inLanguage\":\"en-US\",\"potentialAction\":[{\"@type\":\"ReadAction\",\"target\":[\"https:\/\/www.urlaubcornwall.de\/blog\/cottage-wales-meer-mieten\/\"]}]},{\"@type\":\"BreadcrumbList\",\"@id\":\"https:\/\/www.urlaubcornwall.de\/blog\/cottage-wales-meer-mieten\/#breadcrumb\",\"itemListElement\":[{\"@type\":\"ListItem\",\"position\":1,\"name\":\"Home\",\"item\":\"https:\/\/www.urlaubcornwall.de\/blog\/\"},{\"@type\":\"ListItem\",\"position\":2,\"name\":\"Cottage in Wales am Meer mieten\"}]}]}<\/script>\n<!-- \/ Yoast SEO plugin. -->","yoast_head_json":{"title":"Cottage in Wales am Meer mieten - Urlaub &amp; Reisen","description":"ch\u00f6nes Ferienhaus auf einem Bauernhof. Ehemals eine Molkerei mit umz\u00e4unten Garten mit Land- und K\u00fcstenblick. Das Anwesen befindet sich in 100 Hektar \u00fcber die private Stra\u00dfe in dem kleinen Dorf Compass und Square zugegriffen. Das Dorf hat ein Pub-Restaurant und ein Gesch\u00e4ft. Gelegen zwischen der farbenfrohen Hafenstadt Fishguard","robots":{"index":"index","follow":"follow","max-snippet":"max-snippet:-1","max-image-preview":"max-image-preview:large","max-video-preview":"max-video-preview:-1"},"canonical":"https:\/\/www.urlaubcornwall.de\/blog\/cottage-wales-meer-mieten\/","og_locale":"en_US","og_type":"article","og_title":"Cottage in Wales am Meer mieten - Urlaub &amp; Reisen","og_description":"ch\u00f6nes Ferienhaus auf einem Bauernhof. Ehemals eine Molkerei mit umz\u00e4unten Garten mit Land- und K\u00fcstenblick. Das Anwesen befindet sich in 100 Hektar \u00fcber die private Stra\u00dfe in dem kleinen Dorf Compass und Square zugegriffen. Das Dorf hat ein Pub-Restaurant und ein Gesch\u00e4ft. Gelegen zwischen der farbenfrohen Hafenstadt Fishguard","og_url":"https:\/\/www.urlaubcornwall.de\/blog\/cottage-wales-meer-mieten\/","og_site_name":"Urlaub &amp; Reisen","article_modified_time":"2021-09-17T10:16:21+00:00","og_image":[{"url":"https:\/\/www.urlaubcornwall.de\/blog\/wp-content\/uploads\/2018\/01\/cottage-in-wales-am-meer.jpg"}],"twitter_card":"summary","twitter_misc":{"Est. reading time":"1 minute"},"schema":{"@context":"https:\/\/schema.org","@graph":[{"@type":"WebSite","@id":"https:\/\/www.urlaubcornwall.de\/blog\/#website","url":"https:\/\/www.urlaubcornwall.de\/blog\/","name":"Urlaub &amp; Reisen","description":"Urlaub, Reisen, Cornwall und S\u00fcdengland: eine perfekte Kombination","potentialAction":[{"@type":"SearchAction","target":{"@type":"EntryPoint","urlTemplate":"https:\/\/www.urlaubcornwall.de\/blog\/?s={search_term_string}"},"query-input":"required name=search_term_string"}],"inLanguage":"en-US"},{"@type":"WebPage","@id":"https:\/\/www.urlaubcornwall.de\/blog\/cottage-wales-meer-mieten\/","url":"https:\/\/www.urlaubcornwall.de\/blog\/cottage-wales-meer-mieten\/","name":"Cottage in Wales am Meer mieten - Urlaub &amp; Reisen","isPartOf":{"@id":"https:\/\/www.urlaubcornwall.de\/blog\/#website"},"datePublished":"2018-01-28T14:15:18+00:00","dateModified":"2021-09-17T10:16:21+00:00","description":"ch\u00f6nes Ferienhaus auf einem Bauernhof. Ehemals eine Molkerei mit umz\u00e4unten Garten mit Land- und K\u00fcstenblick. Das Anwesen befindet sich in 100 Hektar \u00fcber die private Stra\u00dfe in dem kleinen Dorf Compass und Square zugegriffen. Das Dorf hat ein Pub-Restaurant und ein Gesch\u00e4ft. Gelegen zwischen der farbenfrohen Hafenstadt Fishguard","breadcrumb":{"@id":"https:\/\/www.urlaubcornwall.de\/blog\/cottage-wales-meer-mieten\/#breadcrumb"},"inLanguage":"en-US","potentialAction":[{"@type":"ReadAction","target":["https:\/\/www.urlaubcornwall.de\/blog\/cottage-wales-meer-mieten\/"]}]},{"@type":"BreadcrumbList","@id":"https:\/\/www.urlaubcornwall.de\/blog\/cottage-wales-meer-mieten\/#breadcrumb","itemListElement":[{"@type":"ListItem","position":1,"name":"Home","item":"https:\/\/www.urlaubcornwall.de\/blog\/"},{"@type":"ListItem","position":2,"name":"Cottage in Wales am Meer mieten"}]}]}},"_links":{"self":[{"href":"https:\/\/www.urlaubcornwall.de\/blog\/wp-json\/wp\/v2\/pages\/32156"}],"collection":[{"href":"https:\/\/www.urlaubcornwall.de\/blog\/wp-json\/wp\/v2\/pages"}],"about":[{"href":"https:\/\/www.urlaubcornwall.de\/blog\/wp-json\/wp\/v2\/types\/page"}],"author":[{"embeddable":true,"href":"https:\/\/www.urlaubcornwall.de\/blog\/wp-json\/wp\/v2\/users\/1"}],"replies":[{"embeddable":true,"href":"https:\/\/www.urlaubcornwall.de\/blog\/wp-json\/wp\/v2\/comments?post=32156"}],"version-history":[{"count":9,"href":"https:\/\/www.urlaubcornwall.de\/blog\/wp-json\/wp\/v2\/pages\/32156\/revisions"}],"predecessor-version":[{"id":42816,"href":"https:\/\/www.urlaubcornwall.de\/blog\/wp-json\/wp\/v2\/pages\/32156\/revisions\/42816"}],"wp:attachment":[{"href":"https:\/\/www.urlaubcornwall.de\/blog\/wp-json\/wp\/v2\/media?parent=32156"}],"curies":[{"name":"wp","href":"https:\/\/api.w.org\/{rel}","templated":true}]}}