{"id":32153,"date":"2018-01-28T14:01:53","date_gmt":"2018-01-28T14:01:53","guid":{"rendered":"https:\/\/www.urlaubcornwall.de\/blog\/?page_id=32153"},"modified":"2024-04-15T08:23:58","modified_gmt":"2024-04-15T08:23:58","slug":"cottage-wales-mit-hund-mieten","status":"publish","type":"page","link":"https:\/\/www.urlaubcornwall.de\/blog\/cottage-wales-mit-hund-mieten\/","title":{"rendered":"Cottage in Wales mit Hund mieten"},"content":{"rendered":"<p><a href=\"https:\/\/www.urlaubcornwall.de\/blog\/wp-content\/uploads\/2024\/03\/gower-halbinsel-wales-1.jpg\"><img loading=\"lazy\" src=\"https:\/\/www.urlaubcornwall.de\/blog\/wp-content\/uploads\/2024\/03\/gower-halbinsel-wales-1.jpg\" alt=\"gower halbinsel wales\" width=\"750\" height=\"500\" class=\"alignnone size-full wp-image-47959\" srcset=\"https:\/\/www.urlaubcornwall.de\/blog\/wp-content\/uploads\/2024\/03\/gower-halbinsel-wales-1.jpg 750w, https:\/\/www.urlaubcornwall.de\/blog\/wp-content\/uploads\/2024\/03\/gower-halbinsel-wales-1-300x200.jpg 300w\" sizes=\"(max-width: 750px) 100vw, 750px\" \/><\/a><br \/>\n<strong>Ferienhaus in Haverfordwest mit 2 Schlafzimmern, Schlafgelegenheiten 4, Hundefreundlich<\/strong><\/p>\n<p>Ein einfach wundervoller Rahmen f\u00fcr einen Urlaub in diesem hundefreundlichen Cottage. Nur einen kurzen Spaziergang entlang h\u00fcbscher Gassen f\u00fchren Sie zu den \u00f6rtlichen Str\u00e4nden ab der Aberfelin Bay, einem Sand- und Kiesstrand, der sich perfekt zum Erkunden eignet. Es gibt viele andere Str\u00e4nde wie Abermawr, Abercastle und Abereiddy mit seiner ber\u00fchmten blauen Lagune zu besuchen. Trefin hat eine Kneipe und ein Caf\u00e9, die zu Fu\u00df erreichbar sind und einen Besuch wert sind. Pembrokeshire ist zu Recht f\u00fcr seine erstaunliche Tierwelt bekannt&#8230;&#8230;..<\/p>\n<p style=\"text-align: center;\"><a class=\"tidycta\" href=\"https:\/\/www.urlaubcornwall.de\/ferienhaeuser-fewos\/wal\/wales-hundefreundlich.html\">Suche Ferienh\u00e4user mit Hund<\/a><\/p>\n<p style=\"text-align: center;\">Pers\u00f6nlich inspizierte Ferienh\u00e4user und Ferienwohnungen f\u00fcr Ihren Urlaub.<\/p>\n<p style=\"text-align: center;\"><a href=\"https:\/\/www.urlaubcornwall.de\/ferienhaeuser-fewos\/wal\/wales-hundefreundlich.html\"><strong>Ferienh\u00e4user, Cottages &amp; Ferienwohnungen mit Hund in Wales. <\/strong><\/a><\/p>\n","protected":false},"excerpt":{"rendered":"<p>Ferienhaus in Haverfordwest mit 2 Schlafzimmern, Schlafgelegenheiten 4, Hundefreundlich Ein einfach wundervoller Rahmen f\u00fcr einen Urlaub in diesem hundefreundlichen Cottage. Nur einen kurzen Spaziergang entlang h\u00fcbscher Gassen f\u00fchren Sie zu den \u00f6rtlichen Str\u00e4nden ab der Aberfelin Bay, einem Sand- und Kiesstrand, der sich perfekt zum Erkunden eignet. Es gibt viele andere Str\u00e4nde wie Abermawr, Abercastle [&hellip;]<\/p>\n","protected":false},"author":1,"featured_media":0,"parent":0,"menu_order":0,"comment_status":"closed","ping_status":"closed","template":"single-four.php","meta":[],"acf":[],"yoast_head":"<!-- This site is optimized with the Yoast SEO plugin v19.4 - https:\/\/yoast.com\/wordpress\/plugins\/seo\/ -->\n<title>Cottage in Wales mit Hund mieten - Urlaub &amp; Reisen<\/title>\n<meta name=\"description\" content=\"Ein einfach wundervoller Rahmen f\u00fcr einen Urlaub in diesem hundefreundlichen Cottage. Nur einen kurzen Spaziergang entlang h\u00fcbscher Gassen f\u00fchren Sie zu den \u00f6rtlichen Str\u00e4nden ab der Aberfelin Bay, einem Sand- und Kiesstrand, der sich perfekt zum Erkunden eignet. Es gibt viele andere Str\u00e4nde wie Abermawr, Abercastle und Abereiddy\" \/>\n<meta name=\"robots\" content=\"index, follow, max-snippet:-1, max-image-preview:large, max-video-preview:-1\" \/>\n<link rel=\"canonical\" href=\"https:\/\/www.urlaubcornwall.de\/blog\/cottage-wales-mit-hund-mieten\/\" \/>\n<meta property=\"og:locale\" content=\"en_US\" \/>\n<meta property=\"og:type\" content=\"article\" \/>\n<meta property=\"og:title\" content=\"Cottage in Wales mit Hund mieten - Urlaub &amp; Reisen\" \/>\n<meta property=\"og:description\" content=\"Ein einfach wundervoller Rahmen f\u00fcr einen Urlaub in diesem hundefreundlichen Cottage. Nur einen kurzen Spaziergang entlang h\u00fcbscher Gassen f\u00fchren Sie zu den \u00f6rtlichen Str\u00e4nden ab der Aberfelin Bay, einem Sand- und Kiesstrand, der sich perfekt zum Erkunden eignet. Es gibt viele andere Str\u00e4nde wie Abermawr, Abercastle und Abereiddy\" \/>\n<meta property=\"og:url\" content=\"https:\/\/www.urlaubcornwall.de\/blog\/cottage-wales-mit-hund-mieten\/\" \/>\n<meta property=\"og:site_name\" content=\"Urlaub &amp; Reisen\" \/>\n<meta property=\"article:modified_time\" content=\"2024-04-15T08:23:58+00:00\" \/>\n<meta property=\"og:image\" content=\"https:\/\/www.urlaubcornwall.de\/blog\/wp-content\/uploads\/2024\/03\/gower-halbinsel-wales-1.jpg\" \/>\n<meta name=\"twitter:card\" content=\"summary\" \/>\n<meta name=\"twitter:label1\" content=\"Est. reading time\" \/>\n\t<meta name=\"twitter:data1\" content=\"1 minute\" \/>\n<script type=\"application\/ld+json\" class=\"yoast-schema-graph\">{\"@context\":\"https:\/\/schema.org\",\"@graph\":[{\"@type\":\"WebSite\",\"@id\":\"https:\/\/www.urlaubcornwall.de\/blog\/#website\",\"url\":\"https:\/\/www.urlaubcornwall.de\/blog\/\",\"name\":\"Urlaub &amp; Reisen\",\"description\":\"Urlaub, Reisen, Cornwall und S\u00fcdengland: eine perfekte Kombination\",\"potentialAction\":[{\"@type\":\"SearchAction\",\"target\":{\"@type\":\"EntryPoint\",\"urlTemplate\":\"https:\/\/www.urlaubcornwall.de\/blog\/?s={search_term_string}\"},\"query-input\":\"required name=search_term_string\"}],\"inLanguage\":\"en-US\"},{\"@type\":\"WebPage\",\"@id\":\"https:\/\/www.urlaubcornwall.de\/blog\/cottage-wales-mit-hund-mieten\/\",\"url\":\"https:\/\/www.urlaubcornwall.de\/blog\/cottage-wales-mit-hund-mieten\/\",\"name\":\"Cottage in Wales mit Hund mieten - Urlaub &amp; Reisen\",\"isPartOf\":{\"@id\":\"https:\/\/www.urlaubcornwall.de\/blog\/#website\"},\"datePublished\":\"2018-01-28T14:01:53+00:00\",\"dateModified\":\"2024-04-15T08:23:58+00:00\",\"description\":\"Ein einfach wundervoller Rahmen f\u00fcr einen Urlaub in diesem hundefreundlichen Cottage. Nur einen kurzen Spaziergang entlang h\u00fcbscher Gassen f\u00fchren Sie zu den \u00f6rtlichen Str\u00e4nden ab der Aberfelin Bay, einem Sand- und Kiesstrand, der sich perfekt zum Erkunden eignet. Es gibt viele andere Str\u00e4nde wie Abermawr, Abercastle und Abereiddy\",\"breadcrumb\":{\"@id\":\"https:\/\/www.urlaubcornwall.de\/blog\/cottage-wales-mit-hund-mieten\/#breadcrumb\"},\"inLanguage\":\"en-US\",\"potentialAction\":[{\"@type\":\"ReadAction\",\"target\":[\"https:\/\/www.urlaubcornwall.de\/blog\/cottage-wales-mit-hund-mieten\/\"]}]},{\"@type\":\"BreadcrumbList\",\"@id\":\"https:\/\/www.urlaubcornwall.de\/blog\/cottage-wales-mit-hund-mieten\/#breadcrumb\",\"itemListElement\":[{\"@type\":\"ListItem\",\"position\":1,\"name\":\"Home\",\"item\":\"https:\/\/www.urlaubcornwall.de\/blog\/\"},{\"@type\":\"ListItem\",\"position\":2,\"name\":\"Cottage in Wales mit Hund mieten\"}]}]}<\/script>\n<!-- \/ Yoast SEO plugin. -->","yoast_head_json":{"title":"Cottage in Wales mit Hund mieten - Urlaub &amp; Reisen","description":"Ein einfach wundervoller Rahmen f\u00fcr einen Urlaub in diesem hundefreundlichen Cottage. Nur einen kurzen Spaziergang entlang h\u00fcbscher Gassen f\u00fchren Sie zu den \u00f6rtlichen Str\u00e4nden ab der Aberfelin Bay, einem Sand- und Kiesstrand, der sich perfekt zum Erkunden eignet. Es gibt viele andere Str\u00e4nde wie Abermawr, Abercastle und Abereiddy","robots":{"index":"index","follow":"follow","max-snippet":"max-snippet:-1","max-image-preview":"max-image-preview:large","max-video-preview":"max-video-preview:-1"},"canonical":"https:\/\/www.urlaubcornwall.de\/blog\/cottage-wales-mit-hund-mieten\/","og_locale":"en_US","og_type":"article","og_title":"Cottage in Wales mit Hund mieten - Urlaub &amp; Reisen","og_description":"Ein einfach wundervoller Rahmen f\u00fcr einen Urlaub in diesem hundefreundlichen Cottage. Nur einen kurzen Spaziergang entlang h\u00fcbscher Gassen f\u00fchren Sie zu den \u00f6rtlichen Str\u00e4nden ab der Aberfelin Bay, einem Sand- und Kiesstrand, der sich perfekt zum Erkunden eignet. Es gibt viele andere Str\u00e4nde wie Abermawr, Abercastle und Abereiddy","og_url":"https:\/\/www.urlaubcornwall.de\/blog\/cottage-wales-mit-hund-mieten\/","og_site_name":"Urlaub &amp; Reisen","article_modified_time":"2024-04-15T08:23:58+00:00","og_image":[{"url":"https:\/\/www.urlaubcornwall.de\/blog\/wp-content\/uploads\/2024\/03\/gower-halbinsel-wales-1.jpg"}],"twitter_card":"summary","twitter_misc":{"Est. reading time":"1 minute"},"schema":{"@context":"https:\/\/schema.org","@graph":[{"@type":"WebSite","@id":"https:\/\/www.urlaubcornwall.de\/blog\/#website","url":"https:\/\/www.urlaubcornwall.de\/blog\/","name":"Urlaub &amp; Reisen","description":"Urlaub, Reisen, Cornwall und S\u00fcdengland: eine perfekte Kombination","potentialAction":[{"@type":"SearchAction","target":{"@type":"EntryPoint","urlTemplate":"https:\/\/www.urlaubcornwall.de\/blog\/?s={search_term_string}"},"query-input":"required name=search_term_string"}],"inLanguage":"en-US"},{"@type":"WebPage","@id":"https:\/\/www.urlaubcornwall.de\/blog\/cottage-wales-mit-hund-mieten\/","url":"https:\/\/www.urlaubcornwall.de\/blog\/cottage-wales-mit-hund-mieten\/","name":"Cottage in Wales mit Hund mieten - Urlaub &amp; Reisen","isPartOf":{"@id":"https:\/\/www.urlaubcornwall.de\/blog\/#website"},"datePublished":"2018-01-28T14:01:53+00:00","dateModified":"2024-04-15T08:23:58+00:00","description":"Ein einfach wundervoller Rahmen f\u00fcr einen Urlaub in diesem hundefreundlichen Cottage. Nur einen kurzen Spaziergang entlang h\u00fcbscher Gassen f\u00fchren Sie zu den \u00f6rtlichen Str\u00e4nden ab der Aberfelin Bay, einem Sand- und Kiesstrand, der sich perfekt zum Erkunden eignet. Es gibt viele andere Str\u00e4nde wie Abermawr, Abercastle und Abereiddy","breadcrumb":{"@id":"https:\/\/www.urlaubcornwall.de\/blog\/cottage-wales-mit-hund-mieten\/#breadcrumb"},"inLanguage":"en-US","potentialAction":[{"@type":"ReadAction","target":["https:\/\/www.urlaubcornwall.de\/blog\/cottage-wales-mit-hund-mieten\/"]}]},{"@type":"BreadcrumbList","@id":"https:\/\/www.urlaubcornwall.de\/blog\/cottage-wales-mit-hund-mieten\/#breadcrumb","itemListElement":[{"@type":"ListItem","position":1,"name":"Home","item":"https:\/\/www.urlaubcornwall.de\/blog\/"},{"@type":"ListItem","position":2,"name":"Cottage in Wales mit Hund mieten"}]}]}},"_links":{"self":[{"href":"https:\/\/www.urlaubcornwall.de\/blog\/wp-json\/wp\/v2\/pages\/32153"}],"collection":[{"href":"https:\/\/www.urlaubcornwall.de\/blog\/wp-json\/wp\/v2\/pages"}],"about":[{"href":"https:\/\/www.urlaubcornwall.de\/blog\/wp-json\/wp\/v2\/types\/page"}],"author":[{"embeddable":true,"href":"https:\/\/www.urlaubcornwall.de\/blog\/wp-json\/wp\/v2\/users\/1"}],"replies":[{"embeddable":true,"href":"https:\/\/www.urlaubcornwall.de\/blog\/wp-json\/wp\/v2\/comments?post=32153"}],"version-history":[{"count":6,"href":"https:\/\/www.urlaubcornwall.de\/blog\/wp-json\/wp\/v2\/pages\/32153\/revisions"}],"predecessor-version":[{"id":49380,"href":"https:\/\/www.urlaubcornwall.de\/blog\/wp-json\/wp\/v2\/pages\/32153\/revisions\/49380"}],"wp:attachment":[{"href":"https:\/\/www.urlaubcornwall.de\/blog\/wp-json\/wp\/v2\/media?parent=32153"}],"curies":[{"name":"wp","href":"https:\/\/api.w.org\/{rel}","templated":true}]}}