{"id":32113,"date":"2018-01-24T14:18:53","date_gmt":"2018-01-24T14:18:53","guid":{"rendered":"https:\/\/www.urlaubcornwall.de\/blog\/?page_id=32113"},"modified":"2021-09-02T08:50:42","modified_gmt":"2021-09-02T08:50:42","slug":"cottage-porthleven-meer-mieten","status":"publish","type":"page","link":"https:\/\/www.urlaubcornwall.de\/blog\/cottage-porthleven-meer-mieten\/","title":{"rendered":"Cottage in Porthleven am Meer mieten"},"content":{"rendered":"<p><img loading=\"lazy\" class=\"aligncenter size-full wp-image-32114\" src=\"https:\/\/www.urlaubcornwall.de\/blog\/wp-content\/uploads\/2018\/01\/cottage-portleven-am-meer.jpg\" alt=\"cottage porthleven am meer\" width=\"747\" height=\"494\"\/><\/p>\n<p><strong>Ferienhaus 1.8 kilometern NO von Porthleven, S\u00fcdwest-Cornwall.<\/strong><\/p>\n<p>2 Schlafzimmer, leider keine Haustiere erlaubt, Schlafplatz f\u00fcr 4, An-\/Abreisetag am Freitag<\/p>\n<p>Preis pro Woche \u00a3427 &#8211; \u00a3950<\/p>\n<p>Das traditionelle kornische Cottage liegt friedlich in einem weitl\u00e4ufigen Kieshof vom Haus der Eigent\u00fcmer. Es ist von einer wundersch\u00f6nen Landschaft umgeben und liegt dennoch in der N\u00e4he der Gesch\u00e4fte, Pubs, Restaurants und des malerischen Hafens von Porthleven. Drau\u00dfen, eine Terrasse, gut gepflanzt, sonnigen Platz und es gibt auch eine kleine Wiese, der perfekte Ort f\u00fcr ein Barbecue oder um zu sitzen und bewundern Sie die sch\u00f6ne Aussicht. Wundersch\u00f6n umgebaut, ist diese freistehende einst\u00f6ckige ehemalige Scheune gestaltet und eingerichtet, um einen wirklich entspannenden und komfortablen Raum zu schaffen. Zwei bequeme Sofas stehen vor dem Kamin, ideal zum Ausruhen nach einem erlebnisreichen Tag in Cornwall. Lavender Barn ist sowohl mit einem Badezimmer als auch mit einem Duschraum zur Auswahl, einfach ein perfektes Cottage f\u00fcr zwei oder vier Personen, egal bei welchem Wetter Jahreszeit&#8230;<\/p>\n<p style=\"text-align: center;\"><a class=\"tidycta\" href=\"https:\/\/www.urlaubcornwall.de\/ferienhaeuser-fewos\/porthleven-am-meer.html\">Suche Ferienh\u00e4user Porthleven<\/a><\/p>\n<p><strong>Um UrlaubCornwall.de einzigartige Kollektion nach Ihrem idealen Ferienhaus zu durchsuchen.<\/strong> <a href=\"https:\/\/www.urlaubcornwall.de\/ferienhaeuser\/cornwall.php\"><span style=\"text-decoration: underline;\"><strong>Klicken Sie hier<\/strong><\/span><strong> &gt;&gt;<\/strong><\/a><\/p>\n","protected":false},"excerpt":{"rendered":"<p>Ferienhaus 1.8 kilometern NO von Porthleven, S\u00fcdwest-Cornwall. 2 Schlafzimmer, leider keine Haustiere erlaubt, Schlafplatz f\u00fcr 4, An-\/Abreisetag am Freitag Preis pro Woche \u00a3427 &#8211; \u00a3950 Das traditionelle kornische Cottage liegt friedlich in einem weitl\u00e4ufigen Kieshof vom Haus der Eigent\u00fcmer. Es ist von einer wundersch\u00f6nen Landschaft umgeben und liegt dennoch in der N\u00e4he der Gesch\u00e4fte, Pubs, [&hellip;]<\/p>\n","protected":false},"author":1,"featured_media":0,"parent":0,"menu_order":0,"comment_status":"closed","ping_status":"closed","template":"single-four.php","meta":[],"acf":[],"yoast_head":"<!-- This site is optimized with the Yoast SEO plugin v19.4 - https:\/\/yoast.com\/wordpress\/plugins\/seo\/ -->\n<title>Cottage in Porthleven am Meer mieten - Urlaub &amp; Reisen<\/title>\n<meta name=\"robots\" content=\"index, follow, max-snippet:-1, max-image-preview:large, max-video-preview:-1\" \/>\n<link rel=\"canonical\" href=\"https:\/\/www.urlaubcornwall.de\/blog\/cottage-porthleven-meer-mieten\/\" \/>\n<meta property=\"og:locale\" content=\"en_US\" \/>\n<meta property=\"og:type\" content=\"article\" \/>\n<meta property=\"og:title\" content=\"Cottage in Porthleven am Meer mieten - Urlaub &amp; Reisen\" \/>\n<meta property=\"og:description\" content=\"Ferienhaus 1.8 kilometern NO von Porthleven, S\u00fcdwest-Cornwall. 2 Schlafzimmer, leider keine Haustiere erlaubt, Schlafplatz f\u00fcr 4, An-\/Abreisetag am Freitag Preis pro Woche \u00a3427 &#8211; \u00a3950 Das traditionelle kornische Cottage liegt friedlich in einem weitl\u00e4ufigen Kieshof vom Haus der Eigent\u00fcmer. Es ist von einer wundersch\u00f6nen Landschaft umgeben und liegt dennoch in der N\u00e4he der Gesch\u00e4fte, Pubs, [&hellip;]\" \/>\n<meta property=\"og:url\" content=\"https:\/\/www.urlaubcornwall.de\/blog\/cottage-porthleven-meer-mieten\/\" \/>\n<meta property=\"og:site_name\" content=\"Urlaub &amp; Reisen\" \/>\n<meta property=\"article:modified_time\" content=\"2021-09-02T08:50:42+00:00\" \/>\n<meta property=\"og:image\" content=\"https:\/\/www.urlaubcornwall.de\/blog\/wp-content\/uploads\/2018\/01\/cottage-portleven-am-meer.jpg\" \/>\n<meta name=\"twitter:card\" content=\"summary\" \/>\n<meta name=\"twitter:label1\" content=\"Est. reading time\" \/>\n\t<meta name=\"twitter:data1\" content=\"1 minute\" \/>\n<script type=\"application\/ld+json\" class=\"yoast-schema-graph\">{\"@context\":\"https:\/\/schema.org\",\"@graph\":[{\"@type\":\"WebSite\",\"@id\":\"https:\/\/www.urlaubcornwall.de\/blog\/#website\",\"url\":\"https:\/\/www.urlaubcornwall.de\/blog\/\",\"name\":\"Urlaub &amp; Reisen\",\"description\":\"Urlaub, Reisen, Cornwall und S\u00fcdengland: eine perfekte Kombination\",\"potentialAction\":[{\"@type\":\"SearchAction\",\"target\":{\"@type\":\"EntryPoint\",\"urlTemplate\":\"https:\/\/www.urlaubcornwall.de\/blog\/?s={search_term_string}\"},\"query-input\":\"required name=search_term_string\"}],\"inLanguage\":\"en-US\"},{\"@type\":\"WebPage\",\"@id\":\"https:\/\/www.urlaubcornwall.de\/blog\/cottage-porthleven-meer-mieten\/\",\"url\":\"https:\/\/www.urlaubcornwall.de\/blog\/cottage-porthleven-meer-mieten\/\",\"name\":\"Cottage in Porthleven am Meer mieten - Urlaub &amp; Reisen\",\"isPartOf\":{\"@id\":\"https:\/\/www.urlaubcornwall.de\/blog\/#website\"},\"datePublished\":\"2018-01-24T14:18:53+00:00\",\"dateModified\":\"2021-09-02T08:50:42+00:00\",\"breadcrumb\":{\"@id\":\"https:\/\/www.urlaubcornwall.de\/blog\/cottage-porthleven-meer-mieten\/#breadcrumb\"},\"inLanguage\":\"en-US\",\"potentialAction\":[{\"@type\":\"ReadAction\",\"target\":[\"https:\/\/www.urlaubcornwall.de\/blog\/cottage-porthleven-meer-mieten\/\"]}]},{\"@type\":\"BreadcrumbList\",\"@id\":\"https:\/\/www.urlaubcornwall.de\/blog\/cottage-porthleven-meer-mieten\/#breadcrumb\",\"itemListElement\":[{\"@type\":\"ListItem\",\"position\":1,\"name\":\"Home\",\"item\":\"https:\/\/www.urlaubcornwall.de\/blog\/\"},{\"@type\":\"ListItem\",\"position\":2,\"name\":\"Cottage in Porthleven am Meer mieten\"}]}]}<\/script>\n<!-- \/ Yoast SEO plugin. -->","yoast_head_json":{"title":"Cottage in Porthleven am Meer mieten - Urlaub &amp; Reisen","robots":{"index":"index","follow":"follow","max-snippet":"max-snippet:-1","max-image-preview":"max-image-preview:large","max-video-preview":"max-video-preview:-1"},"canonical":"https:\/\/www.urlaubcornwall.de\/blog\/cottage-porthleven-meer-mieten\/","og_locale":"en_US","og_type":"article","og_title":"Cottage in Porthleven am Meer mieten - Urlaub &amp; Reisen","og_description":"Ferienhaus 1.8 kilometern NO von Porthleven, S\u00fcdwest-Cornwall. 2 Schlafzimmer, leider keine Haustiere erlaubt, Schlafplatz f\u00fcr 4, An-\/Abreisetag am Freitag Preis pro Woche \u00a3427 &#8211; \u00a3950 Das traditionelle kornische Cottage liegt friedlich in einem weitl\u00e4ufigen Kieshof vom Haus der Eigent\u00fcmer. Es ist von einer wundersch\u00f6nen Landschaft umgeben und liegt dennoch in der N\u00e4he der Gesch\u00e4fte, Pubs, [&hellip;]","og_url":"https:\/\/www.urlaubcornwall.de\/blog\/cottage-porthleven-meer-mieten\/","og_site_name":"Urlaub &amp; Reisen","article_modified_time":"2021-09-02T08:50:42+00:00","og_image":[{"url":"https:\/\/www.urlaubcornwall.de\/blog\/wp-content\/uploads\/2018\/01\/cottage-portleven-am-meer.jpg"}],"twitter_card":"summary","twitter_misc":{"Est. reading time":"1 minute"},"schema":{"@context":"https:\/\/schema.org","@graph":[{"@type":"WebSite","@id":"https:\/\/www.urlaubcornwall.de\/blog\/#website","url":"https:\/\/www.urlaubcornwall.de\/blog\/","name":"Urlaub &amp; Reisen","description":"Urlaub, Reisen, Cornwall und S\u00fcdengland: eine perfekte Kombination","potentialAction":[{"@type":"SearchAction","target":{"@type":"EntryPoint","urlTemplate":"https:\/\/www.urlaubcornwall.de\/blog\/?s={search_term_string}"},"query-input":"required name=search_term_string"}],"inLanguage":"en-US"},{"@type":"WebPage","@id":"https:\/\/www.urlaubcornwall.de\/blog\/cottage-porthleven-meer-mieten\/","url":"https:\/\/www.urlaubcornwall.de\/blog\/cottage-porthleven-meer-mieten\/","name":"Cottage in Porthleven am Meer mieten - Urlaub &amp; Reisen","isPartOf":{"@id":"https:\/\/www.urlaubcornwall.de\/blog\/#website"},"datePublished":"2018-01-24T14:18:53+00:00","dateModified":"2021-09-02T08:50:42+00:00","breadcrumb":{"@id":"https:\/\/www.urlaubcornwall.de\/blog\/cottage-porthleven-meer-mieten\/#breadcrumb"},"inLanguage":"en-US","potentialAction":[{"@type":"ReadAction","target":["https:\/\/www.urlaubcornwall.de\/blog\/cottage-porthleven-meer-mieten\/"]}]},{"@type":"BreadcrumbList","@id":"https:\/\/www.urlaubcornwall.de\/blog\/cottage-porthleven-meer-mieten\/#breadcrumb","itemListElement":[{"@type":"ListItem","position":1,"name":"Home","item":"https:\/\/www.urlaubcornwall.de\/blog\/"},{"@type":"ListItem","position":2,"name":"Cottage in Porthleven am Meer mieten"}]}]}},"_links":{"self":[{"href":"https:\/\/www.urlaubcornwall.de\/blog\/wp-json\/wp\/v2\/pages\/32113"}],"collection":[{"href":"https:\/\/www.urlaubcornwall.de\/blog\/wp-json\/wp\/v2\/pages"}],"about":[{"href":"https:\/\/www.urlaubcornwall.de\/blog\/wp-json\/wp\/v2\/types\/page"}],"author":[{"embeddable":true,"href":"https:\/\/www.urlaubcornwall.de\/blog\/wp-json\/wp\/v2\/users\/1"}],"replies":[{"embeddable":true,"href":"https:\/\/www.urlaubcornwall.de\/blog\/wp-json\/wp\/v2\/comments?post=32113"}],"version-history":[{"count":4,"href":"https:\/\/www.urlaubcornwall.de\/blog\/wp-json\/wp\/v2\/pages\/32113\/revisions"}],"predecessor-version":[{"id":42397,"href":"https:\/\/www.urlaubcornwall.de\/blog\/wp-json\/wp\/v2\/pages\/32113\/revisions\/42397"}],"wp:attachment":[{"href":"https:\/\/www.urlaubcornwall.de\/blog\/wp-json\/wp\/v2\/media?parent=32113"}],"curies":[{"name":"wp","href":"https:\/\/api.w.org\/{rel}","templated":true}]}}