{"id":32106,"date":"2018-01-24T10:39:46","date_gmt":"2018-01-24T10:39:46","guid":{"rendered":"https:\/\/www.urlaubcornwall.de\/blog\/?page_id=32106"},"modified":"2021-08-31T14:34:44","modified_gmt":"2021-08-31T14:34:44","slug":"cottage-perranporth-mit-hund-mieten","status":"publish","type":"page","link":"https:\/\/www.urlaubcornwall.de\/blog\/cottage-perranporth-mit-hund-mieten\/","title":{"rendered":"Cottage in Perranporth mit Hund mieten"},"content":{"rendered":"<p><img loading=\"lazy\" class=\"aligncenter size-full wp-image-32107\" src=\"https:\/\/www.urlaubcornwall.de\/blog\/wp-content\/uploads\/2018\/01\/cottage-mit-hund-perranporth.jpg\" alt=\"cottage mit hund perranporth\" height=\"494\" width=\"747\"\/><br \/>\n<strong>Ferienhaus 2.3 kilometern O von Perranporth, Nordk\u00fcste Cornwall.<\/strong><\/p>\n<p>3 Schlafzimmer, hundefreundlich, Schlafplatz f\u00fcr 5 + Kinderbett, An-\/Abreisetag am Freitag | Preis pro Woche \u00a3450 &#8211; \u00a31250<\/p>\n<p>Das Sunnyside Cottage ist ein typisch kornisches Cottage in der N\u00e4he des herrlichen Strandes von Perranporth. Dieses charmante Ferienhaus ist ideal f\u00fcr Hundefreunde, da der Garten umz\u00e4unt ist und es wundersch\u00f6ne Wanderungen in der N\u00e4he gibt. Der Duschraum im Erdgeschoss f\u00fchrt von der hellen K\u00fcche \/ Esszimmer, die in das traditionelle Wohnzimmer mit Granit Kamin f\u00fchrt. Treppen f\u00fchren zu den sch\u00f6nen Zimmern mit ihren niedrigen Decken und T\u00fcren. Das Einzelzimmer f\u00fchrt zum ger\u00e4umigen Doppelzimmer mit eigenem Bad. Au\u00dferhalb der H\u00fctte ist der Garten mit kleinen Terrassen Terrasse ideal f\u00fcr die G\u00e4ste, um einen Grill und die friedliche Umgebung zu genie\u00dfen&#8230;&#8230;&#8230;.<\/p>\n<p style=\"text-align: center;\"><a class=\"tidycta\" href=\"https:\/\/www.urlaubcornwall.de\/ferienhaeuser-fewos\/perranporth.html\"><\/a>Suche Ferienh\u00e4user Perranporth<\/p>\n","protected":false},"excerpt":{"rendered":"<p>Ferienhaus 2.3 kilometern O von Perranporth, Nordk\u00fcste Cornwall. 3 Schlafzimmer, hundefreundlich, Schlafplatz f\u00fcr 5 + Kinderbett, An-\/Abreisetag am Freitag | Preis pro Woche \u00a3450 &#8211; \u00a31250 Das Sunnyside Cottage ist ein typisch kornisches Cottage in der N\u00e4he des herrlichen Strandes von Perranporth. Dieses charmante Ferienhaus ist ideal f\u00fcr Hundefreunde, da der Garten umz\u00e4unt ist und [&hellip;]<\/p>\n","protected":false},"author":1,"featured_media":0,"parent":0,"menu_order":0,"comment_status":"closed","ping_status":"closed","template":"single-four.php","meta":[],"acf":[],"yoast_head":"<!-- This site is optimized with the Yoast SEO plugin v19.4 - https:\/\/yoast.com\/wordpress\/plugins\/seo\/ -->\n<title>Cottage in Perranporth mit Hund mieten - Urlaub &amp; Reisen<\/title>\n<meta name=\"robots\" content=\"index, follow, max-snippet:-1, max-image-preview:large, max-video-preview:-1\" \/>\n<link rel=\"canonical\" href=\"https:\/\/www.urlaubcornwall.de\/blog\/cottage-perranporth-mit-hund-mieten\/\" \/>\n<meta property=\"og:locale\" content=\"en_US\" \/>\n<meta property=\"og:type\" content=\"article\" \/>\n<meta property=\"og:title\" content=\"Cottage in Perranporth mit Hund mieten - Urlaub &amp; Reisen\" \/>\n<meta property=\"og:description\" content=\"Ferienhaus 2.3 kilometern O von Perranporth, Nordk\u00fcste Cornwall. 3 Schlafzimmer, hundefreundlich, Schlafplatz f\u00fcr 5 + Kinderbett, An-\/Abreisetag am Freitag | Preis pro Woche \u00a3450 &#8211; \u00a31250 Das Sunnyside Cottage ist ein typisch kornisches Cottage in der N\u00e4he des herrlichen Strandes von Perranporth. Dieses charmante Ferienhaus ist ideal f\u00fcr Hundefreunde, da der Garten umz\u00e4unt ist und [&hellip;]\" \/>\n<meta property=\"og:url\" content=\"https:\/\/www.urlaubcornwall.de\/blog\/cottage-perranporth-mit-hund-mieten\/\" \/>\n<meta property=\"og:site_name\" content=\"Urlaub &amp; Reisen\" \/>\n<meta property=\"article:modified_time\" content=\"2021-08-31T14:34:44+00:00\" \/>\n<meta property=\"og:image\" content=\"https:\/\/www.urlaubcornwall.de\/blog\/wp-content\/uploads\/2018\/01\/cottage-mit-hund-perranporth.jpg\" \/>\n<meta name=\"twitter:card\" content=\"summary\" \/>\n<meta name=\"twitter:label1\" content=\"Est. reading time\" \/>\n\t<meta name=\"twitter:data1\" content=\"1 minute\" \/>\n<script type=\"application\/ld+json\" class=\"yoast-schema-graph\">{\"@context\":\"https:\/\/schema.org\",\"@graph\":[{\"@type\":\"WebSite\",\"@id\":\"https:\/\/www.urlaubcornwall.de\/blog\/#website\",\"url\":\"https:\/\/www.urlaubcornwall.de\/blog\/\",\"name\":\"Urlaub &amp; Reisen\",\"description\":\"Urlaub, Reisen, Cornwall und S\u00fcdengland: eine perfekte Kombination\",\"potentialAction\":[{\"@type\":\"SearchAction\",\"target\":{\"@type\":\"EntryPoint\",\"urlTemplate\":\"https:\/\/www.urlaubcornwall.de\/blog\/?s={search_term_string}\"},\"query-input\":\"required name=search_term_string\"}],\"inLanguage\":\"en-US\"},{\"@type\":\"WebPage\",\"@id\":\"https:\/\/www.urlaubcornwall.de\/blog\/cottage-perranporth-mit-hund-mieten\/\",\"url\":\"https:\/\/www.urlaubcornwall.de\/blog\/cottage-perranporth-mit-hund-mieten\/\",\"name\":\"Cottage in Perranporth mit Hund mieten - Urlaub &amp; Reisen\",\"isPartOf\":{\"@id\":\"https:\/\/www.urlaubcornwall.de\/blog\/#website\"},\"datePublished\":\"2018-01-24T10:39:46+00:00\",\"dateModified\":\"2021-08-31T14:34:44+00:00\",\"breadcrumb\":{\"@id\":\"https:\/\/www.urlaubcornwall.de\/blog\/cottage-perranporth-mit-hund-mieten\/#breadcrumb\"},\"inLanguage\":\"en-US\",\"potentialAction\":[{\"@type\":\"ReadAction\",\"target\":[\"https:\/\/www.urlaubcornwall.de\/blog\/cottage-perranporth-mit-hund-mieten\/\"]}]},{\"@type\":\"BreadcrumbList\",\"@id\":\"https:\/\/www.urlaubcornwall.de\/blog\/cottage-perranporth-mit-hund-mieten\/#breadcrumb\",\"itemListElement\":[{\"@type\":\"ListItem\",\"position\":1,\"name\":\"Home\",\"item\":\"https:\/\/www.urlaubcornwall.de\/blog\/\"},{\"@type\":\"ListItem\",\"position\":2,\"name\":\"Cottage in Perranporth mit Hund mieten\"}]}]}<\/script>\n<!-- \/ Yoast SEO plugin. -->","yoast_head_json":{"title":"Cottage in Perranporth mit Hund mieten - Urlaub &amp; Reisen","robots":{"index":"index","follow":"follow","max-snippet":"max-snippet:-1","max-image-preview":"max-image-preview:large","max-video-preview":"max-video-preview:-1"},"canonical":"https:\/\/www.urlaubcornwall.de\/blog\/cottage-perranporth-mit-hund-mieten\/","og_locale":"en_US","og_type":"article","og_title":"Cottage in Perranporth mit Hund mieten - Urlaub &amp; Reisen","og_description":"Ferienhaus 2.3 kilometern O von Perranporth, Nordk\u00fcste Cornwall. 3 Schlafzimmer, hundefreundlich, Schlafplatz f\u00fcr 5 + Kinderbett, An-\/Abreisetag am Freitag | Preis pro Woche \u00a3450 &#8211; \u00a31250 Das Sunnyside Cottage ist ein typisch kornisches Cottage in der N\u00e4he des herrlichen Strandes von Perranporth. Dieses charmante Ferienhaus ist ideal f\u00fcr Hundefreunde, da der Garten umz\u00e4unt ist und [&hellip;]","og_url":"https:\/\/www.urlaubcornwall.de\/blog\/cottage-perranporth-mit-hund-mieten\/","og_site_name":"Urlaub &amp; Reisen","article_modified_time":"2021-08-31T14:34:44+00:00","og_image":[{"url":"https:\/\/www.urlaubcornwall.de\/blog\/wp-content\/uploads\/2018\/01\/cottage-mit-hund-perranporth.jpg"}],"twitter_card":"summary","twitter_misc":{"Est. reading time":"1 minute"},"schema":{"@context":"https:\/\/schema.org","@graph":[{"@type":"WebSite","@id":"https:\/\/www.urlaubcornwall.de\/blog\/#website","url":"https:\/\/www.urlaubcornwall.de\/blog\/","name":"Urlaub &amp; Reisen","description":"Urlaub, Reisen, Cornwall und S\u00fcdengland: eine perfekte Kombination","potentialAction":[{"@type":"SearchAction","target":{"@type":"EntryPoint","urlTemplate":"https:\/\/www.urlaubcornwall.de\/blog\/?s={search_term_string}"},"query-input":"required name=search_term_string"}],"inLanguage":"en-US"},{"@type":"WebPage","@id":"https:\/\/www.urlaubcornwall.de\/blog\/cottage-perranporth-mit-hund-mieten\/","url":"https:\/\/www.urlaubcornwall.de\/blog\/cottage-perranporth-mit-hund-mieten\/","name":"Cottage in Perranporth mit Hund mieten - Urlaub &amp; Reisen","isPartOf":{"@id":"https:\/\/www.urlaubcornwall.de\/blog\/#website"},"datePublished":"2018-01-24T10:39:46+00:00","dateModified":"2021-08-31T14:34:44+00:00","breadcrumb":{"@id":"https:\/\/www.urlaubcornwall.de\/blog\/cottage-perranporth-mit-hund-mieten\/#breadcrumb"},"inLanguage":"en-US","potentialAction":[{"@type":"ReadAction","target":["https:\/\/www.urlaubcornwall.de\/blog\/cottage-perranporth-mit-hund-mieten\/"]}]},{"@type":"BreadcrumbList","@id":"https:\/\/www.urlaubcornwall.de\/blog\/cottage-perranporth-mit-hund-mieten\/#breadcrumb","itemListElement":[{"@type":"ListItem","position":1,"name":"Home","item":"https:\/\/www.urlaubcornwall.de\/blog\/"},{"@type":"ListItem","position":2,"name":"Cottage in Perranporth mit Hund mieten"}]}]}},"_links":{"self":[{"href":"https:\/\/www.urlaubcornwall.de\/blog\/wp-json\/wp\/v2\/pages\/32106"}],"collection":[{"href":"https:\/\/www.urlaubcornwall.de\/blog\/wp-json\/wp\/v2\/pages"}],"about":[{"href":"https:\/\/www.urlaubcornwall.de\/blog\/wp-json\/wp\/v2\/types\/page"}],"author":[{"embeddable":true,"href":"https:\/\/www.urlaubcornwall.de\/blog\/wp-json\/wp\/v2\/users\/1"}],"replies":[{"embeddable":true,"href":"https:\/\/www.urlaubcornwall.de\/blog\/wp-json\/wp\/v2\/comments?post=32106"}],"version-history":[{"count":3,"href":"https:\/\/www.urlaubcornwall.de\/blog\/wp-json\/wp\/v2\/pages\/32106\/revisions"}],"predecessor-version":[{"id":42358,"href":"https:\/\/www.urlaubcornwall.de\/blog\/wp-json\/wp\/v2\/pages\/32106\/revisions\/42358"}],"wp:attachment":[{"href":"https:\/\/www.urlaubcornwall.de\/blog\/wp-json\/wp\/v2\/media?parent=32106"}],"curies":[{"name":"wp","href":"https:\/\/api.w.org\/{rel}","templated":true}]}}