{"id":32092,"date":"2018-01-23T15:40:14","date_gmt":"2018-01-23T15:40:14","guid":{"rendered":"https:\/\/www.urlaubcornwall.de\/blog\/?page_id=32092"},"modified":"2021-09-16T15:08:29","modified_gmt":"2021-09-16T15:08:29","slug":"cottage-hastings-mit-hund-mieten","status":"publish","type":"page","link":"https:\/\/www.urlaubcornwall.de\/blog\/cottage-hastings-mit-hund-mieten\/","title":{"rendered":"Cottage in Hastings mit Hund mieten"},"content":{"rendered":"<p><img loading=\"lazy\" class=\"aligncenter size-full wp-image-32093\" src=\"https:\/\/www.urlaubcornwall.de\/blog\/wp-content\/uploads\/2018\/01\/cottage-mit-hund-hastings.jpg\" alt=\"cottage mit hund hastings\" width=\"747\" height=\"493\"\/><\/p>\n<p><strong>Ferienhaus in Hastings mit 3 Schlafzimmern, Schlafgelegenheiten 6, hundefreundlich<\/strong><\/p>\n<p>Das charmante Cottage liegt am Rande des Country Parks und der Altstadt von Hastings, nur 10 Gehminuten vom Strand und den \u00f6rtlichen Gesch\u00e4ften, Caf\u00e9s, Restaurants und Bars entfernt. Am Rande der High Weald Area von au\u00dfergew\u00f6hnlicher nat\u00fcrlicher Sch\u00f6nheit gelegen, ist dieses Ferienhaus ideal gelegen, um die vielen Wanderungen und Sehensw\u00fcrdigkeiten dieser atemberaubenden Landschaft zu erkunden. Der Eingang zu diesem Haus \u00f6ffnet sich in die K\u00fcche, die sch\u00f6n in einem zeitgen\u00f6ssischen aber rustikalen Stil eingerichtet wurde. Hier finden Sie einen elektrischen Ofen, Mikrowelle und K\u00fchlschrank.<\/p>\n<p style=\"text-align: center;\"><a class=\"tidycta\" href=\"https:\/\/www.urlaubcornwall.de\/ferienhaeuser-fewos\/eng\/sussex\/hastings-hundefreundlich.html\">Suche Ferienh\u00e4user Hastings<\/a><\/p>\n<p style=\"text-align: center;\">Pers\u00f6nlich inspizierte Ferienh\u00e4user und Ferienwohnungen in Sussex f\u00fcr Ihren Urlaub.<\/p>\n<p style=\"text-align: center;\"><a href=\"https:\/\/www.urlaubcornwall.de\/ferienhaeuser-fewos\/eng\/sussex\/hastings-hundefreundlich.html\"><strong>Ferienh\u00e4user, Cottages &amp; Ferienwohnungen in Hastings. <\/strong><\/a><\/p>\n","protected":false},"excerpt":{"rendered":"<p>Ferienhaus in Hastings mit 3 Schlafzimmern, Schlafgelegenheiten 6, hundefreundlich Das charmante Cottage liegt am Rande des Country Parks und der Altstadt von Hastings, nur 10 Gehminuten vom Strand und den \u00f6rtlichen Gesch\u00e4ften, Caf\u00e9s, Restaurants und Bars entfernt. Am Rande der High Weald Area von au\u00dfergew\u00f6hnlicher nat\u00fcrlicher Sch\u00f6nheit gelegen, ist dieses Ferienhaus ideal gelegen, um die [&hellip;]<\/p>\n","protected":false},"author":1,"featured_media":0,"parent":0,"menu_order":0,"comment_status":"closed","ping_status":"closed","template":"single-four.php","meta":[],"acf":[],"yoast_head":"<!-- This site is optimized with the Yoast SEO plugin v19.4 - https:\/\/yoast.com\/wordpress\/plugins\/seo\/ -->\n<title>Cottage in Hastings mit Hund mieten - Urlaub &amp; Reisen<\/title>\n<meta name=\"robots\" content=\"index, follow, max-snippet:-1, max-image-preview:large, max-video-preview:-1\" \/>\n<link rel=\"canonical\" href=\"https:\/\/www.urlaubcornwall.de\/blog\/cottage-hastings-mit-hund-mieten\/\" \/>\n<meta property=\"og:locale\" content=\"en_US\" \/>\n<meta property=\"og:type\" content=\"article\" \/>\n<meta property=\"og:title\" content=\"Cottage in Hastings mit Hund mieten - Urlaub &amp; Reisen\" \/>\n<meta property=\"og:description\" content=\"Ferienhaus in Hastings mit 3 Schlafzimmern, Schlafgelegenheiten 6, hundefreundlich Das charmante Cottage liegt am Rande des Country Parks und der Altstadt von Hastings, nur 10 Gehminuten vom Strand und den \u00f6rtlichen Gesch\u00e4ften, Caf\u00e9s, Restaurants und Bars entfernt. Am Rande der High Weald Area von au\u00dfergew\u00f6hnlicher nat\u00fcrlicher Sch\u00f6nheit gelegen, ist dieses Ferienhaus ideal gelegen, um die [&hellip;]\" \/>\n<meta property=\"og:url\" content=\"https:\/\/www.urlaubcornwall.de\/blog\/cottage-hastings-mit-hund-mieten\/\" \/>\n<meta property=\"og:site_name\" content=\"Urlaub &amp; Reisen\" \/>\n<meta property=\"article:modified_time\" content=\"2021-09-16T15:08:29+00:00\" \/>\n<meta property=\"og:image\" content=\"https:\/\/www.urlaubcornwall.de\/blog\/wp-content\/uploads\/2018\/01\/cottage-mit-hund-hastings.jpg\" \/>\n<meta name=\"twitter:card\" content=\"summary\" \/>\n<meta name=\"twitter:label1\" content=\"Est. reading time\" \/>\n\t<meta name=\"twitter:data1\" content=\"1 minute\" \/>\n<script type=\"application\/ld+json\" class=\"yoast-schema-graph\">{\"@context\":\"https:\/\/schema.org\",\"@graph\":[{\"@type\":\"WebSite\",\"@id\":\"https:\/\/www.urlaubcornwall.de\/blog\/#website\",\"url\":\"https:\/\/www.urlaubcornwall.de\/blog\/\",\"name\":\"Urlaub &amp; Reisen\",\"description\":\"Urlaub, Reisen, Cornwall und S\u00fcdengland: eine perfekte Kombination\",\"potentialAction\":[{\"@type\":\"SearchAction\",\"target\":{\"@type\":\"EntryPoint\",\"urlTemplate\":\"https:\/\/www.urlaubcornwall.de\/blog\/?s={search_term_string}\"},\"query-input\":\"required name=search_term_string\"}],\"inLanguage\":\"en-US\"},{\"@type\":\"WebPage\",\"@id\":\"https:\/\/www.urlaubcornwall.de\/blog\/cottage-hastings-mit-hund-mieten\/\",\"url\":\"https:\/\/www.urlaubcornwall.de\/blog\/cottage-hastings-mit-hund-mieten\/\",\"name\":\"Cottage in Hastings mit Hund mieten - Urlaub &amp; Reisen\",\"isPartOf\":{\"@id\":\"https:\/\/www.urlaubcornwall.de\/blog\/#website\"},\"datePublished\":\"2018-01-23T15:40:14+00:00\",\"dateModified\":\"2021-09-16T15:08:29+00:00\",\"breadcrumb\":{\"@id\":\"https:\/\/www.urlaubcornwall.de\/blog\/cottage-hastings-mit-hund-mieten\/#breadcrumb\"},\"inLanguage\":\"en-US\",\"potentialAction\":[{\"@type\":\"ReadAction\",\"target\":[\"https:\/\/www.urlaubcornwall.de\/blog\/cottage-hastings-mit-hund-mieten\/\"]}]},{\"@type\":\"BreadcrumbList\",\"@id\":\"https:\/\/www.urlaubcornwall.de\/blog\/cottage-hastings-mit-hund-mieten\/#breadcrumb\",\"itemListElement\":[{\"@type\":\"ListItem\",\"position\":1,\"name\":\"Home\",\"item\":\"https:\/\/www.urlaubcornwall.de\/blog\/\"},{\"@type\":\"ListItem\",\"position\":2,\"name\":\"Cottage in Hastings mit Hund mieten\"}]}]}<\/script>\n<!-- \/ Yoast SEO plugin. -->","yoast_head_json":{"title":"Cottage in Hastings mit Hund mieten - Urlaub &amp; Reisen","robots":{"index":"index","follow":"follow","max-snippet":"max-snippet:-1","max-image-preview":"max-image-preview:large","max-video-preview":"max-video-preview:-1"},"canonical":"https:\/\/www.urlaubcornwall.de\/blog\/cottage-hastings-mit-hund-mieten\/","og_locale":"en_US","og_type":"article","og_title":"Cottage in Hastings mit Hund mieten - Urlaub &amp; Reisen","og_description":"Ferienhaus in Hastings mit 3 Schlafzimmern, Schlafgelegenheiten 6, hundefreundlich Das charmante Cottage liegt am Rande des Country Parks und der Altstadt von Hastings, nur 10 Gehminuten vom Strand und den \u00f6rtlichen Gesch\u00e4ften, Caf\u00e9s, Restaurants und Bars entfernt. Am Rande der High Weald Area von au\u00dfergew\u00f6hnlicher nat\u00fcrlicher Sch\u00f6nheit gelegen, ist dieses Ferienhaus ideal gelegen, um die [&hellip;]","og_url":"https:\/\/www.urlaubcornwall.de\/blog\/cottage-hastings-mit-hund-mieten\/","og_site_name":"Urlaub &amp; Reisen","article_modified_time":"2021-09-16T15:08:29+00:00","og_image":[{"url":"https:\/\/www.urlaubcornwall.de\/blog\/wp-content\/uploads\/2018\/01\/cottage-mit-hund-hastings.jpg"}],"twitter_card":"summary","twitter_misc":{"Est. reading time":"1 minute"},"schema":{"@context":"https:\/\/schema.org","@graph":[{"@type":"WebSite","@id":"https:\/\/www.urlaubcornwall.de\/blog\/#website","url":"https:\/\/www.urlaubcornwall.de\/blog\/","name":"Urlaub &amp; Reisen","description":"Urlaub, Reisen, Cornwall und S\u00fcdengland: eine perfekte Kombination","potentialAction":[{"@type":"SearchAction","target":{"@type":"EntryPoint","urlTemplate":"https:\/\/www.urlaubcornwall.de\/blog\/?s={search_term_string}"},"query-input":"required name=search_term_string"}],"inLanguage":"en-US"},{"@type":"WebPage","@id":"https:\/\/www.urlaubcornwall.de\/blog\/cottage-hastings-mit-hund-mieten\/","url":"https:\/\/www.urlaubcornwall.de\/blog\/cottage-hastings-mit-hund-mieten\/","name":"Cottage in Hastings mit Hund mieten - Urlaub &amp; Reisen","isPartOf":{"@id":"https:\/\/www.urlaubcornwall.de\/blog\/#website"},"datePublished":"2018-01-23T15:40:14+00:00","dateModified":"2021-09-16T15:08:29+00:00","breadcrumb":{"@id":"https:\/\/www.urlaubcornwall.de\/blog\/cottage-hastings-mit-hund-mieten\/#breadcrumb"},"inLanguage":"en-US","potentialAction":[{"@type":"ReadAction","target":["https:\/\/www.urlaubcornwall.de\/blog\/cottage-hastings-mit-hund-mieten\/"]}]},{"@type":"BreadcrumbList","@id":"https:\/\/www.urlaubcornwall.de\/blog\/cottage-hastings-mit-hund-mieten\/#breadcrumb","itemListElement":[{"@type":"ListItem","position":1,"name":"Home","item":"https:\/\/www.urlaubcornwall.de\/blog\/"},{"@type":"ListItem","position":2,"name":"Cottage in Hastings mit Hund mieten"}]}]}},"_links":{"self":[{"href":"https:\/\/www.urlaubcornwall.de\/blog\/wp-json\/wp\/v2\/pages\/32092"}],"collection":[{"href":"https:\/\/www.urlaubcornwall.de\/blog\/wp-json\/wp\/v2\/pages"}],"about":[{"href":"https:\/\/www.urlaubcornwall.de\/blog\/wp-json\/wp\/v2\/types\/page"}],"author":[{"embeddable":true,"href":"https:\/\/www.urlaubcornwall.de\/blog\/wp-json\/wp\/v2\/users\/1"}],"replies":[{"embeddable":true,"href":"https:\/\/www.urlaubcornwall.de\/blog\/wp-json\/wp\/v2\/comments?post=32092"}],"version-history":[{"count":3,"href":"https:\/\/www.urlaubcornwall.de\/blog\/wp-json\/wp\/v2\/pages\/32092\/revisions"}],"predecessor-version":[{"id":42795,"href":"https:\/\/www.urlaubcornwall.de\/blog\/wp-json\/wp\/v2\/pages\/32092\/revisions\/42795"}],"wp:attachment":[{"href":"https:\/\/www.urlaubcornwall.de\/blog\/wp-json\/wp\/v2\/media?parent=32092"}],"curies":[{"name":"wp","href":"https:\/\/api.w.org\/{rel}","templated":true}]}}