{"id":32028,"date":"2018-01-22T15:05:07","date_gmt":"2018-01-22T15:05:07","guid":{"rendered":"https:\/\/www.urlaubcornwall.de\/blog\/?page_id=32028"},"modified":"2021-09-02T12:38:51","modified_gmt":"2021-09-02T12:38:51","slug":"cottage-hayle-meer-nr-2712","status":"publish","type":"page","link":"https:\/\/www.urlaubcornwall.de\/blog\/cottage-hayle-meer-nr-2712\/","title":{"rendered":"Cottage in Hayle am Meer &#8211; Nr 2712"},"content":{"rendered":"<p><img loading=\"lazy\" class=\"aligncenter size-full wp-image-32029\" src=\"https:\/\/www.urlaubcornwall.de\/blog\/wp-content\/uploads\/2018\/01\/cottage-hayle-am-meer.jpg\" alt=\"cottage hayle am meer\" width=\"746\" height=\"494\"\/><\/p>\n<p><strong>Ferienhaus in Hayle am Meer, S\u00fcdwest-Cornwall.<\/strong><\/p>\n<p>2 Schlafzimmer, leider keine Haustiere erlaubt, Schlafplatz f\u00fcr 4 + Kinderbett,&nbsp; An-\/Abreisetag am Freitag<\/p>\n<p>Preis pro Woche \u00a3363 &#8211; \u00a3790<\/p>\n<p>Nur einen Kilometer von den gro\u00dfen goldenen Sandstr\u00e4nden rund um St. Ives Bay entfernt, liegt das h\u00fcbsche kleine Saffron Cottage in der N\u00e4he der malerischen Flussm\u00fcndung des Flusses Hayle, einem Paradies f\u00fcr Vogelbeobachter, und ist ideal f\u00fcr einen autofreien und sorglosen Urlaub. Der Bahnhof in unmittelbarer N\u00e4he ist ideal f\u00fcr Ausfl\u00fcge nach <a href=\"https:\/\/www.urlaubcornwall.de\/ferienhaeuser-fewos\/st-ives.html\">St. Ives<\/a>, <a href=\"https:\/\/www.urlaubcornwall.de\/ferienhaeuser-fewos\/penzance.html\">Penzance<\/a> oder <a href=\"https:\/\/www.urlaubcornwall.de\/ferienhaeuser-fewos\/truro.html\">Truro<\/a>. Hayle bietet viele Caf\u00e9s, Restaurants, Galerien und Gesch\u00e4fte. Das Haus ist voller Charme und Charakter im Inneren mit niedrigen T\u00fcren und Decken, typisch steilen, offenen Treppen und eine sch\u00f6ne K\u00fcche&#8230;&#8230;.<\/p>\n<p style=\"text-align: center;\"><a class=\"tidycta\" href=\"https:\/\/www.urlaubcornwall.de\/ferienhaeuser-fewos\/hayle.html\">Suche Ferienh\u00e4user Hayle<\/a><\/p>\n<p>Um UrlaubCornwall.de einzigartige Kollektion nach Ihrem idealen Ferienhaus zu durchsuchen. <a href=\"https:\/\/www.urlaubcornwall.de\/ferienhaeuser\/cornwall.php\"><span style=\"text-decoration: underline;\">Klicken Sie hier<\/span> &gt;&gt;<\/a><\/p>\n","protected":false},"excerpt":{"rendered":"<p>Ferienhaus in Hayle am Meer, S\u00fcdwest-Cornwall. 2 Schlafzimmer, leider keine Haustiere erlaubt, Schlafplatz f\u00fcr 4 + Kinderbett,&nbsp; An-\/Abreisetag am Freitag Preis pro Woche \u00a3363 &#8211; \u00a3790 Nur einen Kilometer von den gro\u00dfen goldenen Sandstr\u00e4nden rund um St. Ives Bay entfernt, liegt das h\u00fcbsche kleine Saffron Cottage in der N\u00e4he der malerischen Flussm\u00fcndung des Flusses Hayle, [&hellip;]<\/p>\n","protected":false},"author":1,"featured_media":0,"parent":0,"menu_order":0,"comment_status":"closed","ping_status":"closed","template":"single-four.php","meta":[],"acf":[],"yoast_head":"<!-- This site is optimized with the Yoast SEO plugin v19.4 - https:\/\/yoast.com\/wordpress\/plugins\/seo\/ -->\n<title>Cottage in Hayle am Meer - Nr 2712 - Urlaub &amp; Reisen<\/title>\n<meta name=\"robots\" content=\"index, follow, max-snippet:-1, max-image-preview:large, max-video-preview:-1\" \/>\n<link rel=\"canonical\" href=\"https:\/\/www.urlaubcornwall.de\/blog\/cottage-hayle-meer-nr-2712\/\" \/>\n<meta property=\"og:locale\" content=\"en_US\" \/>\n<meta property=\"og:type\" content=\"article\" \/>\n<meta property=\"og:title\" content=\"Cottage in Hayle am Meer - Nr 2712 - Urlaub &amp; Reisen\" \/>\n<meta property=\"og:description\" content=\"Ferienhaus in Hayle am Meer, S\u00fcdwest-Cornwall. 2 Schlafzimmer, leider keine Haustiere erlaubt, Schlafplatz f\u00fcr 4 + Kinderbett,&nbsp; An-\/Abreisetag am Freitag Preis pro Woche \u00a3363 &#8211; \u00a3790 Nur einen Kilometer von den gro\u00dfen goldenen Sandstr\u00e4nden rund um St. Ives Bay entfernt, liegt das h\u00fcbsche kleine Saffron Cottage in der N\u00e4he der malerischen Flussm\u00fcndung des Flusses Hayle, [&hellip;]\" \/>\n<meta property=\"og:url\" content=\"https:\/\/www.urlaubcornwall.de\/blog\/cottage-hayle-meer-nr-2712\/\" \/>\n<meta property=\"og:site_name\" content=\"Urlaub &amp; Reisen\" \/>\n<meta property=\"article:modified_time\" content=\"2021-09-02T12:38:51+00:00\" \/>\n<meta property=\"og:image\" content=\"https:\/\/www.urlaubcornwall.de\/blog\/wp-content\/uploads\/2018\/01\/cottage-hayle-am-meer.jpg\" \/>\n<meta name=\"twitter:card\" content=\"summary\" \/>\n<meta name=\"twitter:label1\" content=\"Est. reading time\" \/>\n\t<meta name=\"twitter:data1\" content=\"1 minute\" \/>\n<script type=\"application\/ld+json\" class=\"yoast-schema-graph\">{\"@context\":\"https:\/\/schema.org\",\"@graph\":[{\"@type\":\"WebSite\",\"@id\":\"https:\/\/www.urlaubcornwall.de\/blog\/#website\",\"url\":\"https:\/\/www.urlaubcornwall.de\/blog\/\",\"name\":\"Urlaub &amp; Reisen\",\"description\":\"Urlaub, Reisen, Cornwall und S\u00fcdengland: eine perfekte Kombination\",\"potentialAction\":[{\"@type\":\"SearchAction\",\"target\":{\"@type\":\"EntryPoint\",\"urlTemplate\":\"https:\/\/www.urlaubcornwall.de\/blog\/?s={search_term_string}\"},\"query-input\":\"required name=search_term_string\"}],\"inLanguage\":\"en-US\"},{\"@type\":\"WebPage\",\"@id\":\"https:\/\/www.urlaubcornwall.de\/blog\/cottage-hayle-meer-nr-2712\/\",\"url\":\"https:\/\/www.urlaubcornwall.de\/blog\/cottage-hayle-meer-nr-2712\/\",\"name\":\"Cottage in Hayle am Meer - Nr 2712 - Urlaub &amp; Reisen\",\"isPartOf\":{\"@id\":\"https:\/\/www.urlaubcornwall.de\/blog\/#website\"},\"datePublished\":\"2018-01-22T15:05:07+00:00\",\"dateModified\":\"2021-09-02T12:38:51+00:00\",\"breadcrumb\":{\"@id\":\"https:\/\/www.urlaubcornwall.de\/blog\/cottage-hayle-meer-nr-2712\/#breadcrumb\"},\"inLanguage\":\"en-US\",\"potentialAction\":[{\"@type\":\"ReadAction\",\"target\":[\"https:\/\/www.urlaubcornwall.de\/blog\/cottage-hayle-meer-nr-2712\/\"]}]},{\"@type\":\"BreadcrumbList\",\"@id\":\"https:\/\/www.urlaubcornwall.de\/blog\/cottage-hayle-meer-nr-2712\/#breadcrumb\",\"itemListElement\":[{\"@type\":\"ListItem\",\"position\":1,\"name\":\"Home\",\"item\":\"https:\/\/www.urlaubcornwall.de\/blog\/\"},{\"@type\":\"ListItem\",\"position\":2,\"name\":\"Cottage in Hayle am Meer &#8211; Nr 2712\"}]}]}<\/script>\n<!-- \/ Yoast SEO plugin. -->","yoast_head_json":{"title":"Cottage in Hayle am Meer - Nr 2712 - Urlaub &amp; Reisen","robots":{"index":"index","follow":"follow","max-snippet":"max-snippet:-1","max-image-preview":"max-image-preview:large","max-video-preview":"max-video-preview:-1"},"canonical":"https:\/\/www.urlaubcornwall.de\/blog\/cottage-hayle-meer-nr-2712\/","og_locale":"en_US","og_type":"article","og_title":"Cottage in Hayle am Meer - Nr 2712 - Urlaub &amp; Reisen","og_description":"Ferienhaus in Hayle am Meer, S\u00fcdwest-Cornwall. 2 Schlafzimmer, leider keine Haustiere erlaubt, Schlafplatz f\u00fcr 4 + Kinderbett,&nbsp; An-\/Abreisetag am Freitag Preis pro Woche \u00a3363 &#8211; \u00a3790 Nur einen Kilometer von den gro\u00dfen goldenen Sandstr\u00e4nden rund um St. Ives Bay entfernt, liegt das h\u00fcbsche kleine Saffron Cottage in der N\u00e4he der malerischen Flussm\u00fcndung des Flusses Hayle, [&hellip;]","og_url":"https:\/\/www.urlaubcornwall.de\/blog\/cottage-hayle-meer-nr-2712\/","og_site_name":"Urlaub &amp; Reisen","article_modified_time":"2021-09-02T12:38:51+00:00","og_image":[{"url":"https:\/\/www.urlaubcornwall.de\/blog\/wp-content\/uploads\/2018\/01\/cottage-hayle-am-meer.jpg"}],"twitter_card":"summary","twitter_misc":{"Est. reading time":"1 minute"},"schema":{"@context":"https:\/\/schema.org","@graph":[{"@type":"WebSite","@id":"https:\/\/www.urlaubcornwall.de\/blog\/#website","url":"https:\/\/www.urlaubcornwall.de\/blog\/","name":"Urlaub &amp; Reisen","description":"Urlaub, Reisen, Cornwall und S\u00fcdengland: eine perfekte Kombination","potentialAction":[{"@type":"SearchAction","target":{"@type":"EntryPoint","urlTemplate":"https:\/\/www.urlaubcornwall.de\/blog\/?s={search_term_string}"},"query-input":"required name=search_term_string"}],"inLanguage":"en-US"},{"@type":"WebPage","@id":"https:\/\/www.urlaubcornwall.de\/blog\/cottage-hayle-meer-nr-2712\/","url":"https:\/\/www.urlaubcornwall.de\/blog\/cottage-hayle-meer-nr-2712\/","name":"Cottage in Hayle am Meer - Nr 2712 - Urlaub &amp; Reisen","isPartOf":{"@id":"https:\/\/www.urlaubcornwall.de\/blog\/#website"},"datePublished":"2018-01-22T15:05:07+00:00","dateModified":"2021-09-02T12:38:51+00:00","breadcrumb":{"@id":"https:\/\/www.urlaubcornwall.de\/blog\/cottage-hayle-meer-nr-2712\/#breadcrumb"},"inLanguage":"en-US","potentialAction":[{"@type":"ReadAction","target":["https:\/\/www.urlaubcornwall.de\/blog\/cottage-hayle-meer-nr-2712\/"]}]},{"@type":"BreadcrumbList","@id":"https:\/\/www.urlaubcornwall.de\/blog\/cottage-hayle-meer-nr-2712\/#breadcrumb","itemListElement":[{"@type":"ListItem","position":1,"name":"Home","item":"https:\/\/www.urlaubcornwall.de\/blog\/"},{"@type":"ListItem","position":2,"name":"Cottage in Hayle am Meer &#8211; Nr 2712"}]}]}},"_links":{"self":[{"href":"https:\/\/www.urlaubcornwall.de\/blog\/wp-json\/wp\/v2\/pages\/32028"}],"collection":[{"href":"https:\/\/www.urlaubcornwall.de\/blog\/wp-json\/wp\/v2\/pages"}],"about":[{"href":"https:\/\/www.urlaubcornwall.de\/blog\/wp-json\/wp\/v2\/types\/page"}],"author":[{"embeddable":true,"href":"https:\/\/www.urlaubcornwall.de\/blog\/wp-json\/wp\/v2\/users\/1"}],"replies":[{"embeddable":true,"href":"https:\/\/www.urlaubcornwall.de\/blog\/wp-json\/wp\/v2\/comments?post=32028"}],"version-history":[{"count":4,"href":"https:\/\/www.urlaubcornwall.de\/blog\/wp-json\/wp\/v2\/pages\/32028\/revisions"}],"predecessor-version":[{"id":42506,"href":"https:\/\/www.urlaubcornwall.de\/blog\/wp-json\/wp\/v2\/pages\/32028\/revisions\/42506"}],"wp:attachment":[{"href":"https:\/\/www.urlaubcornwall.de\/blog\/wp-json\/wp\/v2\/media?parent=32028"}],"curies":[{"name":"wp","href":"https:\/\/api.w.org\/{rel}","templated":true}]}}