{"id":32018,"date":"2018-01-22T12:08:38","date_gmt":"2018-01-22T12:08:38","guid":{"rendered":"https:\/\/www.urlaubcornwall.de\/blog\/?page_id=32018"},"modified":"2021-09-16T13:40:13","modified_gmt":"2021-09-16T13:40:13","slug":"cottage-meer-nahe-west-wittering","status":"publish","type":"page","link":"https:\/\/www.urlaubcornwall.de\/blog\/cottage-meer-nahe-west-wittering\/","title":{"rendered":"Cottage am Meer nahe West Wittering"},"content":{"rendered":"<p><img loading=\"lazy\" class=\"aligncenter size-full wp-image-32019\" src=\"https:\/\/www.urlaubcornwall.de\/blog\/wp-content\/uploads\/2018\/01\/cottage-am-meer-west-wittering.jpg\" alt=\"cottage am meer west wittering\" width=\"749\" height=\"488\"\/><br \/>\n<strong>Ferienhaus in Itchenor mit 3 Schlafzimmern, Schlafgelegenheiten 6 <\/strong><\/p>\n<p>Von diesem Ferienhaus aus k\u00f6nnen Sie das Boots- und Wildtierparadies Chichester Harbour und West Wittering erkunden.Itchenor muss eines der sch\u00f6nsten Hafensiedlungen im <a href=\"https:\/\/www.urlaubcornwall.de\/ferienhaeuser-fewos\/eng\/sussex\/chichester.html\">Chichester Harbour<\/a> Gebiet sein. Es ist ein Mekka f\u00fcr Boots- und Segelaktivit\u00e4ten und bietet zahlreiche M\u00f6glichkeiten zum Wandern in diesem Gebiet von au\u00dfergew\u00f6hnlicher nat\u00fcrlicher Sch\u00f6nheit&#8230;&#8230;<\/p>\n<p style=\"text-align: center;\"><a class=\"tidycta\" href=\"https:\/\/www.urlaubcornwall.de\/ferienhaeuser-fewos\/eng\/sussex\/sussex-am-meer.html\">Suche Ferienh\u00e4user am Meer<\/a><\/p>\n<p style=\"text-align: center;\">Pers\u00f6nlich inspizierte Ferienh\u00e4user und Ferienwohnungen in Sussex f\u00fcr Ihren Urlaub.<\/p>\n<p style=\"text-align: center;\"><a href=\"https:\/\/www.urlaubcornwall.de\/ferienhaeuser-fewos\/eng\/sussex\/sussex-am-meer.html\"><strong>Ferienh\u00e4user, Cottages &amp; Ferienwohnungen in West Wittering &amp; West Sussex. <\/strong><\/a><\/p>\n","protected":false},"excerpt":{"rendered":"<p>Ferienhaus in Itchenor mit 3 Schlafzimmern, Schlafgelegenheiten 6 Von diesem Ferienhaus aus k\u00f6nnen Sie das Boots- und Wildtierparadies Chichester Harbour und West Wittering erkunden.Itchenor muss eines der sch\u00f6nsten Hafensiedlungen im Chichester Harbour Gebiet sein. Es ist ein Mekka f\u00fcr Boots- und Segelaktivit\u00e4ten und bietet zahlreiche M\u00f6glichkeiten zum Wandern in diesem Gebiet von au\u00dfergew\u00f6hnlicher nat\u00fcrlicher Sch\u00f6nheit&#8230;&#8230; [&hellip;]<\/p>\n","protected":false},"author":1,"featured_media":0,"parent":0,"menu_order":0,"comment_status":"closed","ping_status":"closed","template":"single-four.php","meta":[],"acf":[],"yoast_head":"<!-- This site is optimized with the Yoast SEO plugin v19.4 - https:\/\/yoast.com\/wordpress\/plugins\/seo\/ -->\n<title>Cottage am Meer nahe West Wittering - Urlaub &amp; Reisen<\/title>\n<meta name=\"robots\" content=\"index, follow, max-snippet:-1, max-image-preview:large, max-video-preview:-1\" \/>\n<link rel=\"canonical\" href=\"https:\/\/www.urlaubcornwall.de\/blog\/cottage-meer-nahe-west-wittering\/\" \/>\n<meta property=\"og:locale\" content=\"en_US\" \/>\n<meta property=\"og:type\" content=\"article\" \/>\n<meta property=\"og:title\" content=\"Cottage am Meer nahe West Wittering - Urlaub &amp; Reisen\" \/>\n<meta property=\"og:description\" content=\"Ferienhaus in Itchenor mit 3 Schlafzimmern, Schlafgelegenheiten 6 Von diesem Ferienhaus aus k\u00f6nnen Sie das Boots- und Wildtierparadies Chichester Harbour und West Wittering erkunden.Itchenor muss eines der sch\u00f6nsten Hafensiedlungen im Chichester Harbour Gebiet sein. Es ist ein Mekka f\u00fcr Boots- und Segelaktivit\u00e4ten und bietet zahlreiche M\u00f6glichkeiten zum Wandern in diesem Gebiet von au\u00dfergew\u00f6hnlicher nat\u00fcrlicher Sch\u00f6nheit&#8230;&#8230; [&hellip;]\" \/>\n<meta property=\"og:url\" content=\"https:\/\/www.urlaubcornwall.de\/blog\/cottage-meer-nahe-west-wittering\/\" \/>\n<meta property=\"og:site_name\" content=\"Urlaub &amp; Reisen\" \/>\n<meta property=\"article:modified_time\" content=\"2021-09-16T13:40:13+00:00\" \/>\n<meta property=\"og:image\" content=\"https:\/\/www.urlaubcornwall.de\/blog\/wp-content\/uploads\/2018\/01\/cottage-am-meer-west-wittering.jpg\" \/>\n<meta name=\"twitter:card\" content=\"summary\" \/>\n<script type=\"application\/ld+json\" class=\"yoast-schema-graph\">{\"@context\":\"https:\/\/schema.org\",\"@graph\":[{\"@type\":\"WebSite\",\"@id\":\"https:\/\/www.urlaubcornwall.de\/blog\/#website\",\"url\":\"https:\/\/www.urlaubcornwall.de\/blog\/\",\"name\":\"Urlaub &amp; Reisen\",\"description\":\"Urlaub, Reisen, Cornwall und S\u00fcdengland: eine perfekte Kombination\",\"potentialAction\":[{\"@type\":\"SearchAction\",\"target\":{\"@type\":\"EntryPoint\",\"urlTemplate\":\"https:\/\/www.urlaubcornwall.de\/blog\/?s={search_term_string}\"},\"query-input\":\"required name=search_term_string\"}],\"inLanguage\":\"en-US\"},{\"@type\":\"WebPage\",\"@id\":\"https:\/\/www.urlaubcornwall.de\/blog\/cottage-meer-nahe-west-wittering\/\",\"url\":\"https:\/\/www.urlaubcornwall.de\/blog\/cottage-meer-nahe-west-wittering\/\",\"name\":\"Cottage am Meer nahe West Wittering - Urlaub &amp; Reisen\",\"isPartOf\":{\"@id\":\"https:\/\/www.urlaubcornwall.de\/blog\/#website\"},\"datePublished\":\"2018-01-22T12:08:38+00:00\",\"dateModified\":\"2021-09-16T13:40:13+00:00\",\"breadcrumb\":{\"@id\":\"https:\/\/www.urlaubcornwall.de\/blog\/cottage-meer-nahe-west-wittering\/#breadcrumb\"},\"inLanguage\":\"en-US\",\"potentialAction\":[{\"@type\":\"ReadAction\",\"target\":[\"https:\/\/www.urlaubcornwall.de\/blog\/cottage-meer-nahe-west-wittering\/\"]}]},{\"@type\":\"BreadcrumbList\",\"@id\":\"https:\/\/www.urlaubcornwall.de\/blog\/cottage-meer-nahe-west-wittering\/#breadcrumb\",\"itemListElement\":[{\"@type\":\"ListItem\",\"position\":1,\"name\":\"Home\",\"item\":\"https:\/\/www.urlaubcornwall.de\/blog\/\"},{\"@type\":\"ListItem\",\"position\":2,\"name\":\"Cottage am Meer nahe West Wittering\"}]}]}<\/script>\n<!-- \/ Yoast SEO plugin. -->","yoast_head_json":{"title":"Cottage am Meer nahe West Wittering - Urlaub &amp; Reisen","robots":{"index":"index","follow":"follow","max-snippet":"max-snippet:-1","max-image-preview":"max-image-preview:large","max-video-preview":"max-video-preview:-1"},"canonical":"https:\/\/www.urlaubcornwall.de\/blog\/cottage-meer-nahe-west-wittering\/","og_locale":"en_US","og_type":"article","og_title":"Cottage am Meer nahe West Wittering - Urlaub &amp; Reisen","og_description":"Ferienhaus in Itchenor mit 3 Schlafzimmern, Schlafgelegenheiten 6 Von diesem Ferienhaus aus k\u00f6nnen Sie das Boots- und Wildtierparadies Chichester Harbour und West Wittering erkunden.Itchenor muss eines der sch\u00f6nsten Hafensiedlungen im Chichester Harbour Gebiet sein. Es ist ein Mekka f\u00fcr Boots- und Segelaktivit\u00e4ten und bietet zahlreiche M\u00f6glichkeiten zum Wandern in diesem Gebiet von au\u00dfergew\u00f6hnlicher nat\u00fcrlicher Sch\u00f6nheit&#8230;&#8230; [&hellip;]","og_url":"https:\/\/www.urlaubcornwall.de\/blog\/cottage-meer-nahe-west-wittering\/","og_site_name":"Urlaub &amp; Reisen","article_modified_time":"2021-09-16T13:40:13+00:00","og_image":[{"url":"https:\/\/www.urlaubcornwall.de\/blog\/wp-content\/uploads\/2018\/01\/cottage-am-meer-west-wittering.jpg"}],"twitter_card":"summary","schema":{"@context":"https:\/\/schema.org","@graph":[{"@type":"WebSite","@id":"https:\/\/www.urlaubcornwall.de\/blog\/#website","url":"https:\/\/www.urlaubcornwall.de\/blog\/","name":"Urlaub &amp; Reisen","description":"Urlaub, Reisen, Cornwall und S\u00fcdengland: eine perfekte Kombination","potentialAction":[{"@type":"SearchAction","target":{"@type":"EntryPoint","urlTemplate":"https:\/\/www.urlaubcornwall.de\/blog\/?s={search_term_string}"},"query-input":"required name=search_term_string"}],"inLanguage":"en-US"},{"@type":"WebPage","@id":"https:\/\/www.urlaubcornwall.de\/blog\/cottage-meer-nahe-west-wittering\/","url":"https:\/\/www.urlaubcornwall.de\/blog\/cottage-meer-nahe-west-wittering\/","name":"Cottage am Meer nahe West Wittering - Urlaub &amp; Reisen","isPartOf":{"@id":"https:\/\/www.urlaubcornwall.de\/blog\/#website"},"datePublished":"2018-01-22T12:08:38+00:00","dateModified":"2021-09-16T13:40:13+00:00","breadcrumb":{"@id":"https:\/\/www.urlaubcornwall.de\/blog\/cottage-meer-nahe-west-wittering\/#breadcrumb"},"inLanguage":"en-US","potentialAction":[{"@type":"ReadAction","target":["https:\/\/www.urlaubcornwall.de\/blog\/cottage-meer-nahe-west-wittering\/"]}]},{"@type":"BreadcrumbList","@id":"https:\/\/www.urlaubcornwall.de\/blog\/cottage-meer-nahe-west-wittering\/#breadcrumb","itemListElement":[{"@type":"ListItem","position":1,"name":"Home","item":"https:\/\/www.urlaubcornwall.de\/blog\/"},{"@type":"ListItem","position":2,"name":"Cottage am Meer nahe West Wittering"}]}]}},"_links":{"self":[{"href":"https:\/\/www.urlaubcornwall.de\/blog\/wp-json\/wp\/v2\/pages\/32018"}],"collection":[{"href":"https:\/\/www.urlaubcornwall.de\/blog\/wp-json\/wp\/v2\/pages"}],"about":[{"href":"https:\/\/www.urlaubcornwall.de\/blog\/wp-json\/wp\/v2\/types\/page"}],"author":[{"embeddable":true,"href":"https:\/\/www.urlaubcornwall.de\/blog\/wp-json\/wp\/v2\/users\/1"}],"replies":[{"embeddable":true,"href":"https:\/\/www.urlaubcornwall.de\/blog\/wp-json\/wp\/v2\/comments?post=32018"}],"version-history":[{"count":5,"href":"https:\/\/www.urlaubcornwall.de\/blog\/wp-json\/wp\/v2\/pages\/32018\/revisions"}],"predecessor-version":[{"id":42784,"href":"https:\/\/www.urlaubcornwall.de\/blog\/wp-json\/wp\/v2\/pages\/32018\/revisions\/42784"}],"wp:attachment":[{"href":"https:\/\/www.urlaubcornwall.de\/blog\/wp-json\/wp\/v2\/media?parent=32018"}],"curies":[{"name":"wp","href":"https:\/\/api.w.org\/{rel}","templated":true}]}}