{"id":31992,"date":"2018-01-21T15:00:36","date_gmt":"2018-01-21T15:00:36","guid":{"rendered":"https:\/\/www.urlaubcornwall.de\/blog\/?page_id=31992"},"modified":"2024-05-30T12:47:52","modified_gmt":"2024-05-30T12:47:52","slug":"sehenswuerdigkeiten-west-sussex-historische-haeuser","status":"publish","type":"page","link":"https:\/\/www.urlaubcornwall.de\/blog\/sehenswuerdigkeiten-west-sussex-historische-haeuser\/","title":{"rendered":"Sehensw\u00fcrdigkeiten in West Sussex &#8211; Historische Herrenh\u00e4user, Schl\u00f6sser und G\u00e4rten"},"content":{"rendered":"<p>West Sussex hat viele wundersch\u00f6ne historische H\u00e4user, Herrenh\u00e4user, Schl\u00f6sser und herrliche G\u00e4rten; hier sind ein paar, die Sie w\u00e4hrend Ihres Urlaubs mit einbeziehen sollten in Ihre <a href=\"https:\/\/www.urlaubcornwall.de\/ferienhaeuser\/suedengland.php\">Tour durch die englische Landschaft<\/a>.<\/p>\n<p><strong><a href=\"https:\/\/www.nationaltrust.org.uk\/petworth-house-and-park\"rel=\"nofollow\">Petworth Haus<\/a><br \/>\n<\/strong><\/p>\n<p><a href=\"https:\/\/www.urlaubcornwall.de\/blog\/wp-content\/uploads\/2024\/03\/Petworth-Park.jpg\"><img loading=\"lazy\" src=\"https:\/\/www.urlaubcornwall.de\/blog\/wp-content\/uploads\/2024\/03\/Petworth-Park.jpg\" alt=\"Petworth Park\" width=\"750\" height=\"429\" class=\"alignnone size-full wp-image-47771\" srcset=\"https:\/\/www.urlaubcornwall.de\/blog\/wp-content\/uploads\/2024\/03\/Petworth-Park.jpg 750w, https:\/\/www.urlaubcornwall.de\/blog\/wp-content\/uploads\/2024\/03\/Petworth-Park-300x172.jpg 300w\" sizes=\"(max-width: 750px) 100vw, 750px\" \/><\/a><\/p>\n<p>Im h\u00fcgeligen South Downs Nationalpark gelegen, ist Petworth House und Park eine herrliche Villa des 17. Jahrhunderts. Petworth hat eine reichhaltige und vielf\u00e4ltige Geschichte und beherbergt eine au\u00dferordentliche Kunst- und Schatzsammlung, einschlie\u00dflich wichtiger Gem\u00e4lde von Van Dyck, Turner, Reynolds und Titian. Die Bedienstetenquartiere und K\u00fcchen vermitteln einen Eindruck vom Leben \u2018unten\u2019. Innerhalb eines 283 Hektar umfassenden Wildparks gelegen, scheint die Landschaft, die Petworth House umgibt, v\u00f6llig nat\u00fcrlich zu sein, jedoch wurde sie vom ber\u00fchmten Lancelot \u2018Capability\u2019 Brown in den 1750ern und fr\u00fchen 1760ern geschaffen. Petworth House und Park befinden sich im Besitz des National Trust und sind das ganze Jahr \u00fcber ge\u00f6ffnet; Hunde m\u00fcssen im Park wegen des Wilds an kurzen Leinen gehalten werden.<\/p>\n<p><a href=\"http:\/\/www.arundelcastle.org\/\"rel=\"nofollow\"><strong>Arundel Castle und G\u00e4rten<\/strong><\/a><\/p>\n<p><img loading=\"lazy\" class=\"aligncenter size-full wp-image-22876\" src=\"https:\/\/www.urlaubcornwall.de\/blog\/wp-content\/uploads\/2016\/01\/amberley-schloss-garten.jpg\" alt=\"amberley schloss garten\" width=\"744\" height=\"335\" srcset=\"https:\/\/www.urlaubcornwall.de\/blog\/wp-content\/uploads\/2016\/01\/amberley-schloss-garten.jpg 744w, https:\/\/www.urlaubcornwall.de\/blog\/wp-content\/uploads\/2016\/01\/amberley-schloss-garten-300x135.jpg 300w\" sizes=\"(max-width: 744px) 100vw, 744px\" \/><\/p>\n<p>Das pr\u00e4chtige Arundel Castle mit seiner nahezu 100 Jahre alten Geschichte ist noch immer das Zuhause der Dukes of Norfolk. Es bietet wundervollen Blick \u00fcber die South Downs und den Fluss Arun, und so sollten sich Schloss und G\u00e4rten auf Ihrer Liste zu besuchender St\u00e4tten w\u00e4hrend Ihres Urlaubs in S\u00fcdengland befinden. Diese Villa verf\u00fcgt \u00fcber eine feine Sammlung seltener Gem\u00e4lde bekannter K\u00fcnstler, einschlie\u00dflich Van Dyck, Gainsborough und Canaletto. Besucher k\u00f6nnen eine vorgebuchte Tour durch das Schloss genie\u00dfen oder unabh\u00e4ngig durch die sorgsam instandgehaltenen R\u00e4umlichkeiten spazieren, von der \u201aArmoury and Barons\u2019 Hall bis hin zur wundersch\u00f6nen Regentschaftsbibliothek. Die G\u00e4rten von Arundel Castle sind herrlich und inspirieren; der \u201aCollector Earl\u2019s\u2018 Garten ist ein erstaunlicher Garten italienischen Designs, und der Rosengarten ist voller herrlich intensiv duftender englischer Rosen, die im Juni und Juli in ihrer h\u00f6chsten Pracht stehen. Dies sind lediglich 2 der G\u00e4rten, die Sie w\u00e4hrend Ihres Besuches hier genie\u00dfen k\u00f6nnen. Arundel Castle und G\u00e4rten sind von April \u2013November ge\u00f6ffnet; Hunde sind nicht gestattet.<\/p>\n<p><a href=\"https:\/\/www.nationaltrust.org.uk\/nymans\"rel=\"nofollow\"><strong>Nymans<\/strong><\/a><\/p>\n<p>Das historische Haus Nymans bei Haywards Heath ist teilweise Ruine und war einst das Zuhause der talentierten Messel Familie. Heute bildet das historische Herrenhaus einen romantischen Hintergrund f\u00fcr einen der besten G\u00e4rten des National Trust. Es gibt hier bei Nymans so vieles zu entdecken, da der Garten das ganze Jahr \u00fcber farbenfroh und f\u00fcr Sammler ungew\u00f6hnlicher Pflanzen von Interesse ist. Umgeben von der herrlichen Landschaft von Sussex, eignet sich Nymans gro\u00dfartig f\u00fcr einen Familienausflugstag. Es ist t\u00e4glich das ganze Jahr \u00fcber ge\u00f6ffnet; angeleinte Hunde sind im Waldgebiet gestattet.<\/p>\n<p><a href=\"https:\/\/www.nationaltrust.org.uk\/standen-house-and-garden\"rel=\"nofollow\"><strong>Standen Haus und Garten<\/strong><\/a><\/p>\n<p>Eingeschmiegt auf dem Lande in Sussex bei East Grinstead, ist Standen House eines der feinsten Beispiele von Kunsthandwerk mit seiner Morris &amp; Co Inneneinrichtung und dekorativer Kunst dieser Zeit. Das Haus sehen Sie so, wie es im Jahre 1925 eingerichtet gewesen w\u00e4re. Es war einst das Zuhause der Familie Beale; der 5 Hektar umfassende Garten, der von Mrs Beale designt wurde, wurde zu seiner Herrlichkeit der 1920er Jahre restauriert und hat zu jeder Jahreszeit etwas zu bieten. Vom Grundst\u00fcck f\u00fchren Fu\u00dfwege in Waldgebiet, den Ashdown Forest und den High Weald, ein Gebiet besonderer Natursch\u00f6nheit. Im Besitz des National Trust, sind Standen Haus und Garten das ganze Jahr \u00fcber ge\u00f6ffnet; angeleinte Hunde sind in den formellen G\u00e4rten und im grundst\u00fcckseigenen Wald gestattet.<\/p>\n<p><a href=\"https:\/\/www.nationaltrust.org.uk\/uppark-house-and-garden\"rel=\"nofollow\"><strong>Uppark Haus und Garten<\/strong><\/a><\/p>\n<p>Hoch oben auf den South Downs nahe dem Dorf South Harting gelegen, bietet Uppark Panoramablick s\u00fcdlich bis zum englischen Kanal. Dieses wundersch\u00f6ne Haus des 18. Jahrhunderts hat eine georgianische Inneneinrichtung, die vom Kontrast zeugt zwischen dem komfortablen Leben \u2018oben\u2019 im Vergleich zu dem der Bediensteten \u2018unten\u2019. Eine Besonderheit von Uppark ist eines der besten Beispiele des Landes eines seltenen Puppenhauses des 18. Jahrhunderts. Die G\u00e4rten von Uppark werden gam\u00e4\u00df ihres Originaldesigns des18. Jahrhunderts restauriert, und es gibt jede Menge Platz zum Entspannen und ein Picknick auf der Wiese zu genie\u00dfen, die sich ans Haus anschlie\u00dft. Nun im Besitz des National Trust, ist der Garten das ganze Jahr \u00fcber ge\u00f6ffnet, und Hunde, die an kurzer Leine gef\u00fchrt werden, sind willkommen. Das Haus ist von M\u00e4rz bis Ende Oktober ge\u00f6ffnet und die Bedienstetenquartiere das ganze Jahr \u00fcber.<\/p>\n<p style=\"text-align: right;\"><em>Images \u00a9 National Trust<\/em><\/p>\n<h2 style=\"text-align: center;\"><strong>Bei uns finden Sie Ferienh\u00e4user zum Verlieben \u2013 so einfach ist das!<\/strong><\/h2>\n<p style=\"text-align: center;\"><a class=\"tidycta\" href=\"https:\/\/www.urlaubcornwall.de\/ferienhaeuser\/sussex.php\">Suche Ferienh\u00e4user Sussex<\/a><\/p>\n<p style=\"text-align: center;\">UrlaubCornwall verf\u00fcgt Ferienh\u00e4user und Ferienwohnungen f\u00fcr Ihren <a href=\"https:\/\/www.urlaubcornwall.de\/reiseziel\/suedengland.php\">Urlaub in Sudengland<\/a>. Unterk\u00fcnfte der Spitzenklasse f\u00fcr 2 Personen, Familien und Gruppen mit 6, 8, 10 oder 12 G\u00e4sten.<\/p>\n<p><img loading=\"lazy\" class=\"aligncenter size-full wp-image-24598\" src=\"https:\/\/www.urlaubcornwall.de\/blog\/wp-content\/uploads\/2016\/06\/urlaub-und-sudengland_logo-final.jpg\" width=\"746\" height=\"361\"\/><\/p>\n","protected":false},"excerpt":{"rendered":"<p>West Sussex hat viele wundersch\u00f6ne historische H\u00e4user, Herrenh\u00e4user, Schl\u00f6sser und herrliche G\u00e4rten; hier sind ein paar, die Sie w\u00e4hrend Ihres Urlaubs mit einbeziehen sollten in Ihre Tour durch die englische Landschaft. Petworth Haus Im h\u00fcgeligen South Downs Nationalpark gelegen, ist Petworth House und Park eine herrliche Villa des 17. Jahrhunderts. Petworth hat eine reichhaltige und [&hellip;]<\/p>\n","protected":false},"author":1,"featured_media":0,"parent":0,"menu_order":0,"comment_status":"closed","ping_status":"closed","template":"single-four.php","meta":[],"acf":[],"yoast_head":"<!-- This site is optimized with the Yoast SEO plugin v19.4 - https:\/\/yoast.com\/wordpress\/plugins\/seo\/ -->\n<title>Sehensw\u00fcrdigkeiten in West Sussex - Historische Herrenh\u00e4user, Schl\u00f6sser und G\u00e4rten - Urlaub &amp; Reisen<\/title>\n<meta name=\"robots\" content=\"index, follow, max-snippet:-1, max-image-preview:large, max-video-preview:-1\" \/>\n<link rel=\"canonical\" href=\"https:\/\/www.urlaubcornwall.de\/blog\/sehenswuerdigkeiten-west-sussex-historische-haeuser\/\" \/>\n<meta property=\"og:locale\" content=\"en_US\" \/>\n<meta property=\"og:type\" content=\"article\" \/>\n<meta property=\"og:title\" content=\"Sehensw\u00fcrdigkeiten in West Sussex - Historische Herrenh\u00e4user, Schl\u00f6sser und G\u00e4rten - Urlaub &amp; Reisen\" \/>\n<meta property=\"og:description\" content=\"West Sussex hat viele wundersch\u00f6ne historische H\u00e4user, Herrenh\u00e4user, Schl\u00f6sser und herrliche G\u00e4rten; hier sind ein paar, die Sie w\u00e4hrend Ihres Urlaubs mit einbeziehen sollten in Ihre Tour durch die englische Landschaft. Petworth Haus Im h\u00fcgeligen South Downs Nationalpark gelegen, ist Petworth House und Park eine herrliche Villa des 17. Jahrhunderts. Petworth hat eine reichhaltige und [&hellip;]\" \/>\n<meta property=\"og:url\" content=\"https:\/\/www.urlaubcornwall.de\/blog\/sehenswuerdigkeiten-west-sussex-historische-haeuser\/\" \/>\n<meta property=\"og:site_name\" content=\"Urlaub &amp; Reisen\" \/>\n<meta property=\"article:modified_time\" content=\"2024-05-30T12:47:52+00:00\" \/>\n<meta property=\"og:image\" content=\"https:\/\/www.urlaubcornwall.de\/blog\/wp-content\/uploads\/2024\/03\/Petworth-Park.jpg\" \/>\n<meta name=\"twitter:card\" content=\"summary\" \/>\n<meta name=\"twitter:label1\" content=\"Est. reading time\" \/>\n\t<meta name=\"twitter:data1\" content=\"4 minutes\" \/>\n<script type=\"application\/ld+json\" class=\"yoast-schema-graph\">{\"@context\":\"https:\/\/schema.org\",\"@graph\":[{\"@type\":\"WebSite\",\"@id\":\"https:\/\/www.urlaubcornwall.de\/blog\/#website\",\"url\":\"https:\/\/www.urlaubcornwall.de\/blog\/\",\"name\":\"Urlaub &amp; Reisen\",\"description\":\"Urlaub, Reisen, Cornwall und S\u00fcdengland: eine perfekte Kombination\",\"potentialAction\":[{\"@type\":\"SearchAction\",\"target\":{\"@type\":\"EntryPoint\",\"urlTemplate\":\"https:\/\/www.urlaubcornwall.de\/blog\/?s={search_term_string}\"},\"query-input\":\"required name=search_term_string\"}],\"inLanguage\":\"en-US\"},{\"@type\":\"WebPage\",\"@id\":\"https:\/\/www.urlaubcornwall.de\/blog\/sehenswuerdigkeiten-west-sussex-historische-haeuser\/\",\"url\":\"https:\/\/www.urlaubcornwall.de\/blog\/sehenswuerdigkeiten-west-sussex-historische-haeuser\/\",\"name\":\"Sehensw\u00fcrdigkeiten in West Sussex - Historische Herrenh\u00e4user, Schl\u00f6sser und G\u00e4rten - Urlaub &amp; Reisen\",\"isPartOf\":{\"@id\":\"https:\/\/www.urlaubcornwall.de\/blog\/#website\"},\"datePublished\":\"2018-01-21T15:00:36+00:00\",\"dateModified\":\"2024-05-30T12:47:52+00:00\",\"breadcrumb\":{\"@id\":\"https:\/\/www.urlaubcornwall.de\/blog\/sehenswuerdigkeiten-west-sussex-historische-haeuser\/#breadcrumb\"},\"inLanguage\":\"en-US\",\"potentialAction\":[{\"@type\":\"ReadAction\",\"target\":[\"https:\/\/www.urlaubcornwall.de\/blog\/sehenswuerdigkeiten-west-sussex-historische-haeuser\/\"]}]},{\"@type\":\"BreadcrumbList\",\"@id\":\"https:\/\/www.urlaubcornwall.de\/blog\/sehenswuerdigkeiten-west-sussex-historische-haeuser\/#breadcrumb\",\"itemListElement\":[{\"@type\":\"ListItem\",\"position\":1,\"name\":\"Home\",\"item\":\"https:\/\/www.urlaubcornwall.de\/blog\/\"},{\"@type\":\"ListItem\",\"position\":2,\"name\":\"Sehensw\u00fcrdigkeiten in West Sussex &#8211; Historische Herrenh\u00e4user, Schl\u00f6sser und G\u00e4rten\"}]}]}<\/script>\n<!-- \/ Yoast SEO plugin. -->","yoast_head_json":{"title":"Sehensw\u00fcrdigkeiten in West Sussex - Historische Herrenh\u00e4user, Schl\u00f6sser und G\u00e4rten - Urlaub &amp; Reisen","robots":{"index":"index","follow":"follow","max-snippet":"max-snippet:-1","max-image-preview":"max-image-preview:large","max-video-preview":"max-video-preview:-1"},"canonical":"https:\/\/www.urlaubcornwall.de\/blog\/sehenswuerdigkeiten-west-sussex-historische-haeuser\/","og_locale":"en_US","og_type":"article","og_title":"Sehensw\u00fcrdigkeiten in West Sussex - Historische Herrenh\u00e4user, Schl\u00f6sser und G\u00e4rten - Urlaub &amp; Reisen","og_description":"West Sussex hat viele wundersch\u00f6ne historische H\u00e4user, Herrenh\u00e4user, Schl\u00f6sser und herrliche G\u00e4rten; hier sind ein paar, die Sie w\u00e4hrend Ihres Urlaubs mit einbeziehen sollten in Ihre Tour durch die englische Landschaft. Petworth Haus Im h\u00fcgeligen South Downs Nationalpark gelegen, ist Petworth House und Park eine herrliche Villa des 17. Jahrhunderts. Petworth hat eine reichhaltige und [&hellip;]","og_url":"https:\/\/www.urlaubcornwall.de\/blog\/sehenswuerdigkeiten-west-sussex-historische-haeuser\/","og_site_name":"Urlaub &amp; Reisen","article_modified_time":"2024-05-30T12:47:52+00:00","og_image":[{"url":"https:\/\/www.urlaubcornwall.de\/blog\/wp-content\/uploads\/2024\/03\/Petworth-Park.jpg"}],"twitter_card":"summary","twitter_misc":{"Est. reading time":"4 minutes"},"schema":{"@context":"https:\/\/schema.org","@graph":[{"@type":"WebSite","@id":"https:\/\/www.urlaubcornwall.de\/blog\/#website","url":"https:\/\/www.urlaubcornwall.de\/blog\/","name":"Urlaub &amp; Reisen","description":"Urlaub, Reisen, Cornwall und S\u00fcdengland: eine perfekte Kombination","potentialAction":[{"@type":"SearchAction","target":{"@type":"EntryPoint","urlTemplate":"https:\/\/www.urlaubcornwall.de\/blog\/?s={search_term_string}"},"query-input":"required name=search_term_string"}],"inLanguage":"en-US"},{"@type":"WebPage","@id":"https:\/\/www.urlaubcornwall.de\/blog\/sehenswuerdigkeiten-west-sussex-historische-haeuser\/","url":"https:\/\/www.urlaubcornwall.de\/blog\/sehenswuerdigkeiten-west-sussex-historische-haeuser\/","name":"Sehensw\u00fcrdigkeiten in West Sussex - Historische Herrenh\u00e4user, Schl\u00f6sser und G\u00e4rten - Urlaub &amp; Reisen","isPartOf":{"@id":"https:\/\/www.urlaubcornwall.de\/blog\/#website"},"datePublished":"2018-01-21T15:00:36+00:00","dateModified":"2024-05-30T12:47:52+00:00","breadcrumb":{"@id":"https:\/\/www.urlaubcornwall.de\/blog\/sehenswuerdigkeiten-west-sussex-historische-haeuser\/#breadcrumb"},"inLanguage":"en-US","potentialAction":[{"@type":"ReadAction","target":["https:\/\/www.urlaubcornwall.de\/blog\/sehenswuerdigkeiten-west-sussex-historische-haeuser\/"]}]},{"@type":"BreadcrumbList","@id":"https:\/\/www.urlaubcornwall.de\/blog\/sehenswuerdigkeiten-west-sussex-historische-haeuser\/#breadcrumb","itemListElement":[{"@type":"ListItem","position":1,"name":"Home","item":"https:\/\/www.urlaubcornwall.de\/blog\/"},{"@type":"ListItem","position":2,"name":"Sehensw\u00fcrdigkeiten in West Sussex &#8211; Historische Herrenh\u00e4user, Schl\u00f6sser und G\u00e4rten"}]}]}},"_links":{"self":[{"href":"https:\/\/www.urlaubcornwall.de\/blog\/wp-json\/wp\/v2\/pages\/31992"}],"collection":[{"href":"https:\/\/www.urlaubcornwall.de\/blog\/wp-json\/wp\/v2\/pages"}],"about":[{"href":"https:\/\/www.urlaubcornwall.de\/blog\/wp-json\/wp\/v2\/types\/page"}],"author":[{"embeddable":true,"href":"https:\/\/www.urlaubcornwall.de\/blog\/wp-json\/wp\/v2\/users\/1"}],"replies":[{"embeddable":true,"href":"https:\/\/www.urlaubcornwall.de\/blog\/wp-json\/wp\/v2\/comments?post=31992"}],"version-history":[{"count":8,"href":"https:\/\/www.urlaubcornwall.de\/blog\/wp-json\/wp\/v2\/pages\/31992\/revisions"}],"predecessor-version":[{"id":51049,"href":"https:\/\/www.urlaubcornwall.de\/blog\/wp-json\/wp\/v2\/pages\/31992\/revisions\/51049"}],"wp:attachment":[{"href":"https:\/\/www.urlaubcornwall.de\/blog\/wp-json\/wp\/v2\/media?parent=31992"}],"curies":[{"name":"wp","href":"https:\/\/api.w.org\/{rel}","templated":true}]}}