{"id":31938,"date":"2018-01-16T15:36:04","date_gmt":"2018-01-16T15:36:04","guid":{"rendered":"https:\/\/www.urlaubcornwall.de\/blog\/?page_id=31938"},"modified":"2021-09-02T12:16:13","modified_gmt":"2021-09-02T12:16:13","slug":"ferienhaus-isle-wight-mit-hund-compton-bucht-meer","status":"publish","type":"page","link":"https:\/\/www.urlaubcornwall.de\/blog\/ferienhaus-isle-wight-mit-hund-compton-bucht-meer\/","title":{"rendered":"Ferienhaus Isle of Wight mit Hund &#8211; Compton Bucht am Meer"},"content":{"rendered":"<p><img loading=\"lazy\" class=\"aligncenter size-full wp-image-31939\" src=\"https:\/\/www.urlaubcornwall.de\/blog\/wp-content\/uploads\/2018\/01\/ferienhaus-mit-hund-isle-of-wight.jpg\" alt=\"ferienhaus mit hund isle of wight\" width=\"760\" height=\"444\" srcset=\"https:\/\/www.urlaubcornwall.de\/blog\/wp-content\/uploads\/2018\/01\/ferienhaus-mit-hund-isle-of-wight.jpg 760w, https:\/\/www.urlaubcornwall.de\/blog\/wp-content\/uploads\/2018\/01\/ferienhaus-mit-hund-isle-of-wight-300x175.jpg 300w\" sizes=\"(max-width: 760px) 100vw, 760px\" \/><\/p>\n<p><strong>3 Schlafzimmer, Schlafplatz f\u00fcr 6 + Kinderbett, hundefreundlich, Ferienhaus mit Meerblick Brook<\/strong><\/p>\n<p>An-\/Abreisetag am Freitag, Preis pro Woche \u00a31650 &#8211; \u00a32950<\/p>\n<p>Flackstead ist ein einzigartiges umweltfreundliches Ferienhaus, das atemberaubende und ununterbrochene K\u00fcsten Blicke \u00fcber Compton Bucht in Richtung zu den Nadeln hat. Flackstead kombiniert das beste des zeitgen\u00f6ssischen Designs mit einem New England-Stil Strandhaus Charakter. Es hat eine extrem effiziente Biomassekessel und Sonnenkollektoren machen dies eine ideale Wahl f\u00fcr unsere umweltfreundliche G\u00e4ste. Eines ist es die besten Eigenschaften ist das nat\u00fcrliche Licht, das in das ganze Haus \u00fcberflutet den ganzen Tag, erstaunliche Sonnenunterg\u00e4nge bewundert werden kann und genossen aus dem sch\u00f6nen Garten und Terrasse.<\/p>\n<p style=\"text-align: center;\"><a class=\"tidycta\" href=\"https:\/\/www.urlaubcornwall.de\/ferienhaeuser-fewos\/eng\/isle-of-wight\/isle-of-wight.html\">Suche Ferienh\u00e4user Isles of Wight<\/a><\/p>\n<div class=\"snippet\"> <a class=\"featured-item\" href=\" https:\/\/www.urlaubcornwall.de\/ferienhaeuser-fewos\/isle-of-wight-hundefreundlich.html\"> <span class=\"image-holder\" style=\"background-image: url('https:\/\/www.urlaubcornwall.de\/blog\/wp-content\/uploads\/2018\/11\/landhaus-cornwall-1.jpg');\"><\/span> <span class=\"featured-content\"> \n<h2 class=\"featured-title\">Ferienh\u00e4user auf der Isle of Wight mit Hund<\/h2>\n<p class=\"featured-body\">UrlaubCornwall empfiehlt Ferienh\u00e4user, die Ihnen die gr\u00f6\u00dfte Auswahl an handverlesenen Unterk\u00fcnften f\u00fcr Selbstverpfleger in dieser wundersch\u00f6nen Region Gro\u00dfbritanniens&#8230;.<\/p>\n<\/span> <span class=\"featured-link-holder\"> <span class=\"featured-extra-info\"> \n<p>Hundefreundliche Ferienh\u00e4user, Ferienwohnungen &#038; Cottages<\/p>\n<\/span> \n<p class=\"featured-link\">DETAILS<\/p>\n<\/span> <\/a><\/div>\n<p>Um UrlaubCornwall.de einzigartige Kollektion nach Ihrem idealen Ferienhaus zu durchsuchen. <a href=\"https:\/\/www.urlaubcornwall.de\/ferienhaeuser-fewos\/eng\/england.html\"><span style=\"text-decoration: underline;\">Klicken Sie hier<\/span> &gt;&gt;<\/a><\/p>\n","protected":false},"excerpt":{"rendered":"<p>3 Schlafzimmer, Schlafplatz f\u00fcr 6 + Kinderbett, hundefreundlich, Ferienhaus mit Meerblick Brook An-\/Abreisetag am Freitag, Preis pro Woche \u00a31650 &#8211; \u00a32950 Flackstead ist ein einzigartiges umweltfreundliches Ferienhaus, das atemberaubende und ununterbrochene K\u00fcsten Blicke \u00fcber Compton Bucht in Richtung zu den Nadeln hat. Flackstead kombiniert das beste des zeitgen\u00f6ssischen Designs mit einem New England-Stil Strandhaus Charakter. [&hellip;]<\/p>\n","protected":false},"author":1,"featured_media":0,"parent":0,"menu_order":0,"comment_status":"closed","ping_status":"closed","template":"single-four.php","meta":[],"acf":[],"yoast_head":"<!-- This site is optimized with the Yoast SEO plugin v19.4 - https:\/\/yoast.com\/wordpress\/plugins\/seo\/ -->\n<title>Ferienhaus Isle of Wight mit Hund - Compton Bucht am Meer - Urlaub &amp; Reisen<\/title>\n<meta name=\"robots\" content=\"index, follow, max-snippet:-1, max-image-preview:large, max-video-preview:-1\" \/>\n<link rel=\"canonical\" href=\"https:\/\/www.urlaubcornwall.de\/blog\/ferienhaus-isle-wight-mit-hund-compton-bucht-meer\/\" \/>\n<meta property=\"og:locale\" content=\"en_US\" \/>\n<meta property=\"og:type\" content=\"article\" \/>\n<meta property=\"og:title\" content=\"Ferienhaus Isle of Wight mit Hund - Compton Bucht am Meer - Urlaub &amp; Reisen\" \/>\n<meta property=\"og:description\" content=\"3 Schlafzimmer, Schlafplatz f\u00fcr 6 + Kinderbett, hundefreundlich, Ferienhaus mit Meerblick Brook An-\/Abreisetag am Freitag, Preis pro Woche \u00a31650 &#8211; \u00a32950 Flackstead ist ein einzigartiges umweltfreundliches Ferienhaus, das atemberaubende und ununterbrochene K\u00fcsten Blicke \u00fcber Compton Bucht in Richtung zu den Nadeln hat. Flackstead kombiniert das beste des zeitgen\u00f6ssischen Designs mit einem New England-Stil Strandhaus Charakter. [&hellip;]\" \/>\n<meta property=\"og:url\" content=\"https:\/\/www.urlaubcornwall.de\/blog\/ferienhaus-isle-wight-mit-hund-compton-bucht-meer\/\" \/>\n<meta property=\"og:site_name\" content=\"Urlaub &amp; Reisen\" \/>\n<meta property=\"article:modified_time\" content=\"2021-09-02T12:16:13+00:00\" \/>\n<meta property=\"og:image\" content=\"https:\/\/www.urlaubcornwall.de\/blog\/wp-content\/uploads\/2018\/01\/ferienhaus-mit-hund-isle-of-wight.jpg\" \/>\n<meta name=\"twitter:card\" content=\"summary\" \/>\n<meta name=\"twitter:label1\" content=\"Est. reading time\" \/>\n\t<meta name=\"twitter:data1\" content=\"1 minute\" \/>\n<script type=\"application\/ld+json\" class=\"yoast-schema-graph\">{\"@context\":\"https:\/\/schema.org\",\"@graph\":[{\"@type\":\"WebSite\",\"@id\":\"https:\/\/www.urlaubcornwall.de\/blog\/#website\",\"url\":\"https:\/\/www.urlaubcornwall.de\/blog\/\",\"name\":\"Urlaub &amp; Reisen\",\"description\":\"Urlaub, Reisen, Cornwall und S\u00fcdengland: eine perfekte Kombination\",\"potentialAction\":[{\"@type\":\"SearchAction\",\"target\":{\"@type\":\"EntryPoint\",\"urlTemplate\":\"https:\/\/www.urlaubcornwall.de\/blog\/?s={search_term_string}\"},\"query-input\":\"required name=search_term_string\"}],\"inLanguage\":\"en-US\"},{\"@type\":\"WebPage\",\"@id\":\"https:\/\/www.urlaubcornwall.de\/blog\/ferienhaus-isle-wight-mit-hund-compton-bucht-meer\/\",\"url\":\"https:\/\/www.urlaubcornwall.de\/blog\/ferienhaus-isle-wight-mit-hund-compton-bucht-meer\/\",\"name\":\"Ferienhaus Isle of Wight mit Hund - Compton Bucht am Meer - Urlaub &amp; Reisen\",\"isPartOf\":{\"@id\":\"https:\/\/www.urlaubcornwall.de\/blog\/#website\"},\"datePublished\":\"2018-01-16T15:36:04+00:00\",\"dateModified\":\"2021-09-02T12:16:13+00:00\",\"breadcrumb\":{\"@id\":\"https:\/\/www.urlaubcornwall.de\/blog\/ferienhaus-isle-wight-mit-hund-compton-bucht-meer\/#breadcrumb\"},\"inLanguage\":\"en-US\",\"potentialAction\":[{\"@type\":\"ReadAction\",\"target\":[\"https:\/\/www.urlaubcornwall.de\/blog\/ferienhaus-isle-wight-mit-hund-compton-bucht-meer\/\"]}]},{\"@type\":\"BreadcrumbList\",\"@id\":\"https:\/\/www.urlaubcornwall.de\/blog\/ferienhaus-isle-wight-mit-hund-compton-bucht-meer\/#breadcrumb\",\"itemListElement\":[{\"@type\":\"ListItem\",\"position\":1,\"name\":\"Home\",\"item\":\"https:\/\/www.urlaubcornwall.de\/blog\/\"},{\"@type\":\"ListItem\",\"position\":2,\"name\":\"Ferienhaus Isle of Wight mit Hund &#8211; Compton Bucht am Meer\"}]}]}<\/script>\n<!-- \/ Yoast SEO plugin. -->","yoast_head_json":{"title":"Ferienhaus Isle of Wight mit Hund - Compton Bucht am Meer - Urlaub &amp; Reisen","robots":{"index":"index","follow":"follow","max-snippet":"max-snippet:-1","max-image-preview":"max-image-preview:large","max-video-preview":"max-video-preview:-1"},"canonical":"https:\/\/www.urlaubcornwall.de\/blog\/ferienhaus-isle-wight-mit-hund-compton-bucht-meer\/","og_locale":"en_US","og_type":"article","og_title":"Ferienhaus Isle of Wight mit Hund - Compton Bucht am Meer - Urlaub &amp; Reisen","og_description":"3 Schlafzimmer, Schlafplatz f\u00fcr 6 + Kinderbett, hundefreundlich, Ferienhaus mit Meerblick Brook An-\/Abreisetag am Freitag, Preis pro Woche \u00a31650 &#8211; \u00a32950 Flackstead ist ein einzigartiges umweltfreundliches Ferienhaus, das atemberaubende und ununterbrochene K\u00fcsten Blicke \u00fcber Compton Bucht in Richtung zu den Nadeln hat. Flackstead kombiniert das beste des zeitgen\u00f6ssischen Designs mit einem New England-Stil Strandhaus Charakter. [&hellip;]","og_url":"https:\/\/www.urlaubcornwall.de\/blog\/ferienhaus-isle-wight-mit-hund-compton-bucht-meer\/","og_site_name":"Urlaub &amp; Reisen","article_modified_time":"2021-09-02T12:16:13+00:00","og_image":[{"url":"https:\/\/www.urlaubcornwall.de\/blog\/wp-content\/uploads\/2018\/01\/ferienhaus-mit-hund-isle-of-wight.jpg"}],"twitter_card":"summary","twitter_misc":{"Est. reading time":"1 minute"},"schema":{"@context":"https:\/\/schema.org","@graph":[{"@type":"WebSite","@id":"https:\/\/www.urlaubcornwall.de\/blog\/#website","url":"https:\/\/www.urlaubcornwall.de\/blog\/","name":"Urlaub &amp; Reisen","description":"Urlaub, Reisen, Cornwall und S\u00fcdengland: eine perfekte Kombination","potentialAction":[{"@type":"SearchAction","target":{"@type":"EntryPoint","urlTemplate":"https:\/\/www.urlaubcornwall.de\/blog\/?s={search_term_string}"},"query-input":"required name=search_term_string"}],"inLanguage":"en-US"},{"@type":"WebPage","@id":"https:\/\/www.urlaubcornwall.de\/blog\/ferienhaus-isle-wight-mit-hund-compton-bucht-meer\/","url":"https:\/\/www.urlaubcornwall.de\/blog\/ferienhaus-isle-wight-mit-hund-compton-bucht-meer\/","name":"Ferienhaus Isle of Wight mit Hund - Compton Bucht am Meer - Urlaub &amp; Reisen","isPartOf":{"@id":"https:\/\/www.urlaubcornwall.de\/blog\/#website"},"datePublished":"2018-01-16T15:36:04+00:00","dateModified":"2021-09-02T12:16:13+00:00","breadcrumb":{"@id":"https:\/\/www.urlaubcornwall.de\/blog\/ferienhaus-isle-wight-mit-hund-compton-bucht-meer\/#breadcrumb"},"inLanguage":"en-US","potentialAction":[{"@type":"ReadAction","target":["https:\/\/www.urlaubcornwall.de\/blog\/ferienhaus-isle-wight-mit-hund-compton-bucht-meer\/"]}]},{"@type":"BreadcrumbList","@id":"https:\/\/www.urlaubcornwall.de\/blog\/ferienhaus-isle-wight-mit-hund-compton-bucht-meer\/#breadcrumb","itemListElement":[{"@type":"ListItem","position":1,"name":"Home","item":"https:\/\/www.urlaubcornwall.de\/blog\/"},{"@type":"ListItem","position":2,"name":"Ferienhaus Isle of Wight mit Hund &#8211; Compton Bucht am Meer"}]}]}},"_links":{"self":[{"href":"https:\/\/www.urlaubcornwall.de\/blog\/wp-json\/wp\/v2\/pages\/31938"}],"collection":[{"href":"https:\/\/www.urlaubcornwall.de\/blog\/wp-json\/wp\/v2\/pages"}],"about":[{"href":"https:\/\/www.urlaubcornwall.de\/blog\/wp-json\/wp\/v2\/types\/page"}],"author":[{"embeddable":true,"href":"https:\/\/www.urlaubcornwall.de\/blog\/wp-json\/wp\/v2\/users\/1"}],"replies":[{"embeddable":true,"href":"https:\/\/www.urlaubcornwall.de\/blog\/wp-json\/wp\/v2\/comments?post=31938"}],"version-history":[{"count":6,"href":"https:\/\/www.urlaubcornwall.de\/blog\/wp-json\/wp\/v2\/pages\/31938\/revisions"}],"predecessor-version":[{"id":42501,"href":"https:\/\/www.urlaubcornwall.de\/blog\/wp-json\/wp\/v2\/pages\/31938\/revisions\/42501"}],"wp:attachment":[{"href":"https:\/\/www.urlaubcornwall.de\/blog\/wp-json\/wp\/v2\/media?parent=31938"}],"curies":[{"name":"wp","href":"https:\/\/api.w.org\/{rel}","templated":true}]}}